
--
-- Table structure for table `marcas`
--

CREATE TABLE `marcas` (
  `idmarca` int(11) NOT NULL AUTO_INCREMENT,
  `marca` varchar(100) NOT NULL,
  `imagen` varchar(100) DEFAULT NULL,
  `habilitado` int(11) NOT NULL DEFAULT 1,
  PRIMARY KEY (`idmarca`)
) ENGINE=InnoDB DEFAULT CHARSET=utf8;

--
-- Dumping data for table `marcas`
--


--
-- Table structure for table `menu`
--

CREATE TABLE `menu` (
  `idmenu` int(11) NOT NULL AUTO_INCREMENT,
  `label` varchar(30) NOT NULL,
  `href` varchar(50) NOT NULL,
  `orden` int(11) NOT NULL,
  `idpadre` int(11) NOT NULL,
  `estilo` varchar(100) DEFAULT NULL,
  PRIMARY KEY (`idmenu`),
  KEY `idmenu` (`idmenu`)
) ENGINE=InnoDB AUTO_INCREMENT=20 DEFAULT CHARSET=utf8;

--
-- Dumping data for table `menu`
--

INSERT INTO `menu` VALUES (1,'Usuarios','alta_usuarios.php',1,1,NULL),(2,'Modulos','alta_menu.php',2,1,NULL),(3,'Perfiles','alta_perfiles.php',3,1,NULL),(4,'Permisos','alta_permiso2.php',4,1,NULL),(5,'Categorias','abm_categorias.php',1,2,NULL),(6,'Auditoria','auditoria.php',6,1,NULL),(7,'Novedades','listar_novedades.php',5,4,'boton_novedades'),(8,'Subcategorias','abm_subcategorias.php',2,2,NULL),(14,'Quienes Somos','quienes_somos.php',2,4,'boton_quienessomos'),(15,'Home','imagenes_home.php',1,4,'boton_home'),(16,'Obras','listar_cursos.php',3,4,'boton_cursos'),(17,'Servicios','listar_servicios.php',4,4,'boton_servicios'),(19,'Inicio PDC','pdc_admin.php',0,4,NULL);

--
-- Table structure for table `menupadre`
--

CREATE TABLE `menupadre` (
  `idpadre` int(11) NOT NULL AUTO_INCREMENT,
  `label` varchar(20) NOT NULL,
  `orden` int(11) NOT NULL,
  UNIQUE KEY `idpadre_3` (`idpadre`),
  KEY `idpadre` (`idpadre`),
  KEY `idpadre_2` (`idpadre`)
) ENGINE=InnoDB AUTO_INCREMENT=5 DEFAULT CHARSET=utf8;

--
-- Dumping data for table `menupadre`
--

INSERT INTO `menupadre` VALUES (1,'Configuración',1),(2,'Datos Maestros',2),(3,'Secciones',3),(4,'Publica',4);

--
-- Table structure for table `menuperfil`
--

CREATE TABLE `menuperfil` (
  `idmenu` int(11) NOT NULL,
  `idperfil` int(11) NOT NULL,
  PRIMARY KEY (`idmenu`,`idperfil`),
  KEY `idperfil` (`idperfil`)
) ENGINE=InnoDB DEFAULT CHARSET=utf8;

--
-- Dumping data for table `menuperfil`
--

INSERT INTO `menuperfil` VALUES (7,3),(14,3),(15,3),(16,3),(17,3);

--
-- Table structure for table `notificacionesmp`
--

CREATE TABLE `notificacionesmp` (
  `id` varchar(50) NOT NULL,
  `payment_info` varchar(255) NOT NULL,
  `merchant_order_info` varchar(255) DEFAULT NULL,
  `fecha` datetime NOT NULL
) ENGINE=InnoDB DEFAULT CHARSET=utf8;

--
-- Dumping data for table `notificacionesmp`
--

INSERT INTO `notificacionesmp` VALUES ('3119623301','Array',NULL,'2017-11-23 16:01:57'),('3119623301','200,Array',NULL,'2017-11-23 16:11:25'),('3119623301','',NULL,'2017-11-23 16:13:34'),('3119623301','200,Array',NULL,'2017-11-23 16:14:55'),('3175087344','200,Array',NULL,'2017-11-23 17:14:15'),('3175272105','200,Array',NULL,'2017-11-23 21:07:14'),('3176880536','200,Array',NULL,'2017-11-24 03:19:12'),('3176880536','200,Array',NULL,'2017-11-24 11:42:08'),('3178008014','200,Array',NULL,'2017-11-24 13:53:58'),('3178485819','200,Array',NULL,'2017-11-24 15:46:56'),('3179566874','200,Array',NULL,'2017-11-24 18:02:29'),('3179418192','200,Array',NULL,'2017-11-24 18:15:35'),('3181314871','200,Array',NULL,'2017-11-25 00:50:59'),('3181382370','200,Array',NULL,'2017-11-25 01:40:01'),('3183279595','200,Array',NULL,'2017-11-25 18:22:18'),('3184423046','200,Array',NULL,'2017-11-26 00:18:36'),('3187757536','200,Array','Array','2017-11-27 14:07:20'),('3187757536','200,Array','Array','2017-11-27 21:02:57'),('3190116707','200,Array','Array','2017-11-27 21:36:49'),('3190534831','200,Array','Array','2017-11-27 23:04:45'),('3191285377','200,Array','Array','2017-11-28 02:45:46'),('3175272105','200,Array','Array','2017-11-28 15:12:30'),('3193256056','200,Array','Array','2017-11-28 18:20:26'),('3193829322','200,Array','Array','2017-11-28 21:16:19'),('3193836257','200,Array','Array','2017-11-28 21:24:52'),('3193847116','200,Array','Array','2017-11-28 21:40:02'),('3194486221','200,Array','Array','2017-11-29 01:06:13'),('3194789891','200,Array','Array','2017-11-29 02:24:37'),('3195558539','200,Array','Array','2017-11-29 12:53:40'),('3196467866','200,Array','Array','2017-11-29 15:33:52'),('3197936727','200,Array','Array','2017-11-29 23:56:10'),('3198203024','200,Array','Array','2017-11-30 00:24:34'),('3198398882','200,Array','Array','2017-11-30 00:53:38'),('3190116707','200,Array','Array','2017-11-30 14:01:44'),('3199706662','200,Array','Array','2017-11-30 15:10:01'),('3200989250','200,Array','Array','2017-11-30 20:45:50'),('3204178966','200,Array','Array','2017-12-01 17:34:49'),('3190534831','200,Array','Array','2017-12-02 14:42:49'),('3212004913','200,Array','Array','2017-12-04 15:43:30'),('3214942471','200,Array','Array','2017-12-05 04:17:08'),('3241210081','200,Array','Array','2017-12-12 16:33:22'),('3243903551','200,Array','Array','2017-12-13 08:31:18'),('3168763365','200,Array','Array','2017-12-14 01:16:12'),('3241210081','200,Array','Array','2017-12-15 13:22:32'),('3168763365','200,Array','Array','2017-12-16 00:39:04'),('3262313851','200,Array','Array','2017-12-18 18:20:09'),('3270037118','200,Array','Array','2017-12-20 14:18:17'),('3262313851','200,Array','Array','2017-12-20 15:06:26'),('3282055195','200,Array','Array','2017-12-23 19:05:36'),('3303427062','200,Array','Array','2017-12-31 16:24:38'),('3306665944','200,Array','Array','2018-01-02 13:51:04'),('3303427062','200,Array','Array','2018-01-03 14:17:25'),('3326192196','200,Array','Array','2018-01-08 14:45:13'),('3326192196','200,Array','Array','2018-01-08 14:48:39'),('3350944488','200,Array','Array','2018-01-15 21:13:14'),('3374258012','200,Array','Array','2018-01-22 17:37:18'),('3374258012','200,Array','Array','2018-01-25 00:39:37'),('3394538556','200,Array','Array','2018-01-29 03:47:06'),('3136960028','200,Array','Array','2018-01-29 15:16:19'),('3374258012','200,Array','Array','2018-01-30 15:31:34'),('3404834936','200,Array','Array','2018-01-31 21:29:10'),('3404834936','200,Array','Array','2018-01-31 22:50:36'),('3411515693','200,Array','Array','2018-02-02 17:09:05'),('3411515693','200,Array','Array','2018-02-02 17:28:03'),('3412733174','200,Array','Array','2018-02-03 02:05:08'),('3136960028','200,Array','Array','2018-02-07 18:26:35'),('3443155407','200,Array','Array','2018-02-13 04:19:55'),('3197936727','200,Array','Array','2018-02-17 11:34:49'),('3459629233','200,Array','Array','2018-02-18 04:49:04'),('3459629233','200,Array','Array','2018-02-19 13:01:24'),('3197936727','200,Array','Array','2018-02-20 15:50:35'),('3491968720','200,Array','Array','2018-02-28 14:40:15'),('3491968720','200,Array','Array','2018-03-01 21:51:36'),('3500400214','200,Array','Array','2018-03-02 23:12:14'),('3500410973','200,Array','Array','2018-03-02 23:26:30'),('3500400214','200,Array','Array','2018-03-06 06:23:20'),('3571702706','200,Array','Array','2018-03-26 18:59:19'),('3575595760','200,Array','Array','2018-03-27 18:36:49'),('3581534770','200,Array','Array','2018-03-29 22:49:01'),('3588001484','200,Array','Array','2018-04-01 22:05:45'),('3588599915','200,Array','Array','2018-04-02 04:34:02'),('3589014722','200,Array','Array','2018-04-02 17:24:13'),('3593557335','200,Array','Array','2018-04-03 18:07:07'),('3593854260','200,Array','Array','2018-04-03 19:23:14'),('3593557335','200,Array','Array','2018-04-03 22:27:11'),('3589014722','200,Array','Array','2018-04-04 12:56:57'),('3588599915','200,Array','Array','2018-04-04 15:30:59'),('3597127877','200,Array','Array','2018-04-04 18:23:49'),('3588001484','200,Array','Array','2018-04-05 21:19:48'),('3602909840','200,Array','Array','2018-04-06 13:20:54'),('3608628244','200,Array','Array','2018-04-08 18:22:06'),('3610668136','200,Array','Array','2018-04-09 11:48:48'),('3611668498','200,Array','Array','2018-04-09 17:11:26'),('3612378618','200,Array','Array','2018-04-09 20:42:19'),('3612856178','200,Array','Array','2018-04-09 22:53:15'),('3612856178','200,Array','Array','2018-04-10 00:04:07'),('3612856178','200,Array','Array','2018-04-10 00:04:14'),('3612856178','200,Array','Array','2018-04-10 00:04:17'),('3612856178','200,Array','Array','2018-04-10 00:04:22'),('3614721635','200,Array','Array','2018-04-10 13:49:53'),('3617828896','200,Array','Array','2018-04-11 11:25:24'),('3619386886','200,Array','Array','2018-04-11 18:19:00'),('3620266115','200,Array','Array','2018-04-11 20:35:07'),('3621131789','200,Array','Array','2018-04-12 08:28:52'),('3621778082','200,Array','Array','2018-04-12 12:46:35'),('3622840711','200,Array','Array','2018-04-12 18:26:55'),('3622840711','200,Array','Array','2018-04-12 18:28:40'),('3623868195','200,Array','Array','2018-04-12 21:52:56'),('3624864212','200,Array','Array','2018-04-13 03:37:19'),('3622840711','200,Array','Array','2018-04-13 14:25:00'),('3624864212','200,Array','Array','2018-04-13 20:46:57'),('3611668498','200,Array','Array','2018-04-13 20:47:02'),('3629124335','200,Array','Array','2018-04-14 18:00:53'),('3629401865','200,Array','Array','2018-04-14 21:47:54'),('3629960458','200,Array','Array','2018-04-14 23:58:41'),('3630984720','200,Array','Array','2018-04-15 11:22:20'),('3619386886','200,Array','Array','2018-04-16 11:46:02'),('3630984720','200,Array','Array','2018-04-16 19:34:39'),('3620266115','200,Array','Array','2018-04-19 17:08:40'),('3663477299','200,Array','Array','2018-04-25 14:39:10'),('3666584087','200,Array','Array','2018-04-26 03:13:32'),('3666584240','200,Array','Array','2018-04-26 03:14:01'),('3666121057','200,Array','Array','2018-04-26 11:17:45'),('3666490031','200,Array','Array','2018-04-26 11:32:57'),('3676393359','200,Array','Array','2018-04-29 18:27:55'),('3678680456','200,Array','Array','2018-04-30 15:35:31'),('3678445318','200,Array','Array','2018-04-30 15:49:44'),('3679004054','200,Array','Array','2018-04-30 18:58:33'),('3683394280','200,Array','Array','2018-05-02 02:17:07'),('3686332713','200,Array','Array','2018-05-02 21:39:43'),('3678445318','200,Array','Array','2018-05-03 20:27:46'),('3690509824','200,Array','Array','2018-05-03 23:12:40'),('3690509824','200,Array','Array','2018-05-04 13:22:34'),('3679004054','200,Array','Array','2018-05-04 21:11:13'),('3699873272','200,Array','Array','2018-05-07 02:01:07'),('3702796773','200,Array','Array','2018-05-07 23:33:02'),('3702796773','200,Array','Array','2018-05-08 13:00:22'),('3710663820','200,Array','Array','2018-05-09 23:42:06'),('3710663820','200,Array','Array','2018-05-10 00:55:43'),('3710663820','200,Array','Array','2018-05-10 17:02:24'),('3713384959','200,Array','Array','2018-05-10 18:53:16'),('3726881972','200,Array','Array','2018-05-15 00:14:47'),('3726881972','200,Array','Array','2018-05-15 15:17:09'),('3733869328','200,Array','Array','2018-05-16 18:13:11'),('3735801138','200,Array','Array','2018-05-17 02:53:50'),('3739814511','200,Array','Array','2018-05-18 02:35:04'),('3739814511','200,Array','Array','2018-05-18 13:29:22'),('3745984598','200,Array','Array','2018-05-20 15:15:17'),('3747457521','200,Array','Array','2018-05-20 20:54:08'),('3759359360','200,Array','Array','2018-05-24 03:22:50'),('3760272027','200,Array','Array','2018-05-24 13:22:04'),('3761615695','200,Array','Array','2018-05-24 20:10:52'),('3773173966','200,Array','Array','2018-05-29 13:45:24'),('3773173966','200,Array','Array','2018-05-29 14:26:29'),('3761615695','200,Array','Array','2018-06-01 13:39:37'),('3805112202','200,Array','Array','2018-06-08 10:15:37'),('3812145751','200,Array','Array','2018-06-10 17:16:12'),('3817005338','200,Array','Array','2018-06-11 22:09:35'),('3818200676','200,Array','Array','2018-06-12 10:30:40'),('3818980159','200,Array','Array','2018-06-12 15:07:59'),('3817005338','200,Array','Array','2018-06-12 15:50:11'),('3820262890','200,Array','Array','2018-06-12 19:30:34'),('3825189861','200,Array','Array','2018-06-14 01:24:05'),('3818200676','200,Array','Array','2018-06-15 13:43:18'),('3832220228','200,Array','Array','2018-06-15 22:46:02'),('3832220228','200,Array','Array','2018-06-15 22:46:40'),('3832220228','200,Array','Array','2018-06-15 22:48:58'),('3832220228','200,Array','Array','2018-06-15 22:49:10'),('3832220228','200,Array','Array','2018-06-15 23:33:34'),('3834260518','200,Array','Array','2018-06-16 18:58:23'),('3835358838','200,Array','Array','2018-06-16 21:43:56'),('3832220228','200,Array','Array','2018-06-18 17:06:09'),('3841059202','200,Array','Array','2018-06-18 20:50:21'),('3840915815','200,Array','Array','2018-06-18 20:58:42'),('3841389929','200,Array','Array','2018-06-19 00:34:10'),('3841059202','200,Array','Array','2018-06-19 13:42:04'),('3840915815','200,Array','Array','2018-06-19 13:42:09'),('3848510119','200,Array','Array','2018-06-20 21:59:38'),('3856484815','200,Array','Array','2018-06-22 23:27:53'),('3870469033','200,Array','Array','2018-06-27 14:22:04'),('3892330079','200,Array','Array','2018-07-03 20:33:56'),('3893969058','200,Array','Array','2018-07-04 02:46:12'),('3571702706','200,Array','Array','2018-07-09 19:51:12'),('3917346128','200,Array','Array','2018-07-10 17:04:07'),('3917346128','200,Array','Array','2018-07-10 17:33:27'),('3919214491','200,Array','Array','2018-07-10 23:19:46'),('3935515629','200,Array','Array','2018-07-15 01:49:51'),('3935517606','200,Array','Array','2018-07-15 01:52:22'),('3935517606','200,Array','Array','2018-07-15 05:24:52'),('3935515629','200,Array','Array','2018-07-15 05:49:54'),('3949064878','200,Array','Array','2018-07-18 20:30:19'),('3935517606','200,Array','Array','2018-07-23 20:23:58'),('3935515629','200,Array','Array','2018-07-23 20:24:01'),('3990996444','200,Array','Array','2018-07-30 20:08:31'),('3993615579','200,Array','Array','2018-07-31 13:26:57'),('3993513723','200,Array','Array','2018-07-31 13:27:21'),('4007008863','200,Array','Array','2018-08-03 13:59:49'),('4015393134','200,Array','Array','2018-08-05 21:22:55'),('3935517606','200,Array','Array','2018-08-06 13:43:18'),('3935515629','200,Array','Array','2018-08-06 13:43:21'),('4017961962','200,Array','Array','2018-08-06 16:04:07'),('4036973716','200,Array','Array','2018-08-10 21:14:24'),('4036774797','200,Array','Array','2018-08-10 21:14:49'),('4194394260','200,Array','Array','2018-09-29 10:22:26'),('4195430861','200,Array','Array','2018-09-29 23:26:13'),('4195921914','200,Array','Array','2018-09-30 17:36:17'),('4196955573','200,Array','Array','2018-09-30 23:11:10'),('4197201763','200,Array','Array','2018-10-01 01:20:13'),('4197058354','200,Array','Array','2018-10-01 03:33:01'),('4194394260','200,Array','Array','2018-10-01 20:15:47'),('4200208285','200,Array','Array','2018-10-02 13:53:41'),('4195921914','200,Array','Array','2018-10-03 15:36:06'),('4204060183','200,Array','Array','2018-10-04 02:27:42'),('4206808488','200,Array','Array','2018-10-05 12:42:14'),('4207187582','200,Array','Array','2018-10-05 14:08:44'),('4207059641','200,Array','Array','2018-10-05 14:37:07'),('4208412747','200,Array','Array','2018-10-06 02:36:59'),('4210715158','200,Array','Array','2018-10-07 17:05:02'),('4218915159','200,Array','Array','2018-10-11 03:22:47'),('4220004182','200,Array','Array','2018-10-11 19:37:35'),('4224695143','200,Array','Array','2018-10-14 05:48:53'),('4229133120','200,Array','Array','2018-10-16 18:46:42'),('4230654253','200,Array','Array','2018-10-17 12:53:23'),('4231040771','200,Array','Array','2018-10-17 15:44:02'),('4231040771','200,Array','Array','2018-10-17 15:44:06'),('4224695143','200,Array','Array','2018-10-18 18:13:44'),('4234449276','200,Array','Array','2018-10-19 08:43:40'),('4235885638','200,Array','Array','2018-10-19 20:32:10'),('4235885638','200,Array','Array','2018-10-22 17:42:20'),('4234449276','200,Array','Array','2018-10-24 14:03:00'),('4247184142','200,Array','Array','2018-10-25 03:43:10'),('4244670152','200,Array','Array','2018-10-27 11:27:35'),('4244670152','200,Array','Array','2018-10-28 04:00:51'),('4244670152','200,Array','Array','2018-10-28 12:46:20'),('4260671419','200,Array','Array','2018-10-31 17:08:29'),('4260671419','200,Array','Array','2018-10-31 19:38:29'),('4264793226','200,Array','Array','2018-11-02 14:51:41'),('4264793226','200,Array','Array','2018-11-02 20:28:23'),('4269268720','200,Array','Array','2018-11-05 02:50:13'),('4269639018','200,Array','Array','2018-11-05 12:16:49'),('4270923894','200,Array','Array','2018-11-05 18:48:12'),('4271312583','200,Array','Array','2018-11-05 22:17:04'),('4272204016','200,Array','Array','2018-11-06 04:39:40'),('4272539297','200,Array','Array','2018-11-06 15:10:49'),('4273733805','200,Array','Array','2018-11-06 19:44:33'),('4270923894','200,Array','Array','2018-11-06 22:08:37'),('4276987086','200,Array','Array','2018-11-08 05:40:39'),('4281321640','200,Array','Array','2018-11-09 22:23:28'),('4282539058','200,Array','Array','2018-11-10 14:05:40'),('4285427118','200,Array','Array','2018-11-12 10:50:05'),('4276987086','200,Array','Array','2018-11-12 13:35:46'),('4281321640','200,Array','Array','2018-11-12 13:35:49'),('4269639018','200,Array','Array','2018-11-12 14:28:11'),('4286514973','200,Array','Array','2018-11-12 17:22:50'),('4288536916','200,Array','Array','2018-11-13 10:41:44'),('4288536916','200,Array','Array','2018-11-13 13:34:51'),('4289714383','200,Array','Array','2018-11-13 20:38:08'),('4285427118','200,Array','Array','2018-11-13 20:46:48'),('4290158673','200,Array','Array','2018-11-13 22:41:21'),('4290163752','200,Array','Array','2018-11-13 22:48:18'),('4290260538','200,Array','Array','2018-11-14 01:01:49'),('4291714772','200,Array','Array','2018-11-14 17:09:44'),('4290163752','200,Array','Array','2018-11-14 19:23:19'),('4292763408','200,Array','Array','2018-11-15 11:22:08'),('4296523926','200,Array','Array','2018-11-16 20:23:54'),('4296523926','200,Array','Array','2018-11-17 15:31:50'),('4299386028','200,Array','Array','2018-11-18 06:28:33'),('4300021959','200,Array','Array','2018-11-18 19:59:31'),('4300645145','200,Array','Array','2018-11-19 06:08:53'),('4301892155','200,Array','Array','2018-11-19 18:31:05'),('4307517298','200,Array','Array','2018-11-22 01:24:16'),('4307517298','200,Array','Array','2018-11-22 13:59:19'),('4312723311','200,Array','Array','2018-11-24 00:35:56'),('4313098050','200,Array','Array','2018-11-24 00:39:54'),('4313575399','200,Array','Array','2018-11-24 03:29:36'),('4300021959','200,Array','Array','2018-11-26 01:12:48'),('4317666649','200,Array','Array','2018-11-26 13:02:41'),('4290260538','200,Array','Array','2018-11-29 13:29:35'),('4327158439','200,Array','Array','2018-11-30 01:15:59'),('4327433352','200,Array','Array','2018-11-30 01:16:20'),('4327164461','200,Array','Array','2018-11-30 01:31:16'),('4300021959','200,Array','Array','2018-12-01 13:36:00'),('4300021959','200,Array','Array','2018-12-01 13:36:06'),('4330996400','200,Array','Array','2018-12-01 21:04:50'),('4333559374','200,Array','Array','2018-12-02 20:39:46'),('4333559374','200,Array','Array','2018-12-03 11:55:12'),('4334950667','200,Array','Array','2018-12-03 16:49:07'),('4336219034','200,Array','Array','2018-12-04 00:14:09'),('4336303465','200,Array','Array','2018-12-04 00:15:22'),('4338833509','200,Array','Array','2018-12-04 22:13:38'),('4339236252','200,Array','Array','2018-12-04 23:18:05'),('4345297200','200,Array','Array','2018-12-06 23:43:45'),('4354627971','200,Array','Array','2018-12-10 21:28:15'),('4354627971','200,Array','Array','2018-12-10 21:28:19'),('4290158673','200,Array','Array','2018-12-13 22:45:26'),('4369654477','200,Array','Array','2018-12-16 16:06:37'),('4392320458','200,Array','Array','2018-12-26 03:04:19'),('4327164461','200,Array','Array','2018-12-30 01:35:36'),('4334950667','200,Array','Array','2019-01-02 16:50:33'),('4422654452','200,Array','Array','2019-01-08 17:31:20'),('4422654901','200,Array','Array','2019-01-08 17:31:54'),('4422515054','200,Array','Array','2019-01-08 17:32:13'),('4440903113','200,Array','Array','2019-01-15 23:02:37'),('4473930614','200,Array','Array','2019-01-30 00:55:10'),('4492315005','200,Array','Array','2019-02-06 01:38:20'),('4494811270','200,Array','Array','2019-02-06 22:33:32'),('4494630134','200,Array','Array','2019-02-06 22:39:10'),('4498009994','200,Array','Array','2019-02-08 04:01:34'),('4507766096','200,Array','Array','2019-02-12 02:03:50'),('4531913048','200,Array','Array','2019-02-20 22:51:03'),('4533232557','200,Array','Array','2019-02-21 14:16:40'),('4564302167','200,Array','Array','2019-03-04 23:11:52'),('4567467958','200,Array','Array','2019-03-06 08:04:07'),('4574747400','200,Array','Array','2019-03-08 20:21:15'),('4583971530','200,Array','Array','2019-03-12 06:20:27'),('4591189761','200,Array','Array','2019-03-14 02:13:41'),('4593475069','200,Array','Array','2019-03-14 22:47:37'),('4600522300','200,Array','Array','2019-03-17 21:04:55'),('4531913048','200,Array','Array','2019-03-22 22:55:03'),('4617028019','200,Array','Array','2019-03-23 17:21:02'),('4674077569','200,Array','Array','2019-04-12 15:48:34'),('4675483634','200,Array','Array','2019-04-13 00:11:32'),('4708834355','200,Array','Array','2019-04-25 13:24:44'),('4713225372','200,Array','Array','2019-04-26 20:26:16'),('4718019527','200,Array','Array','2019-04-28 18:59:18'),('4724441312','200,Array','Array','2019-04-30 19:14:22'),('4724184812','200,Array','Array','2019-04-30 19:16:42'),('4727016152','200,Array','Array','2019-05-01 18:25:57'),('4726530889','200,Array','Array','2019-05-01 20:41:09'),('4727279533','200,Array','Array','2019-05-01 23:12:39'),('4749503560','200,Array','Array','2019-05-08 21:40:03'),('4749177742','200,Array','Array','2019-05-08 21:40:57'),('4750006696','200,Array','Array','2019-05-08 23:05:20'),('4749904408','200,Array','Array','2019-05-08 23:47:08'),('4749904408','200,Array','Array','2019-05-09 14:39:31'),('4751788669','200,Array','Array','2019-05-09 15:16:32'),('4753529324','200,Array','Array','2019-05-09 23:04:02'),('4753582614','200,Array','Array','2019-05-10 00:15:45'),('4756769269','200,Array','Array','2019-05-10 21:16:55'),('4756770027','200,Array','Array','2019-05-10 21:17:44'),('4759439158','200,Array','Array','2019-05-11 18:03:15'),('4761536614','200,Array','Array','2019-05-12 19:07:45'),('4763450706','200,Array','Array','2019-05-13 14:46:52'),('4765465432','200,Array','Array','2019-05-13 21:02:05'),('4782026552','200,Array','Array','2019-05-18 20:31:34'),('4786716196','200,Array','Array','2019-05-20 18:24:49'),('4806155359','200,Array','Array','2019-05-27 12:00:24'),('4808197805','200,Array','Array','2019-05-27 20:32:49'),('4838446351','200,Array','Array','2019-06-06 00:41:52'),('4838082669','200,Array','Array','2019-06-06 01:46:50'),('4870995376','200,Array','Array','2019-06-15 16:31:12'),('4884589955','200,Array','Array','2019-06-20 04:12:01'),('4889998722','200,Array','Array','2019-06-21 22:18:08'),('4889998722','200,Array','Array','2019-06-24 16:30:59'),('4806155359','200,Array','Array','2019-06-26 12:05:07'),('4909175879','200,Array','Array','2019-06-28 00:18:52'),('4953511159','200,Array','Array','2019-07-11 11:12:12'),('4957341516','200,Array','Array','2019-07-12 11:47:55'),('4968100851','200,Array','Array','2019-07-15 17:00:55'),('4957341516','200,Array','Array','2019-07-16 14:03:07'),('4980809270','200,Array','Array','2019-07-18 23:43:03'),('4981261651','200,Array','Array','2019-07-18 23:47:19'),('4884589955','200,Array','Array','2019-07-20 04:15:54'),('4997662712','200,Array','Array','2019-07-24 01:39:08'),('4997663650','200,Array','Array','2019-07-24 01:41:10'),('4909175879','200,Array','Array','2019-07-28 00:20:50'),('5018427288','200,Array','Array','2019-07-30 11:17:10'),('5018427288','200,Array','Array','2019-07-30 17:58:54'),('5018427288','200,Array','Array','2019-07-30 17:59:01'),('5018427288','200,Array','Array','2019-07-30 18:11:35'),('5018427288','200,Array','Array','2019-07-30 18:40:37'),('5070442602','200,Array','Array','2019-08-12 21:20:33'),('5073621665','200,Array','Array','2019-08-13 16:10:42'),('5078115823','200,Array','Array','2019-08-14 18:59:33'),('5097441213','200,Array','Array','2019-08-19 21:50:08'),('5144595387','200,Array','Array','2019-09-01 03:38:16'),('5206050189','200,Array','Array','2019-09-16 19:03:25'),('5206050189','200,Array','Array','2019-09-16 19:20:21'),('5206050189','200,Array','Array','2019-09-16 19:40:32'),('5206050189','200,Array','Array','2019-09-16 20:00:38'),('5206050189','200,Array','Array','2019-09-16 20:20:43'),('5206050189','200,Array','Array','2019-09-16 20:40:22'),('5206050189','200,Array','Array','2019-09-16 21:00:49'),('5206050189','200,Array','Array','2019-09-16 21:20:26'),('5206050189','200,Array','Array','2019-09-16 21:40:16'),('5206050189','200,Array','Array','2019-09-16 22:01:10'),('5206050189','200,Array','Array','2019-09-16 22:21:28'),('5206050189','200,Array','Array','2019-09-17 01:48:25'),('5206050189','200,Array','Array','2019-09-17 01:48:41'),('5206050189','200,Array','Array','2019-09-17 14:56:54'),('5206050189','200,Array','Array','2019-09-17 19:46:54'),('5210606725','200,Array','Array','2019-09-17 19:48:06'),('5210487960','200,Array','Array','2019-09-17 19:48:14'),('5097441213','200,Array','Array','2019-09-18 21:55:04'),('5216696083','200,Array','Array','2019-09-19 00:59:20'),('5228598570','200,Array','Array','2019-09-22 01:23:58'),('5228598570','200,Array','Array','2019-09-24 12:28:06'),('5144595387','200,Array','Array','2019-10-01 03:40:16'),('5279891226','200,Array','Array','2019-10-04 23:14:04'),('5281505207','200,Array','Array','2019-10-05 11:14:57'),('5286707609','200,Array','Array','2019-10-06 19:08:44'),('5294087836','200,Array','Array','2019-10-08 14:34:11'),('5303797486','200,Array','Array','2019-10-10 12:06:17'),('5329424506','200,Array','Array','2019-10-16 15:46:11'),('5329424506','200,Array','Array','2019-10-16 20:32:04'),('5389079878','200,Array','Array','2019-10-30 20:12:39'),('5398750768','200,Array','Array','2019-11-01 21:55:14'),('5404610163','200,Array','Array','2019-11-03 10:04:47'),('5484633835','200,Array','Array','2019-11-19 05:02:33'),('5559936316','200,Array','Array','2019-12-04 11:46:08'),('5589335925','200,Array','Array','2019-12-09 22:16:11'),('5618213649','200,Array','Array','2019-12-15 00:10:49'),('5620528178','200,Array','Array','2019-12-15 17:12:21'),('5620528178','200,Array','Array','2019-12-15 17:12:26'),('5484633835','200,Array','Array','2019-12-19 05:05:31'),('5669676812','200,Array','Array','2019-12-24 14:52:21'),('5791440956','200,Array','Array','2020-01-18 19:22:05'),('5798483727','200,Array','Array','2020-01-20 15:41:10'),('5791440956','200,Array','Array','2020-01-22 19:35:41'),('5791440956','200,Array','Array','2020-01-25 16:04:15'),('5940853759','200,Array','Array','2020-02-16 21:47:10'),('5946415187','200,Array','Array','2020-02-17 22:21:39'),('5946415187','200,Array','Array','2020-02-17 22:22:11'),('5946415187','200,Array','Array','2020-02-18 20:02:57'),('5946415187','200,Array','Array','2020-02-18 20:03:03'),('5990891269','200,Array','Array','2020-02-26 23:52:54'),('5990891269','200,Array','Array','2020-02-28 17:45:22'),('6015903935','200,Array','Array','2020-03-02 15:41:06'),('6015903935','200,Array','Array','2020-03-02 15:41:41'),('6019169816','200,Array','Array','2020-03-03 04:21:05'),('6089241212','200,Array','Array','2020-03-16 13:09:04'),('6089241212','200,Array','Array','2020-03-16 13:09:08'),('6089241212','200,Array','Array','2020-03-17 20:39:51'),('6327108265','200,Array','Array','2020-04-30 03:33:01'),('6327108265','200,Array','Array','2020-04-30 03:33:49'),('6355788325','200,Array','Array','2020-05-02 20:05:08'),('6405973085','200,Array','Array','2020-05-07 04:14:07'),('6405973085','200,Array','Array','2020-05-07 04:14:12'),('6745185889','200,Array','Array','2020-05-20 14:54:41'),('6745185889','200,Array','Array','2020-05-20 14:55:16'),('6823231982','200,Array','Array','2020-05-27 00:38:49'),('6823231982','200,Array','Array','2020-05-27 00:38:54'),('6823231982','200,Array','Array','2020-05-30 13:55:58'),('7010913072','200,Array','Array','2020-06-07 19:01:28'),('7010913072','200,Array','Array','2020-06-20 11:53:54'),('7172156377','200,Array','Array','2020-06-21 02:10:20'),('7010913072','200,Array','Array','2020-06-21 18:00:27'),('7217875293','200,Array','Array','2020-06-25 13:39:40'),('7010913072','200,Array','Array','2020-06-25 14:15:26'),('7010913072','200,Array','Array','2020-06-25 14:15:30'),('7320054747','200,Array','Array','2020-07-03 02:08:49'),('7172156377','200,Array','Array','2020-07-05 01:10:13'),('7217875293','200,Array','Array','2020-07-09 12:37:25'),('7477930472','200,Array','Array','2020-07-12 16:25:11'),('7320054747','200,Array','Array','2020-07-12 20:19:57'),('7320054747','200,Array','Array','2020-07-13 15:06:01'),('7320054747','200,Array','Array','2020-07-13 15:06:01'),('7320054747','200,Array','Array','2020-07-13 15:06:08'),('7320054747','200,Array','Array','2020-07-13 15:06:17'),('7477930472','200,Array','Array','2020-07-19 19:29:34'),('7714105409','200,Array','Array','2020-07-22 23:56:35'),('7477930472','200,Array','Array','2020-07-27 03:44:51'),('7803238026','200,Array','Array','2020-07-28 21:10:46'),('7714105409','200,Array','Array','2020-07-29 20:18:39'),('7714105409','200,Array','Array','2020-07-29 23:37:13'),('7912257798','200,Array','Array','2020-08-05 04:45:43'),('9996499232','200,Array','Array','2020-08-30 06:51:54'),('9996499232','200,Array','Array','2020-09-13 05:50:45'),('10306198982','200,Array','Array','2020-09-22 03:09:53'),('10306198982','200,Array','Array','2020-10-06 02:05:31'),('12251364578','200,Array','Array','2020-11-12 03:13:04'),('22641479070','200,Array','Array','2022-05-26 04:11:36'),('22915953867','200,Array','Array','2022-06-05 11:11:25'),('22641479070','200,Array','Array','2022-06-13 03:10:53'),('23201526309','200,Array','Array','2022-06-15 16:10:27'),('22915953867','200,Array','Array','2022-06-23 10:15:25'),('23201526309','200,Array','Array','2022-07-03 15:10:24'),('23950828999','200,Array','Array','2022-07-12 19:07:30'),('24068873124','200,Array','Array','2022-07-16 19:18:55'),('24068873124','200,Array','Array','2022-08-03 18:20:51'),('52811640263','200,Array','Array','2022-12-21 12:33:17'),('52811640263','200,Array','Array','2022-12-21 12:33:21'),('52811640263','200,Array','Array','2022-12-21 12:33:51'),('52811640263','200,Array','Array','2022-12-21 12:34:27'),('52811640263','200,Array','Array','2022-12-23 21:55:14'),('52811640263','200,Array','Array','2022-12-24 02:40:00'),('52811640263','200,Array','Array','2022-12-24 02:40:07'),('52811640263','200,Array','Array','2022-12-24 02:40:39'),('52811640263','200,Array','Array','2022-12-24 02:42:30'),('53328946372','200,Array','Array','2023-01-05 22:13:06'),('53328934676','200,Array','Array','2023-01-05 22:13:08'),('53328946372','200,Array','Array','2023-01-05 22:14:09'),('53328934676','200,Array','Array','2023-01-05 22:14:19'),('53328946372','200,Array','Array','2023-01-05 22:14:20'),('53328934676','200,Array','Array','2023-01-23 21:10:47'),('53328946372','200,Array','Array','2023-01-23 21:10:48');

--
-- Table structure for table `paises`
--

CREATE TABLE `paises` (
  `id` int(11) NOT NULL,
  `pais` varchar(255) NOT NULL,
  PRIMARY KEY (`id`)
) ENGINE=InnoDB DEFAULT CHARSET=latin1;

--
-- Dumping data for table `paises`
--

INSERT INTO `paises` VALUES (1,'Argentina'),(2,'Afganistán'),(3,'Akrotiri'),(4,'Albania'),(5,'Alemania'),(6,'Andorra'),(7,'Angola'),(8,'Anguila'),(9,'Antártida'),(10,'Antigua y Barbuda'),(11,'Antillas Neerlandesas'),(12,'Arabia Saudí'),(13,'Arctic Ocean'),(14,'Argelia'),(16,'Armenia'),(17,'Aruba'),(18,'Ashmore and Cartier Islands'),(19,'Atlantic Ocean'),(20,'Australia'),(21,'Austria'),(22,'Azerbaiyán'),(23,'Bahamas'),(24,'Bahráin'),(25,'Bangladesh'),(26,'Barbados'),(27,'Bélgica'),(28,'Belice'),(29,'Benín'),(30,'Bermudas'),(31,'Bielorrusia'),(32,'Birmania; Myanmar'),(33,'Bolivia'),(34,'Bosnia y Hercegovina'),(35,'Botsuana'),(36,'Brasil'),(37,'Brunéi'),(38,'Bulgaria'),(39,'Burkina Faso'),(40,'Burundi'),(41,'Bután'),(42,'Cabo Verde'),(43,'Camboya'),(44,'Camerún'),(45,'Canadá'),(46,'Chad'),(47,'Chile'),(48,'China'),(49,'Chipre'),(50,'Clipperton Island'),(51,'Colombia'),(52,'Comoras'),(53,'Congo'),(54,'Coral Sea Islands'),(55,'Corea del Norte'),(56,'Corea del Sur'),(57,'Costa de Marfil'),(58,'Costa Rica'),(59,'Croacia'),(60,'Cuba'),(61,'Dhekelia'),(62,'Dinamarca'),(63,'Dominica'),(64,'Ecuador'),(65,'Egipto'),(66,'El Salvador'),(67,'El Vaticano'),(68,'Emiratos Árabes Unidos'),(69,'Eritrea'),(70,'Eslovaquia'),(71,'Eslovenia'),(72,'España'),(73,'Estados Unidos'),(74,'Estonia'),(75,'Etiopía'),(76,'Filipinas'),(77,'Finlandia'),(78,'Fiyi'),(79,'Francia'),(80,'Gabón'),(81,'Gambia'),(82,'Gaza Strip'),(83,'Georgia'),(84,'Ghana'),(85,'Gibraltar'),(86,'Granada'),(87,'Grecia'),(88,'Groenlandia'),(89,'Guam'),(90,'Guatemala'),(91,'Guernsey'),(92,'Guinea'),(93,'Guinea Ecuatorial'),(94,'Guinea-Bissau'),(95,'Guyana'),(96,'Haití'),(97,'Honduras'),(98,'Hong Kong'),(99,'Hungría'),(100,'India'),(101,'Indian Ocean'),(102,'Indonesia'),(103,'Irán'),(104,'Iraq'),(105,'Irlanda'),(106,'Isla Bouvet'),(107,'Isla Christmas'),(108,'Isla Norfolk'),(109,'Islandia'),(110,'Islas Caimán'),(111,'Islas Cocos'),(112,'Islas Cook'),(113,'Islas Feroe'),(114,'Islas Georgia del Sur y Sandwich del Sur'),(115,'Islas Heard y McDonald'),(116,'Islas Malvinas'),(117,'Islas Marianas del Norte'),(118,'Islas Marshall'),(119,'Islas Pitcairn'),(120,'Islas Salomón'),(121,'Islas Turcas y Caicos'),(122,'Islas Vírgenes Americanas'),(123,'Islas Vírgenes Británicas'),(124,'Israel'),(125,'Italia'),(126,'Jamaica'),(127,'Jan Mayen'),(128,'Japón'),(129,'Jersey'),(130,'Jordania'),(131,'Kazajistán'),(132,'Kenia'),(133,'Kirguizistán'),(134,'Kiribati'),(135,'Kuwait'),(136,'Laos'),(137,'Lesoto'),(138,'Letonia'),(139,'Líbano'),(140,'Liberia'),(141,'Libia'),(142,'Liechtenstein'),(143,'Lituania'),(144,'Luxemburgo'),(145,'Macao'),(146,'Macedonia'),(147,'Madagascar'),(148,'Malasia'),(149,'Malaui'),(150,'Maldivas'),(151,'Malí'),(152,'Malta'),(153,'Man, Isle of'),(154,'Marruecos'),(155,'Mauricio'),(156,'Mauritania'),(157,'Mayotte'),(158,'México'),(159,'Micronesia'),(160,'Moldavia'),(161,'Mónaco'),(162,'Mongolia'),(163,'Montenegro'),(164,'Montserrat'),(165,'Mozambique'),(166,'Mundo'),(167,'Namibia'),(168,'Nauru'),(169,'Navassa Island'),(170,'Nepal'),(171,'Nicaragua'),(172,'Níger'),(173,'Nigeria'),(174,'Niue'),(175,'Noruega'),(176,'Nueva Caledonia'),(177,'Nueva Zelanda'),(178,'Omán'),(179,'Pacific Ocean'),(180,'Países Bajos'),(181,'Pakistán'),(182,'Palaos'),(183,'Panamá'),(184,'Papúa-Nueva Guinea'),(185,'Paracel Islands'),(186,'Paraguay'),(187,'Perú'),(188,'Polinesia Francesa'),(189,'Polonia'),(190,'Portugal'),(191,'Puerto Rico'),(192,'Qatar'),(193,'Reino Unido'),(194,'República Centroafricana'),(195,'República Checa'),(196,'República Democrática del Congo'),(197,'República Dominicana'),(198,'Ruanda'),(199,'Rumania'),(200,'Rusia'),(201,'Sáhara Occidental'),(202,'Samoa'),(203,'Samoa Americana'),(204,'San Cristóbal y Nieves'),(205,'San Marino'),(206,'San Pedro y Miquelón'),(207,'San Vicente y las Granadinas'),(208,'Santa Helena'),(209,'Santa Lucía'),(210,'Santo Tomé y Príncipe'),(211,'Senegal'),(212,'Serbia'),(213,'Seychelles'),(214,'Sierra Leona'),(215,'Singapur'),(216,'Siria'),(217,'Somalia'),(218,'Southern Ocean'),(219,'Spratly Islands'),(220,'Sri Lanka'),(221,'Suazilandia'),(222,'Sudáfrica'),(223,'Sudán'),(224,'Suecia'),(225,'Suiza'),(226,'Surinam'),(227,'Svalbard y Jan Mayen'),(228,'Tailandia'),(229,'Taiwán'),(230,'Tanzania'),(231,'Tayikistán'),(232,'Territorio Británico del Océano Indico'),(233,'Territorios Australes Franceses'),(234,'Timor Oriental'),(235,'Togo'),(236,'Tokelau'),(237,'Tonga'),(238,'Trinidad y Tobago'),(239,'Túnez'),(240,'Turkmenistán'),(241,'Turquía'),(242,'Tuvalu'),(243,'Ucrania'),(244,'Uganda'),(245,'Unión Europea'),(246,'Uruguay'),(247,'Uzbekistán'),(248,'Vanuatu'),(249,'Venezuela'),(250,'Vietnam'),(251,'Wake Island'),(252,'Wallis y Futuna'),(253,'West Bank'),(254,'Yemen'),(255,'Yibuti'),(256,'Zambia'),(257,'Zimbabue');

--
-- Table structure for table `pedidos`
--

CREATE TABLE `pedidos` (
  `idpedido` int(11) NOT NULL,
  `idusuario` int(11) NOT NULL,
  `modoenvio` varchar(20) NOT NULL,
  `costoenvio` float NOT NULL,
  `fechapedido` datetime NOT NULL,
  `costototal` float NOT NULL,
  `estadopago` varchar(50) NOT NULL,
  `estadopedido` varchar(50) NOT NULL,
  `fechamodificacion` datetime NOT NULL,
  `idmercadopago` varchar(50) DEFAULT NULL,
  `responsemp` varchar(255) DEFAULT NULL,
  PRIMARY KEY (`idpedido`)
) ENGINE=InnoDB DEFAULT CHARSET=utf8;

--
-- Dumping data for table `pedidos`
--

INSERT INTO `pedidos` VALUES (1,1,'rapido',0,'2017-06-14 17:04:14',45,'Pendiente','Ingresado','2017-06-14 17:04:14',NULL,NULL),(2,1,'rapido',0,'2017-06-14 17:08:06',45,'Pendiente','Ingresado','2017-06-14 17:08:06',NULL,NULL),(4,1,'basico',10,'2017-06-15 09:27:22',100,'Pendiente','Ingresado','2017-06-15 09:27:22',NULL,NULL),(5,1,'basico',10,'2017-06-15 09:46:14',185,'Pagado','Ingresado','2017-06-15 09:59:30','3969615','approved'),(6,1,'rapido',0,'2017-06-15 10:03:37',45,'Pagado','Ingresado','2017-06-15 10:04:34','3969713','approved'),(7,1,'rapido',0,'2017-06-15 10:38:08',50,'Pagado','Ingresado','2017-06-15 10:38:54','3969832','approved'),(8,2,'basico',10,'2017-06-21 12:53:59',190,'Pendiente','Ingresado','2017-06-21 12:53:59',NULL,NULL),(9,2,'rapido',0,'2017-06-21 13:41:05',50,'Pendiente','Ingresado','2017-06-21 13:41:05',NULL,NULL),(10,2,'basico',10,'2017-06-21 13:43:47',150,'Pendiente','Ingresado','2017-06-21 13:43:47',NULL,NULL),(11,3,'rapido',0,'2017-06-22 15:57:42',50,'Pendiente','Ingresado','2017-06-22 15:57:42',NULL,NULL),(12,2,'rapido',0,'2017-07-20 18:08:43',54,'Pendiente','Ingresado','2017-07-20 18:08:43',NULL,NULL),(13,2,'basico',10,'2017-07-26 14:09:40',54,'Pendiente','Ingresado','2017-07-26 14:09:40',NULL,NULL),(14,2,'basico',10,'2017-07-26 14:11:24',0,'Pendiente','Ingresado','2017-07-26 14:11:24',NULL,NULL),(15,2,'basico',10,'2017-07-26 14:14:11',54,'Pendiente','Ingresado','2017-07-26 14:14:11',NULL,NULL),(16,2,'basico',10,'2017-07-26 16:20:35',108,'Pendiente','Ingresado','2017-07-26 16:20:35',NULL,NULL),(17,4,'basico',10,'2017-07-26 17:09:54',54,'Pendiente','Ingresado','2017-07-26 17:09:54',NULL,NULL),(18,2,'basico',10,'2017-07-28 11:38:46',54,'Pendiente','Ingresado','2017-07-28 11:38:46',NULL,NULL),(19,1,'basico',10,'2017-07-30 23:35:33',54,'Pagado','Ingresado','2017-07-30 23:38:18','4822903','approved'),(20,2,'basico',10,'2017-08-02 15:23:06',54,'Pendiente','Ingresado','2017-08-02 15:23:06',NULL,NULL),(21,5,'basico',10,'2017-08-02 18:15:23',54,'Pendiente','Ingresado','2017-08-02 18:15:23',NULL,NULL),(22,6,'basico',10,'2017-08-04 13:26:16',54,'Pendiente','Ingresado','2017-08-04 13:26:16',NULL,NULL),(23,1,'basico',10,'2017-08-10 23:54:58',54,'Pendiente','Ingresado','2017-08-10 23:54:58',NULL,NULL),(24,1,'rapido',180,'2017-08-22 01:03:18',54.9,'Pendiente','Ingresado','2017-08-22 01:03:18',NULL,NULL),(25,1,'rapido',180,'2017-08-22 01:06:10',54.99,'Pagado','Ingresado','2017-08-22 01:07:38','paypal','approved'),(26,1,'rapido',0,'2017-08-22 01:10:06',54,'Pagado','Ingresado','2017-08-22 01:15:58','6208061','approved'),(27,1,'basico',25,'2017-08-28 23:17:26',54,'Pendiente','Ingresado','2017-08-28 23:17:26',NULL,NULL),(28,1,'rapido',0,'2017-08-28 23:24:03',54,'Pendiente','Ingresado','2017-08-28 23:24:03',NULL,NULL),(29,2,'basico',25,'2017-08-29 16:19:48',54.99,'Pendiente','Ingresado','2017-08-29 16:19:48',NULL,NULL),(30,2,'rapido',180,'2017-08-29 16:42:25',54,'Pendiente','Ingresado','2017-08-29 16:42:25',NULL,NULL),(31,2,'basico',25,'2017-08-30 13:35:13',54.99,'Pendiente','Ingresado','2017-08-30 13:35:13',NULL,NULL),(32,7,'rapido',0,'2017-08-31 10:08:32',54,'Pendiente','Ingresado','2017-08-31 10:08:32',NULL,NULL),(33,0,'0',0,'2017-09-03 18:27:29',54,'Pagado','Ingresado','2017-09-03 18:27:29','6340337','approved'),(34,0,'0',0,'2017-09-04 21:35:05',54,'Pagado','Ingresado','2017-09-04 21:35:05','6340337','approved'),(35,0,'0',0,'2017-10-18 02:05:29',54,'Pagado','Ingresado','2017-10-18 02:05:30','7612538','approved'),(36,0,'0',0,'2017-11-06 16:53:18',10,'Pagado','Ingresado','2017-11-06 16:53:19','3119623301','approved'),(37,0,'0',0,'2017-11-06 16:54:18',10,'Pagado','Ingresado','2017-11-06 16:54:19','3119623301','approved'),(38,0,'0',0,'2017-11-07 00:58:30',10,'Pagado','Ingresado','2017-11-07 00:58:31','paypal','approved'),(39,0,'0',0,'2017-11-07 01:08:27',10,'Pagado','Ingresado','2017-11-07 01:08:27','paypal','approved'),(40,0,'0',0,'2017-11-08 19:42:31',54.9,'Pagado','Ingresado','2017-11-08 19:42:31','3127784993','approved'),(41,0,'0',0,'2017-11-11 19:01:42',54.9,'Pagado','Ingresado','2017-11-11 19:01:43','3137052143','approved'),(42,0,'0',0,'2017-11-11 19:02:43',54.9,'Pagado','Ingresado','2017-11-11 19:02:43','3137052143','approved'),(43,0,'0',0,'2017-11-11 19:03:43',54.9,'Pagado','Ingresado','2017-11-11 19:03:43','3137052143','approved'),(44,0,'0',0,'2017-11-11 19:04:43',54.9,'Pagado','Ingresado','2017-11-11 19:04:43','3137052143','approved'),(45,0,'0',0,'2017-11-11 19:05:45',54.9,'Pagado','Ingresado','2017-11-11 19:05:45','3137052143','approved'),(46,0,'0',0,'2017-11-11 19:06:45',54.9,'Pagado','Ingresado','2017-11-11 19:06:45','3137052143','approved'),(47,0,'0',0,'2017-11-11 19:07:45',54.9,'Pagado','Ingresado','2017-11-11 19:07:45','3137052143','approved'),(48,0,'0',0,'2017-11-11 19:40:21',54.9,'Pagado','Ingresado','2017-11-11 19:40:21','3136960028','approved'),(49,0,'0',0,'2017-11-12 11:39:50',10,'Pagado','Ingresado','2017-11-12 11:39:51','paypal','approved'),(50,0,'0',0,'2017-11-16 18:54:24',164.7,'Pagado','Ingresado','2017-11-16 18:54:24','paypal','approved'),(51,0,'0',0,'2017-11-22 17:58:24',109.8,'Pagado','Ingresado','2017-11-22 17:58:25','3166062192','approved'),(52,0,'0',0,'2017-11-22 18:12:04',219.6,'Pagado','Ingresado','2017-11-22 18:12:05','3168763365','approved'),(152323278,0,'0',0,'2018-04-13 20:57:22',0,'Pagado','Ingresado','2018-04-13 20:57:22','#3611668498','approved'),(1510428761,0,'0',0,'2018-01-29 17:42:29',54.9,'Pagado','Ingresado','2018-01-29 17:42:30','','approved'),(1511359508,0,'0',0,'2017-11-22 18:20:55',164.7,'Pagado','Ingresado','2017-11-22 18:20:55','3169971310','approved'),(1511379303,0,'0',0,'2017-11-23 16:16:55',54.9,'Pagado','Ingresado','2017-11-23 16:16:56','3170984407','approved'),(1511441658,0,'0',0,'2017-11-23 16:17:37',219.6,'Pagado','Ingresado','2017-11-23 16:17:37','3173725770','approved'),(1511455442,0,'0',0,'2017-11-23 20:05:48',109.8,'Pagado','Ingresado','2017-11-23 20:05:48','3175087344','approved'),(1511470629,0,'0',0,'2017-11-28 17:46:30',164.7,'Pagado','Ingresado','2017-11-28 17:46:31','#3175272105','approved'),(1511493145,0,'0',0,'2017-11-26 15:31:02',109.8,'Pagado','Ingresado','2017-11-26 15:31:02','3176880536','approved'),(1511546196,0,'0',0,'2017-11-24 18:02:31',54.9,'Pagado','Ingresado','2017-11-24 18:02:31','3179566874','approved'),(1511547149,0,'0',0,'2017-11-24 19:47:35',164.7,'Pagado','Ingresado','2017-11-24 19:47:37','3179418192','approved'),(1511570120,0,'0',0,'2017-11-25 01:44:32',219.6,'Pagado','Ingresado','2017-11-25 01:44:33','3181382370','approved'),(1511633505,0,'0',0,'2017-11-26 15:38:31',109.8,'Pagado','Ingresado','2017-11-26 15:38:31','3183279595','approved'),(1511654935,0,'0',0,'2017-11-26 16:02:52',219.6,'Pagado','Ingresado','2017-11-26 16:02:52','3184423046','approved'),(1511790966,0,'0',0,'2017-11-28 17:32:24',109.8,'Pagado','Ingresado','2017-11-28 17:32:25','3187757536','approved'),(1511818147,0,'0',0,'2017-11-30 17:10:24',219.6,'Pagado','Ingresado','2017-11-30 17:10:24','#3190116707','approved'),(1511823487,0,'0',0,'2017-12-04 14:24:43',109.8,'Pagado','Ingresado','2017-12-04 14:24:44','#3190534831','approved'),(1511892215,0,'0',0,'2017-11-28 18:21:37',109.8,'Pagado','Ingresado','2017-11-28 18:21:38','3193256056','approved'),(1511903341,0,'0',0,'2017-11-28 21:16:31',164.7,'Pagado','Ingresado','2017-11-28 21:16:31','3193829322','approved'),(1511904717,0,'0',0,'2017-11-29 16:37:45',109.8,'Pagado','Ingresado','2017-11-29 16:37:45','#3193847116','approved'),(1511921643,0,'0',0,'2017-11-29 02:24:44',254.6,'Pagado','Ingresado','2017-11-29 02:24:45','3194789891','approved'),(1511967967,0,'0',0,'2017-11-29 15:35:09',219.6,'Pagado','Ingresado','2017-11-29 15:35:10','3196467866','approved'),(1511999356,0,'0',0,'2017-11-30 17:09:34',274.5,'Pagado','Ingresado','2017-11-30 17:09:34','#3197936727','approved'),(1512002480,0,'0',0,'2017-11-30 00:53:54',54.9,'Pagado','Ingresado','2017-11-30 00:53:55','3198398882','approved'),(1512054329,0,'0',0,'2017-11-30 15:10:08',219.6,'Pagado','Ingresado','2017-11-30 15:10:09','3199706662','approved'),(1512074491,0,'0',0,'2017-11-30 20:59:43',109.8,'Pagado','Ingresado','2017-11-30 20:59:43','#3200989250','approved'),(1512149225,0,'0',0,'2017-12-01 17:35:00',309.5,'Pagado','Ingresado','2017-12-01 17:35:00','3204178966','approved'),(1512401948,0,'0',0,'2017-12-04 15:43:34',164.7,'Pagado','Ingresado','2017-12-04 15:43:35','3212004913','approved'),(1512446867,0,'0',0,'2017-12-05 16:39:42',164.7,'Pagado','Ingresado','2017-12-05 16:39:42','#3214942471 ','approved'),(1513096009,0,'0',0,'2017-12-15 15:01:12',219.6,'Pagado','Ingresado','2017-12-15 15:01:12','3241210081','approved'),(1513621004,0,'0',0,'2018-01-10 19:44:09',109.8,'Pagado','Ingresado','2018-01-10 19:44:09','#3262313851','approved'),(1513778269,0,'0',0,'2017-12-20 14:18:22',54.9,'Pagado','Ingresado','2017-12-20 14:18:22','3270037118','approved'),(1514737176,0,'0',0,'2018-01-03 16:03:25',109.8,'Pagado','Ingresado','2018-01-03 16:03:26','#3303427062 ','approved'),(1515422326,0,'0',0,'2018-01-08 16:08:12',54.9,'Pagado','Ingresado','2018-01-08 16:08:13','#3326192196 ','approved'),(1516050533,0,'0',0,'2018-01-15 21:13:27',54.9,'Pagado','Ingresado','2018-01-15 21:13:28','3350944488','approved'),(1516641261,0,'0',0,'2018-01-22 17:37:24',429.3,'Pagado','Ingresado','2018-01-22 17:37:27','3374258012','approved'),(1517433531,0,'0',0,'2018-02-01 16:06:54',109.8,'Pagado','Ingresado','2018-02-01 16:06:56','','approved'),(1517590683,0,'0',0,'2018-02-05 15:15:16',164.7,'Pagado','Ingresado','2018-02-05 15:15:17','','approved'),(1517623165,0,'0',0,'2018-02-03 02:05:22',54.9,'Pagado','Ingresado','2018-02-03 02:05:24','3412733174','approved'),(1518483934,0,'0',0,'2018-02-13 04:20:27',219.6,'Pagado','Ingresado','2018-02-13 04:20:27','3443155407','approved'),(1518928362,0,'0',0,'2018-02-19 15:10:38',219.6,'Pagado','Ingresado','2018-02-19 15:10:40','3459629233','approved'),(1519828113,0,'0',0,'2018-03-02 16:04:48',109.8,'Pagado','Ingresado','2018-03-02 16:04:48','#3491968720','approved'),(1520030409,0,'0',0,'2018-03-06 15:34:14',54.9,'Pagado','Ingresado','2018-03-06 15:34:15','#35000400214','approved'),(1522173516,0,'0',0,'2018-03-27 19:21:51',154.7,'Pagado','Ingresado','2018-03-27 19:21:51','#3575595760','approved'),(1522362905,0,'0',0,'2018-03-29 22:50:28',54.9,'Pagado','Ingresado','2018-03-29 22:50:29','3581534770','approved'),(1522619166,0,'0',0,'2018-04-06 15:43:43',394.3,'Pagado','Ingresado','2018-04-06 15:43:43','#3588001484','approved'),(1522643155,0,'0',0,'2018-04-04 18:21:17',219.6,'Pagado','Ingresado','2018-04-04 18:21:17','#3588599915','approved'),(1522689381,0,'0',0,'2018-04-04 18:18:28',109.8,'Pagado','Ingresado','2018-04-04 18:18:28','#3589014722','approved'),(1522776625,0,'0',0,'2018-04-04 18:19:39',54.9,'Pagado','Ingresado','2018-04-04 18:19:39','#3593557335','approved'),(1522780395,0,'0',0,'2018-04-03 19:23:33',299.5,'Pagado','Ingresado','2018-04-03 19:23:34','3593854260','approved'),(1522865543,0,'0',0,'2018-04-04 19:25:29',224.6,'Pagado','Ingresado','2018-04-04 19:25:30','#3597127877','approved'),(1523020447,0,'0',0,'2018-04-06 13:20:55',69.9,'Pagado','Ingresado','2018-04-06 13:20:56','3602909840','approved'),(1523210462,0,'0',0,'2018-04-08 18:22:24',354.4,'Pagado','Ingresado','2018-04-08 18:22:24','3608628244','approved'),(1523273967,0,'0',0,'2018-04-09 20:13:02',139.8,'Pagado','Ingresado','2018-04-09 20:13:03','#3610668136','approved'),(1523293278,0,'0',0,'2018-05-10 15:19:31',69.9,'Pagado','Ingresado','2018-05-10 15:19:31','#3611668498','approved'),(1523313824,0,'0',0,'2018-04-10 13:40:55',139.8,'Pagado','Ingresado','2018-04-10 13:40:55','#3612856178','approved'),(1523367532,0,'0',0,'2018-04-10 13:49:57',484.2,'Pagado','Ingresado','2018-04-10 13:49:58','3614721635','approved'),(1523445591,0,'0',0,'2018-04-11 19:39:32',139.8,'Pagado','Ingresado','2018-04-11 19:39:32','#3617828896','approved'),(1523470455,0,'0',0,'2018-04-16 13:51:21',139.8,'Pagado','Ingresado','2018-04-16 13:51:21','#3619386886','approved'),(1523470955,0,'0',0,'2018-04-16 13:51:50',0,'Pagado','Ingresado','2018-04-16 13:51:50','#3619386886','approved'),(1523478163,0,'0',0,'2018-04-19 18:00:28',229.6,'Pagado','Ingresado','2018-04-19 18:00:28','#3620266115','approved'),(1523521422,0,'0',0,'2018-04-12 13:56:35',139.8,'Pagado','Ingresado','2018-04-12 13:56:36','#3621131789','approved'),(1523556842,0,'0',0,'2018-04-13 15:45:33',69.9,'Pagado','Ingresado','2018-04-13 15:45:34','#3622840711','approved'),(1523568656,0,'0',0,'2018-04-13 16:01:11',509.1,'Pagado','Ingresado','2018-04-13 16:01:11','#3623868195','approved'),(1523590403,0,'0',0,'2018-04-13 20:57:49',69.9,'Pagado','Ingresado','2018-04-13 20:57:50','#3624864212','approved'),(1523619166,0,'0',0,'2018-04-06 15:44:37',0,'Pagado','Ingresado','2018-04-06 15:44:37','#3588001484','approved'),(1523727250,0,'0',0,'2018-04-16 13:50:05',349.4,'Pagado','Ingresado','2018-04-16 13:50:05','#3629124335','approved'),(1523741392,0,'0',0,'2018-04-14 21:48:20',194.7,'Pagado','Ingresado','2018-04-14 21:48:20','3629401865','approved'),(1523750098,0,'0',0,'2018-04-14 23:58:42',69.9,'Pagado','Ingresado','2018-04-14 23:58:42','3629960458','approved'),(1523790774,0,'0',0,'2018-04-16 21:17:23',139.8,'Pagado','Ingresado','2018-04-16 21:17:23','#3630984720','approved'),(1524150659,0,'0',0,'2018-04-19 16:39:33',509.1,'Pagado','Ingresado','2018-04-19 16:39:34','paypal','approved'),(1524666843,0,'0',0,'2018-04-25 14:39:15',194.7,'Pagado','Ingresado','2018-04-25 14:39:16','3663477299','approved'),(1524740793,0,'0',0,'2018-04-26 11:33:20',349.4,'Pagado','Ingresado','2018-04-26 11:33:20','3666490031','approved'),(1525024849,0,'0',0,'2018-05-02 21:10:02',229.6,'Pagado','Ingresado','2018-05-02 21:10:04','#3676393359','approved'),(1525101517,0,'0',0,'2018-04-30 15:35:36',104.8,'Pagado','Ingresado','2018-04-30 15:35:36','3678680456','approved'),(1525102531,0,'0',0,'2018-05-03 20:34:39',249.6,'Pagado','Ingresado','2018-05-03 20:34:39','#3678445318','approved'),(1525112998,0,'0',0,'2018-05-07 13:25:15',194.7,'Pagado','Ingresado','2018-05-07 13:25:16','#3679004054','approved'),(1525226513,0,'0',0,'2018-05-02 02:17:10',259.5,'Pagado','Ingresado','2018-05-02 02:17:11','3683394280','approved'),(1525296359,0,'0',0,'2018-05-02 21:39:55',274.5,'Pagado','Ingresado','2018-05-02 21:39:56','3686332713','approved'),(1525388487,0,'0',0,'2018-05-04 14:04:23',194.7,'Pagado','Ingresado','2018-05-04 14:04:24','#3690509824','approved'),(1525657334,0,'0',0,'2018-05-07 02:01:12',194.7,'Pagado','Ingresado','2018-05-07 02:01:13','3699873272','approved'),(1525733883,0,'0',0,'2018-05-08 15:23:24',54.9,'Pagado','Ingresado','2018-05-08 15:23:25','#3702796773','approved'),(1525908293,0,'0',0,'2018-05-09 23:42:11',214.6,'Pagado','Ingresado','2018-05-09 23:42:11','3710663820','approved'),(1525975561,0,'0',0,'2018-05-10 21:31:14',1337.7,'Pagado','Ingresado','2018-05-10 21:31:15','#3713384959','approved'),(1526342871,0,'0',0,'2018-05-16 18:36:36',49.9,'Pagado','Ingresado','2018-05-16 18:36:37','#3726881972','approved'),(1526523068,0,'0',0,'2018-05-17 14:49:39',299.5,'Pagado','Ingresado','2018-05-17 14:49:39','#3735801138','approved'),(1526606747,0,'0',0,'2018-05-18 13:48:57',139.8,'Pagado','Ingresado','2018-05-18 13:48:58','#3702796773','approved'),(1526828135,0,'0',0,'2018-05-20 15:15:07',244.6,'Pagado','Ingresado','2018-05-20 15:15:07','3745984598','approved'),(1526848178,0,'0',0,'2018-05-20 20:54:59',99.8,'Pagado','Ingresado','2018-05-20 20:54:59','3747457521','approved'),(1527131630,0,'0',0,'2018-05-24 20:49:44',100,'Pagado','Ingresado','2018-05-24 20:49:45','#3760272027','approved'),(1527166704,0,'0',0,'2018-05-24 13:23:26',219.6,'Pagado','Ingresado','2018-05-24 13:23:27','3760272027','approved'),(1527191934,0,'0',0,'2018-06-01 16:09:51',613.9,'Pagado','Ingresado','2018-06-01 16:09:51','#3761615695','approved'),(1527600686,0,'0',0,'2018-05-29 19:44:27',259.6,'Pagado','Ingresado','2018-05-29 19:44:27','#3773173966','approved'),(1528452619,0,'0',0,'2018-06-08 10:15:38',69.9,'Pagado','Ingresado','2018-06-08 10:15:38','3805112202','approved'),(1528649863,0,'0',0,'2018-06-10 17:16:20',159.7,'Pagado','Ingresado','2018-06-10 17:16:21','3812145751','approved'),(1528754588,0,'0',0,'2018-06-12 20:08:10',69.9,'Pagado','Ingresado','2018-06-12 20:08:10','#3818980159','approved'),(1528798170,0,'0',0,'2018-06-15 15:24:25',529.3,'Pagado','Ingresado','2018-06-15 15:24:26','#3818200676','approved'),(1528815222,0,'0',0,'2018-06-12 15:08:33',324.5,'Pagado','Ingresado','2018-06-12 15:08:34','3818980159','approved'),(1528830778,0,'0',0,'2018-06-12 19:30:44',108.9,'Pagado','Ingresado','2018-06-12 19:30:45','3820262890','approved'),(1528938455,0,'0',0,'2018-06-14 01:24:32',349.4,'Pagado','Ingresado','2018-06-14 01:24:33','3825189861','approved'),(1529102285,0,'0',0,'2018-06-18 20:18:54',150,'Pagado','Ingresado','2018-06-18 20:18:54','#3832220228','approved'),(1529174081,0,'0',0,'2018-06-16 18:59:32',124.8,'Pagado','Ingresado','2018-06-16 18:59:32','3834260518','approved'),(1529353178,0,'0',0,'2018-06-19 21:29:31',54.9,'Pagado','Ingresado','2018-06-19 21:29:32','#3841059202','approved'),(1529366816,0,'0',0,'2018-06-19 00:34:12',699,'Pagado','Ingresado','2018-06-19 00:34:12','3841389929','approved'),(1529531221,0,'0',0,'2018-06-20 21:59:39',54.9,'Pagado','Ingresado','2018-06-20 21:59:39','3848510119','approved'),(1529689556,0,'0',0,'2018-06-27 14:10:44',54.9,'Pagado','Ingresado','2018-06-27 14:10:45','#3856484815','approved'),(1530107194,0,'0',0,'2018-06-27 14:22:22',683.8,'Pagado','Ingresado','2018-06-27 14:22:23','3870469033','approved'),(1530648978,0,'0',0,'2018-07-03 20:34:05',519.3,'Pagado','Ingresado','2018-07-03 20:34:05','3892330079','approved'),(1530672164,0,'0',0,'2018-07-04 02:46:12',69.9,'Pagado','Ingresado','2018-07-04 02:46:12','3893969058','approved'),(1531241956,0,'0',0,'2018-07-10 18:56:16',204.7,'Pagado','Ingresado','2018-07-10 18:56:16','#3917346128','approved'),(1531618732,0,'0',0,'2018-07-16 13:34:33',624,'Pagado','Ingresado','2018-07-16 13:34:33','#3935515629','approved'),(1531945360,0,'0',0,'2018-07-18 20:30:06',284.6,'Pagado','Ingresado','2018-07-18 20:30:06','3949064878','approved'),(1532129087,0,'0',0,'2018-07-20 23:53:10',624.3,'Pagado','Ingresado','2018-07-20 23:53:11','paypal','approved'),(1532980312,0,'0',0,'2018-07-30 21:28:53',369.4,'Pagado','Ingresado','2018-07-30 21:28:53','3990996444','approved'),(1533042936,0,'0',0,'2018-07-31 13:27:21',274.6,'Pagado','Ingresado','2018-07-31 13:27:22','3993513723','approved'),(1533304272,0,'0',0,'2018-08-03 13:59:55',354.4,'Pagado','Ingresado','2018-08-03 13:59:55','4007008863','approved'),(1533502659,0,'0',0,'2018-08-06 20:14:40',74.9,'Pagado','Ingresado','2018-08-06 20:14:40','#4015393134','approved'),(1533571027,0,'0',0,'2018-08-06 16:04:37',74.9,'Pagado','Ingresado','2018-08-06 16:04:37','4017961962','approved'),(1533935267,0,'0',0,'2018-08-10 21:14:59',69.9,'Pagado','Ingresado','2018-08-10 21:14:59','4036774797','approved'),(1538216032,0,'0',0,'2018-10-02 16:17:44',76.9,'Pagado','Ingresado','2018-10-02 16:17:44','#419439420','approved'),(1538262860,0,'0',0,'2018-09-29 23:26:16',307.6,'Pagado','Ingresado','2018-09-29 23:26:17','4195430861','approved'),(1538328518,0,'0',0,'2018-10-03 16:17:34',153.8,'Pagado','Ingresado','2018-10-03 16:17:34','#4195921914','approved'),(1538348793,0,'0',0,'2018-09-30 23:11:14',76.9,'Pagado','Ingresado','2018-09-30 23:11:14','4196955573','approved'),(1538356460,0,'0',0,'2018-10-01 01:23:04',549.4,'Pagado','Ingresado','2018-10-01 01:23:04','4197201763','approved'),(1538487964,0,'0',0,'2018-10-02 13:53:42',305.6,'Pagado','Ingresado','2018-10-02 13:53:42','4200208285','approved'),(1538619629,0,'0',0,'2018-10-04 02:27:50',146.8,'Pagado','Ingresado','2018-10-04 02:27:50','4204060183','approved'),(1538742864,0,'0',0,'2018-10-05 12:50:25',79.9,'Pagado','Ingresado','2018-10-05 12:50:25','4206808488','approved'),(1538747160,0,'0',0,'2018-10-05 14:37:57',153.8,'Pagado','Ingresado','2018-10-05 14:37:57','#4207187582','approved'),(1538749958,0,'0',0,'2018-10-05 15:46:42',79.9,'Pagado','Ingresado','2018-10-05 15:46:42','#4207059641','approved'),(1538930465,0,'0',0,'2018-10-07 17:05:29',524.3,'Pagado','Ingresado','2018-10-07 17:05:30','4210715158','approved'),(1539286150,0,'0',0,'2018-10-11 19:37:59',79.9,'Pagado','Ingresado','2018-10-11 19:37:59','4220004182','approved'),(1539494704,0,'0',0,'2018-10-18 19:36:38',331.6,'Pagado','Ingresado','2018-10-18 19:36:38','','approved'),(1539573781,0,'0',0,'2018-10-16 14:56:23',76.9,'Pagado','Ingresado','2018-10-16 14:56:23','','approved'),(1539714868,0,'0',0,'2018-10-16 18:47:53',230.7,'Pagado','Ingresado','2018-10-16 18:47:53','4229133120','approved'),(1539777110,0,'0',0,'2018-10-17 12:53:25',149.8,'Pagado','Ingresado','2018-10-17 12:53:25','4230654253','approved'),(1539790758,0,'0',0,'2018-10-17 19:27:55',150,'Pagado','Ingresado','2018-10-17 19:27:55','','approved'),(1539938218,0,'0',0,'2018-10-24 15:55:40',223.7,'Pagado','Ingresado','2018-10-24 15:55:41','','approved'),(1539980858,0,'0',0,'2018-10-22 20:38:14',159.8,'Pagado','Ingresado','2018-10-22 20:38:14','','approved'),(1540431494,0,'0',0,'2018-10-25 01:52:52',153.8,'Pagado','Ingresado','2018-10-25 01:52:53','4246759992','approved'),(1540438552,0,'0',0,'2018-10-25 03:43:24',79.9,'Pagado','Ingresado','2018-10-25 03:43:24','4247184142','approved'),(1541005499,0,'0',0,'2018-10-31 20:31:35',100,'Pagado','Ingresado','2018-10-31 20:31:35','','approved'),(1541169913,0,'0',0,'2018-11-02 21:03:43',159.8,'Pagado','Ingresado','2018-11-02 21:03:43','','approved'),(1541378392,0,'0',0,'2018-11-05 02:51:25',79.9,'Pagado','Ingresado','2018-11-05 02:51:25','4269268720','approved'),(1541419781,0,'0',0,'2018-11-12 20:22:24',319.6,'Pagado','Ingresado','2018-11-12 20:22:25','','approved'),(1541443041,0,'0',0,'2018-11-07 14:39:03',313.6,'Pagado','Ingresado','2018-11-07 14:39:03','','approved'),(1541455889,0,'0',0,'2018-11-05 22:17:13',159.8,'Pagado','Ingresado','2018-11-05 22:17:14','4271312583','approved'),(1541478791,0,'0',0,'2018-11-06 15:02:08',159.8,'Pagado','Ingresado','2018-11-06 15:02:09','','approved'),(1541516632,0,'0',0,'2018-11-06 15:12:47',76.9,'Pagado','Ingresado','2018-11-06 15:12:47','4272539297','approved'),(1541530656,0,'0',0,'2018-11-06 19:44:44',554.3,'Pagado','Ingresado','2018-11-06 19:44:44','4273733805','approved'),(1541652510,0,'0',0,'2018-11-12 20:25:29',994.1,'Pagado','Ingresado','2018-11-12 20:25:30','','approved'),(1541691667,0,'0',0,'2018-11-08 16:16:59',449.4,'Pagado','Ingresado','2018-11-08 16:16:59','paypal','approved'),(1541799589,0,'0',0,'2018-11-12 20:27:33',159.8,'Pagado','Ingresado','2018-11-12 20:27:33','','approved'),(1541858244,0,'0',0,'2018-11-10 14:06:11',180,'Pagado','Ingresado','2018-11-10 14:06:11','4282539058','approved'),(1542019464,0,'0',0,'2018-11-13 23:11:37',159.8,'Pagado','Ingresado','2018-11-13 23:11:37','','approved'),(1542042148,0,'0',0,'2018-11-12 17:23:47',559.3,'Pagado','Ingresado','2018-11-12 17:23:48','4286514973','approved'),(1542079129,0,'0',0,'2018-11-13 13:54:34',476.4,'Pagado','Ingresado','2018-11-13 13:54:34','','approved'),(1542137959,0,'0',0,'2018-11-13 20:38:11',156.8,'Pagado','Ingresado','2018-11-13 20:38:11','4289714383','approved'),(1542148963,0,'0',0,'2018-11-14 20:45:16',239.7,'Pagado','Ingresado','2018-11-14 20:45:16','','approved'),(1542156063,0,'0',0,'2018-11-29 14:29:09',239.7,'Pagado','Ingresado','2018-11-29 14:29:09','','approved'),(1542280539,0,'0',0,'2018-11-15 13:50:31',239.7,'Pagado','Ingresado','2018-11-15 13:50:31','','approved'),(1542399415,0,'0',0,'2018-11-20 15:47:32',79.9,'Pagado','Ingresado','2018-11-20 15:47:32','','approved'),(1542521982,0,'0',0,'2018-11-20 15:46:05',239.7,'Pagado','Ingresado','2018-11-20 15:46:05','','approved'),(1542570446,0,'0',0,'2018-11-18 19:59:49',399.5,'Pagado','Ingresado','2018-11-18 19:59:50','4300021959','approved'),(1542606546,0,'0',0,'2018-11-20 15:43:05',79.9,'Pagado','Ingresado','2018-11-20 15:43:05','','approved'),(1542652024,0,'0',0,'2018-11-19 18:31:36',76.9,'Pagado','Ingresado','2018-11-19 18:31:36','4301892155','approved'),(1542849531,0,'0',0,'2018-11-22 14:27:21',79.9,'Pagado','Ingresado','2018-11-22 14:27:21','','approved'),(1543029402,0,'0',0,'2018-11-24 03:29:37',236.7,'Pagado','Ingresado','2018-11-24 03:29:38','4313575399','approved'),(1543237210,0,'0',0,'2018-11-26 13:02:45',79.9,'Pagado','Ingresado','2018-11-26 13:02:45','4317666649','approved'),(1543540153,0,'0',0,'2018-11-30 01:16:34',79.9,'Pagado','Ingresado','2018-11-30 01:16:35','4327433352','approved'),(1543697756,0,'0',0,'2018-12-01 21:05:05',319.6,'Pagado','Ingresado','2018-12-01 21:05:05','4330996400','approved'),(1543782455,0,'0',0,'2018-12-03 15:16:41',319.6,'Pagado','Ingresado','2018-12-03 15:16:41','','approved'),(1543882158,0,'0',0,'2018-12-04 14:16:49',159.8,'Pagado','Ingresado','2018-12-04 14:16:49','','approved'),(1543961030,0,'0',0,'2018-12-04 22:13:44',79.9,'Pagado','Ingresado','2018-12-04 22:13:44','4338833509','approved'),(1543964357,0,'0',0,'2018-12-04 23:18:20',629.2,'Pagado','Ingresado','2018-12-04 23:18:20','4339236252','approved'),(1544139340,0,'0',0,'2018-12-06 23:43:59',79.9,'Pagado','Ingresado','2018-12-06 23:43:59','4345297200','approved'),(1544476241,0,'0',0,'2018-12-11 13:53:08',316.6,'Pagado','Ingresado','2018-12-11 13:53:08','','approved'),(1544975335,0,'0',0,'2018-12-16 16:06:46',159.8,'Pagado','Ingresado','2018-12-16 16:06:46','4369654477','approved'),(1545791517,0,'0',0,'2018-12-26 18:09:09',234.7,'Pagado','Ingresado','2018-12-26 18:09:09','','approved'),(1546968117,0,'0',0,'2019-01-08 17:32:22',1253.7,'Pagado','Ingresado','2019-01-08 17:32:22','4422515054','approved'),(1547119981,0,'0',0,'2019-01-10 12:01:04',3567,'Pagado','Ingresado','2019-01-10 12:01:04','paypal','approved'),(1548809351,0,'0',0,'2019-01-30 00:55:15',319.6,'Pagado','Ingresado','2019-01-30 00:55:15','4473930614','approved'),(1549416257,0,'0',0,'2019-02-06 01:38:27',389.7,'Pagado','Ingresado','2019-02-06 01:38:28','4492315005','approved'),(1549491589,0,'0',0,'2019-02-06 22:34:07',250,'Pagado','Ingresado','2019-02-06 22:34:08','4494811270','approved'),(1549491745,0,'0',0,'2019-02-06 22:39:12',79.9,'Pagado','Ingresado','2019-02-06 22:39:12','4494630134','approved'),(1549597070,0,'0',0,'2019-02-08 04:01:40',393.5,'Pagado','Ingresado','2019-02-08 04:01:41','4498009994','approved'),(1549933751,0,'0',0,'2019-02-12 02:04:49',324.9,'Pagado','Ingresado','2019-02-12 02:04:50','4507766096','approved'),(1550689028,0,'0',0,'2019-02-20 19:33:20',314.6,'Pagado','Ingresado','2019-02-20 19:33:21','paypal','approved'),(1550754018,0,'0',0,'2019-02-21 14:16:48',254.8,'Pagado','Ingresado','2019-02-21 14:16:48','4533232557','approved'),(1551740735,0,'0',0,'2019-03-04 23:11:53',79.9,'Pagado','Ingresado','2019-03-04 23:11:54','4564302167','approved'),(1551858692,0,'0',0,'2019-03-06 08:04:42',159.8,'Pagado','Ingresado','2019-03-06 08:04:42','4567467958','approved'),(1552075938,0,'0',0,'2019-03-08 20:21:38',180,'Pagado','Ingresado','2019-03-08 20:21:38','4574747400','approved'),(1552371149,0,'0',0,'2019-03-12 06:20:29',79.9,'Pagado','Ingresado','2019-03-12 06:20:29','4583971530','approved'),(1552527592,0,'0',0,'2019-03-14 02:13:54',308.6,'Pagado','Ingresado','2019-03-14 02:13:55','4591189761','approved'),(1552602482,0,'0',0,'2019-03-14 22:47:41',79.9,'Pagado','Ingresado','2019-03-14 22:47:42','4593475069','approved'),(1552853954,0,'0',0,'2019-03-17 21:04:56',156.8,'Pagado','Ingresado','2019-03-17 21:04:56','4600522300','approved'),(1553360857,0,'0',0,'2019-03-23 17:21:04',329.9,'Pagado','Ingresado','2019-03-23 17:21:04','4617028019','approved'),(1555083752,0,'0',0,'2019-04-12 15:48:51',150,'Pagado','Ingresado','2019-04-12 15:48:51','4674077569','approved'),(1555113900,0,'0',0,'2019-04-13 00:11:33',259.7,'Pagado','Ingresado','2019-04-13 00:11:34','4675483634','approved'),(1556195400,0,'0',0,'2019-04-25 13:25:01',239.7,'Pagado','Ingresado','2019-04-25 13:25:01','4708834355','approved'),(1556307325,0,'0',0,'2019-04-26 20:27:10',1018.7,'Pagado','Ingresado','2019-04-26 20:27:10','4713225372','approved'),(1557358709,0,'0',0,'2019-05-10 18:10:58',250,'Pagado','Ingresado','2019-05-10 18:10:59','','approved'),(1557407106,0,'0',0,'2019-05-09 15:16:34',79.9,'Pagado','Ingresado','2019-05-09 15:16:34','4751788669','approved'),(1557444218,0,'0',0,'2019-05-10 00:15:53',699.1,'Pagado','Ingresado','2019-05-10 00:15:53','4753582614','approved'),(1557757414,0,'0',0,'2019-05-13 14:47:06',319.6,'Pagado','Ingresado','2019-05-13 14:47:06','4763450706','approved'),(1558373890,0,'0',0,'2019-05-20 18:25:03',536.7,'Pagado','Ingresado','2019-05-20 18:25:04','4786716196','approved'),(1558985480,0,'0',0,'2019-05-27 20:32:49',159.8,'Pagado','Ingresado','2019-05-27 20:32:50','4808197805','approved'),(1559781257,0,'0',0,'2019-06-06 00:42:15',274.9,'Pagado','Ingresado','2019-06-06 00:42:16','4838446351','approved'),(1559784695,0,'0',0,'2019-06-06 01:46:53',500,'Pagado','Ingresado','2019-06-06 01:46:53','4838082669','approved'),(1560337859,0,'0',0,'2019-06-12 11:45:32',451.7,'Pagado','Ingresado','2019-06-12 11:45:32','paypal','approved'),(1560614307,0,'0',0,'2019-06-15 16:31:25',249.9,'Pagado','Ingresado','2019-06-15 16:31:25','4870995376','approved'),(1561155172,0,'0',0,'2019-06-24 18:34:00',250,'Pagado','Ingresado','2019-06-24 18:34:00','','approved'),(1562811251,0,'0',0,'2019-07-11 15:04:13',224.9,'Pagado','Ingresado','2019-07-11 15:04:14','','approved'),(1562931140,0,'0',0,'2019-07-16 18:54:23',409.8,'Pagado','Ingresado','2019-07-16 18:54:24','','approved'),(1563209782,0,'0',0,'2019-07-15 17:00:58',79.9,'Pagado','Ingresado','2019-07-15 17:00:58','4968100851','approved'),(1563493201,0,'0',0,'2019-07-18 23:43:05',150,'Pagado','Ingresado','2019-07-18 23:43:06','4980809270','approved'),(1563493389,0,'0',0,'2019-07-19 14:35:49',349.6,'Pagado','Ingresado','2019-07-19 14:35:49','','approved'),(1563568656,0,'0',0,'2018-04-13 15:59:57',0,'Pagado','Ingresado','2018-04-13 15:59:57','#3623868195','approved'),(1563930316,0,'0',0,'2019-07-24 01:41:45',504.4,'Pagado','Ingresado','2019-07-24 01:41:45','4997663650','approved'),(1564484853,0,'0',0,'2019-08-01 14:38:51',264.7,'Pagado','Ingresado','2019-08-01 14:38:51','','approved'),(1565643988,0,'0',0,'2019-08-12 21:21:22',74.9,'Pagado','Ingresado','2019-08-12 21:21:22','5070442602','approved'),(1565710268,0,'0',0,'2019-08-13 16:10:44',250,'Pagado','Ingresado','2019-08-13 16:10:44','5073621665','approved'),(1565741440,0,'0',0,'2019-08-14 18:59:42',94.9,'Pagado','Ingresado','2019-08-14 18:59:43','5078115823','approved'),(1568660014,0,'0',0,'2019-09-17 19:48:16',679.5,'Pagado','Ingresado','2019-09-17 19:48:16','5210487960','approved'),(1568854144,0,'0',0,'2019-09-19 00:59:22',76.9,'Pagado','Ingresado','2019-09-19 00:59:24','5216696083','approved'),(1569114596,0,'0',0,'2019-09-25 14:31:57',120,'Pagado','Ingresado','2019-09-25 14:31:58','','approved'),(1570230659,0,'0',0,'2019-10-04 23:14:09',360,'Pagado','Ingresado','2019-10-04 23:14:09','5279891226','approved'),(1570273089,0,'0',0,'2019-10-07 18:30:25',120,'Pagado','Ingresado','2019-10-07 18:30:26','','approved'),(1570388101,0,'0',0,'2019-10-07 18:31:37',200,'Pagado','Ingresado','2019-10-07 18:31:37','','approved'),(1570544794,0,'0',0,'2019-10-08 18:34:48',500,'Pagado','Ingresado','2019-10-08 18:34:48','','approved'),(1570708876,0,'0',0,'2019-10-10 12:06:24',250,'Pagado','Ingresado','2019-10-10 12:06:25','5303797486','approved'),(1571239847,0,'0',0,'2019-10-17 15:13:19',490,'Pagado','Ingresado','2019-10-17 15:13:20','','approved'),(1572466132,0,'0',0,'2019-10-30 20:12:45',250,'Pagado','Ingresado','2019-10-30 20:12:45','5389079878','approved'),(1572645015,0,'0',0,'2019-11-01 21:55:25',120,'Pagado','Ingresado','2019-11-01 21:55:25','5398750768','approved'),(1572774813,0,'0',0,'2019-11-03 10:04:52',120,'Pagado','Ingresado','2019-11-03 10:04:52','5404610163','approved'),(1573599928,0,'0',0,'2019-11-13 15:28:09',0,'Pagado','Ingresado','2019-11-13 15:28:10','','approved'),(1575459017,0,'0',0,'2019-12-04 11:46:21',320,'Pagado','Ingresado','2019-12-04 11:46:21','5559936316','approved'),(1575929430,0,'0',0,'2019-12-09 22:16:21',240,'Pagado','Ingresado','2019-12-09 22:16:21','5589335925','approved'),(1576367336,0,'0',0,'2019-12-16 18:47:32',250,'Pagado','Ingresado','2019-12-16 18:47:32','','approved'),(1576429264,0,'0',0,'2019-12-15 17:12:29',500,'Pagado','Ingresado','2019-12-15 17:12:29','5620528178','approved'),(1577198564,0,'0',0,'2019-12-24 14:52:40',120,'Pagado','Ingresado','2019-12-24 14:52:40','5669676812','approved'),(1579374037,0,'0',0,'2020-01-18 19:22:16',370,'Pagado','Ingresado','2020-01-18 19:22:16','5791440956','approved'),(1579533830,0,'0',0,'2020-01-20 15:41:18',1140,'Pagado','Ingresado','2020-01-20 15:41:18','5798483727','approved'),(1581889238,0,'0',0,'2020-02-16 21:47:14',120,'Pagado','Ingresado','2020-02-16 21:47:14','5940853759','approved'),(1581977229,0,'0',0,'2020-02-17 22:21:41',1040,'Pagado','Ingresado','2020-02-17 22:21:41','5946415187','approved'),(1582760453,0,'0',0,'2020-02-28 20:20:28',320,'Pagado','Ingresado','2020-02-28 20:20:28','','approved'),(1583162695,0,'0',0,'2020-03-02 15:41:09',2180,'Pagado','Ingresado','2020-03-02 15:41:10','6015903935','approved'),(1583208140,0,'0',0,'2020-03-03 04:21:10',250,'Pagado','Ingresado','2020-03-03 04:21:10','6019169816','approved'),(1584363264,0,'0',0,'2020-03-18 14:35:28',800,'Pagado','Ingresado','2020-03-18 14:35:28','','approved'),(1588216871,0,'0',0,'2020-04-30 03:33:01',860,'Pagado','Ingresado','2020-04-30 03:33:01','6327108265','approved'),(1588449682,0,'0',0,'2020-05-02 20:05:06',120,'Pagado','Ingresado','2020-05-02 20:05:06','6355788325','approved'),(1588824470,0,'0',0,'2020-05-07 04:14:11',400,'Pagado','Ingresado','2020-05-07 04:14:11','6405973085','approved'),(1590538443,0,'0',0,'2020-06-01 14:31:34',500,'Pagado','Ingresado','2020-06-01 14:31:34','','approved'),(1591555924,0,'0',0,'2020-06-07 19:01:28',240,'Pagado','Ingresado','2020-06-07 19:01:28','7010913072','approved'),(1592703404,0,'0',0,'2020-06-21 02:10:47',120,'Pagado','Ingresado','2020-06-21 02:10:47','7172156377','approved'),(1593741583,0,'0',0,'2020-07-03 02:09:05',400,'Pagado','Ingresado','2020-07-03 02:09:05','7320054747','approved'),(1594566616,0,'0',0,'2020-07-12 16:25:22',370,'Pagado','Ingresado','2020-07-12 16:25:22','7477930472','approved'),(1595460362,0,'0',0,'2020-07-22 23:56:43',120,'Pagado','Ingresado','2020-07-22 23:56:43','7714105409','approved'),(1595970178,0,'0',0,'2020-07-28 21:10:52',120,'Pagado','Ingresado','2020-07-28 21:10:52','7803238026','approved'),(1596602145,0,'0',0,'2020-08-05 04:45:43',360,'Pagado','Ingresado','2020-08-05 04:45:43','7912257798','approved'),(1598769254,0,'0',0,'2020-08-30 06:52:14',500,'Pagado','Ingresado','2020-08-30 06:52:14','9996499232','approved'),(1600743805,0,'0',0,'2020-09-22 03:09:54',250,'Pagado','Ingresado','2020-09-22 03:09:54','10306198982','approved'),(1605150635,0,'0',0,'2020-11-12 03:13:04',250,'Pagado','Ingresado','2020-11-12 03:13:04','12251364578','approved'),(1653538132,0,'0',0,'2022-05-26 04:11:39',200,'Pagado','Ingresado','2022-05-26 04:11:40','22641479070','approved'),(1654427236,0,'0',0,'2022-06-05 11:11:32',120,'Pagado','Ingresado','2022-06-05 11:11:32','22915953867','approved'),(1655309022,0,'0',0,'2022-06-15 16:10:34',200,'Pagado','Ingresado','2022-06-15 16:10:35','23201526309','approved'),(2147483647,0,'0',0,'2017-11-28 17:36:57',0,'Pendiente','Ingresado','2017-11-28 17:36:57',NULL,NULL);

--
-- Table structure for table `pedidosdetalle`
--

CREATE TABLE `pedidosdetalle` (
  `idpedido` int(11) NOT NULL,
  `idnumero` int(11) NOT NULL,
  `version` varchar(20) NOT NULL,
  `precio` float NOT NULL,
  `cantidad` int(11) NOT NULL
) ENGINE=InnoDB DEFAULT CHARSET=utf8;

--
-- Dumping data for table `pedidosdetalle`
--

INSERT INTO `pedidosdetalle` VALUES (4,9,'Impresa',100,1),(5,6,'Digital',35,1),(5,10,'Impresa',150,1),(6,5,'Digital',45,1),(7,10,'Digital',50,1),(8,6,'Impresa',90,1),(8,9,'Impresa',100,1),(9,10,'Digital',50,1),(10,10,'Impresa',150,1),(11,10,'Digital',50,1),(12,19,'Digital',54,1),(13,14,'Impresa',54,1),(15,12,'Impresa',54,1),(16,12,'Digital',54,1),(16,13,'Impresa',54,1),(17,12,'Impresa',54,1),(17,14,'Digital',0,1),(18,13,'Impresa',54,1),(19,14,'Impresa',54,1),(20,13,'Impresa',54,1),(21,13,'Impresa',54,1),(22,13,'Impresa',54,1),(23,15,'Impresa',54,1),(24,19,'Impresa',54.9,1),(25,15,'Impresa',54.99,1),(26,23,'Digital',54,1),(27,18,'Impresa',54,1),(28,19,'Digital',54,1),(29,15,'Impresa',54.99,1),(30,12,'Impresa',54,1),(31,15,'Impresa',54.99,1),(32,23,'Digital',54,1),(33,12,'Digital',54,1),(34,12,'Digital',54,1),(35,16,'Digital',54,1),(36,30,'Digital',10,1),(37,30,'Digital',10,1),(38,30,'Digital',10,1),(39,30,'Digital',10,1),(40,31,'Impresa',54.9,1),(41,33,'Digital',54.9,1),(42,33,'Digital',54.9,1),(43,33,'Digital',54.9,1),(44,33,'Digital',54.9,1),(45,33,'Digital',54.9,1),(46,33,'Digital',54.9,1),(47,33,'Digital',54.9,1),(48,33,'Digital',54.9,1),(49,30,'Digital',10,1),(50,24,'Digital',54.9,1),(50,25,'Digital',54.9,1),(50,32,'Digital',54.9,1),(51,25,'Digital',54.9,1),(51,32,'Digital',54.9,1),(52,23,'Impresa',54.9,1),(52,26,'Impresa',54.9,1),(52,27,'Impresa',54.9,1),(52,31,'Impresa',54.9,1),(1511359508,24,'Impresa',54.9,1),(1511359508,25,'Impresa',54.9,1),(1511359508,32,'Impresa',54.9,1),(1511379303,34,'Impresa',54.9,1),(1511441658,24,'Impresa',54.9,1),(1511441658,25,'Impresa',54.9,1),(1511441658,32,'Impresa',54.9,1),(1511441658,34,'Impresa',54.9,1),(1511455442,24,'Impresa',54.9,1),(1511455442,25,'Impresa',54.9,1),(1511546196,24,'Digital',54.9,1),(1511547149,25,'Digital',54.9,1),(1511547149,32,'Digital',54.9,1),(1511547149,34,'Digital',54.9,1),(1511570120,24,'Impresa',54.9,1),(1511570120,25,'Impresa',54.9,1),(1511570120,32,'Impresa',54.9,1),(1511570120,34,'Impresa',54.9,1),(1511493145,25,'Impresa',54.9,1),(1511493145,32,'Impresa',54.9,1),(1511633505,32,'Impresa',54.9,1),(1511633505,34,'Impresa',54.9,1),(1511654935,24,'Digital',54.9,1),(1511654935,25,'Digital',54.9,1),(1511654935,32,'Digital',54.9,1),(1511654935,34,'Digital',54.9,1),(1511790966,32,'Impresa',54.9,1),(1511790966,34,'Impresa',54.9,1),(1511470629,24,'Impresa',54.9,1),(1511470629,25,'Impresa',54.9,1),(1511470629,32,'Impresa',54.9,1),(1511892215,23,'Impresa',54.9,1),(1511892215,36,'Impresa',54.9,1),(1511903341,25,'Impresa',54.9,1),(1511903341,32,'Impresa',54.9,1),(1511903341,34,'Impresa',54.9,1),(1511921643,25,'Impresa',54.9,1),(1511921643,32,'Impresa',54.9,1),(1511921643,34,'Impresa',54.9,1),(1511921643,35,'Impresa',89.9,1),(1511967967,24,'Digital',54.9,1),(1511967967,25,'Digital',54.9,1),(1511967967,32,'Digital',54.9,1),(1511967967,34,'Digital',54.9,1),(1511904717,24,'Impresa',54.9,1),(1511904717,34,'Impresa',54.9,1),(1512002480,32,'Digital',54.9,1),(1512054329,24,'Impresa',54.9,1),(1512054329,25,'Impresa',54.9,1),(1512054329,32,'Impresa',54.9,1),(1512054329,34,'Impresa',54.9,1),(1511999356,24,'Digital',54.9,1),(1511999356,25,'Digital',54.9,1),(1511999356,32,'Digital',54.9,1),(1511999356,34,'Digital',54.9,1),(1511999356,38,'Digital',54.9,1),(1511818147,24,'Impresa',54.9,1),(1511818147,25,'Impresa',54.9,1),(1511818147,32,'Impresa',54.9,1),(1511818147,34,'Impresa',54.9,1),(1512074491,32,'Digital',54.9,1),(1512074491,34,'Digital',54.9,1),(1512149225,24,'Impresa',54.9,1),(1512149225,25,'Impresa',54.9,1),(1512149225,32,'Impresa',54.9,1),(1512149225,34,'Impresa',54.9,1),(1512149225,35,'Impresa',89.9,1),(1511823487,23,'Digital',54.9,1),(1511823487,31,'Digital',54.9,1),(1512401948,25,'Digital',54.9,1),(1512401948,32,'Digital',54.9,1),(1512401948,34,'Digital',54.9,1),(1512446867,25,'Digital',54.9,1),(1512446867,32,'Digital',54.9,1),(1512446867,34,'Digital',54.9,1),(1513096009,24,'Digital',54.9,1),(1513096009,25,'Digital',54.9,1),(1513096009,32,'Digital',54.9,1),(1513096009,34,'Digital',54.9,1),(1513778269,31,'Digital',54.9,1),(1514737176,15,'Impresa',54.9,1),(1514737176,45,'Impresa',54.9,1),(1515422326,48,'Impresa',54.9,1),(1513621004,32,'Impresa',54.9,1),(1513621004,34,'Impresa',54.9,1),(1516050533,45,'Digital',54.9,1),(1516641261,26,'Digital',54.9,1),(1516641261,27,'Digital',54.9,1),(1516641261,31,'Digital',54.9,1),(1516641261,37,'Digital',54.9,1),(1516641261,38,'Digital',54.9,1),(1516641261,39,'Digital',54.9,1),(1516641261,50,'Digital',99.9,1),(1510428761,33,'Digital',54.9,1),(1517433531,32,'Impresa',54.9,1),(1517433531,34,'Impresa',54.9,1),(1517623165,32,'Digital',54.9,1),(1517590683,24,'Impresa',54.9,1),(1517590683,25,'Impresa',54.9,1),(1517590683,34,'Impresa',54.9,1),(1518483934,24,'Impresa',54.9,1),(1518483934,25,'Impresa',54.9,1),(1518483934,32,'Impresa',54.9,1),(1518483934,34,'Impresa',54.9,1),(1518928362,24,'Impresa',54.9,1),(1518928362,25,'Impresa',54.9,1),(1518928362,32,'Impresa',54.9,1),(1518928362,34,'Impresa',54.9,1),(1519828113,24,'Impresa',54.9,1),(1519828113,32,'Impresa',54.9,1),(1520030409,46,'Impresa',54.9,1),(1522173516,55,'Digital',54.9,1),(1522173516,58,'Digital',49.9,1),(1522173516,60,'Digital',49.9,1),(1522362905,31,'Impresa',54.9,1),(1522780395,24,'Impresa',54.9,1),(1522780395,55,'Impresa',54.9,1),(1522780395,58,'Impresa',49.9,1),(1522780395,63,'Impresa',69.9,1),(1522780395,64,'Impresa',69.9,1),(1522689381,31,'Impresa',54.9,1),(1522689381,36,'Impresa',54.9,1),(1522776625,43,'Impresa',54.9,1),(1522643155,24,'Impresa',54.9,1),(1522643155,25,'Impresa',54.9,1),(1522643155,32,'Impresa',54.9,1),(1522643155,34,'Impresa',54.9,1),(1522865543,55,'Impresa',54.9,1),(1522865543,58,'Impresa',49.9,1),(1522865543,60,'Impresa',49.9,1),(1522865543,64,'Impresa',69.9,1),(1523020447,63,'Digital',69.9,1),(1522619166,55,'Digital',54.9,1),(1522619166,56,'Digital',49.9,1),(1522619166,57,'Digital',49.9,1),(1522619166,58,'Digital',49.9,1),(1522619166,60,'Digital',49.9,1),(1522619166,63,'Digital',69.9,1),(1522619166,64,'Digital',69.9,1),(1523210462,24,'Digital',54.9,1),(1523210462,34,'Digital',54.9,1),(1523210462,55,'Digital',54.9,1),(1523210462,57,'Digital',49.9,1),(1523210462,63,'Digital',69.9,1),(1523210462,64,'Digital',69.9,1),(1523273967,63,'Impresa',69.9,1),(1523273967,64,'Impresa',69.9,1),(1523313824,63,'Impresa',69.9,1),(1523313824,64,'Impresa',69.9,1),(1523367532,26,'Impresa',54.9,1),(1523367532,27,'Impresa',54.9,1),(1523367532,38,'Impresa',54.9,1),(1523367532,39,'Impresa',54.9,1),(1523367532,48,'Impresa',54.9,1),(1523367532,63,'Impresa',69.9,1),(1523367532,65,'Impresa',69.9,1),(1523367532,66,'Impresa',69.9,1),(1523445591,63,'Impresa',69.9,1),(1523445591,64,'Impresa',69.9,1),(1523521422,63,'Impresa',69.9,1),(1523521422,64,'Impresa',69.9,1),(1523556842,63,'Impresa',69.9,1),(1523568656,24,'Impresa',54.9,1),(1523568656,25,'Impresa',54.9,1),(1523568656,34,'Impresa',54.9,1),(1523568656,55,'Impresa',54.9,1),(1523568656,57,'Impresa',49.9,1),(1523568656,58,'Impresa',49.9,1),(1523568656,60,'Impresa',49.9,1),(1523568656,63,'Impresa',69.9,1),(1523568656,64,'Impresa',69.9,1),(1523590403,64,'Impresa',69.9,1),(1523741392,34,'Impresa',54.9,1),(1523741392,63,'Impresa',69.9,1),(1523741392,64,'Impresa',69.9,1),(1523750098,66,'Digital',69.9,1),(1523727250,34,'Digital',54.9,1),(1523727250,55,'Digital',54.9,1),(1523727250,58,'Digital',49.9,1),(1523727250,60,'Digital',49.9,1),(1523727250,63,'Digital',69.9,1),(1523727250,64,'Digital',69.9,1),(1523470455,63,'Impresa',69.9,1),(1523470455,64,'Impresa',69.9,1),(1523790774,63,'Impresa',69.9,1),(1523790774,64,'Impresa',69.9,1),(1524150659,24,'Digital',54.9,1),(1524150659,32,'Digital',54.9,1),(1524150659,34,'Digital',54.9,1),(1524150659,55,'Digital',54.9,1),(1524150659,56,'Digital',49.9,1),(1524150659,58,'Digital',49.9,1),(1524150659,60,'Digital',49.9,1),(1524150659,63,'Digital',69.9,1),(1524150659,64,'Digital',69.9,1),(1523478163,25,'Impresa',54.9,1),(1523478163,34,'Impresa',54.9,1),(1523478163,60,'Impresa',49.9,1),(1523478163,63,'Impresa',69.9,1),(1524666843,34,'Digital',54.9,1),(1524666843,63,'Digital',69.9,1),(1524666843,64,'Digital',69.9,1),(1524740793,32,'Impresa',54.9,1),(1524740793,55,'Impresa',54.9,1),(1524740793,58,'Impresa',49.9,1),(1524740793,60,'Impresa',49.9,1),(1524740793,63,'Impresa',69.9,1),(1524740793,64,'Impresa',69.9,1),(1525101517,55,'Impresa',54.9,1),(1525101517,57,'Impresa',49.9,1),(1525226513,25,'Impresa',54.9,1),(1525226513,55,'Impresa',54.9,1),(1525226513,57,'Impresa',49.9,1),(1525226513,58,'Impresa',49.9,1),(1525226513,60,'Impresa',49.9,1),(1525024849,34,'Impresa',54.9,1),(1525024849,55,'Impresa',54.9,1),(1525024849,60,'Impresa',49.9,1),(1525024849,66,'Impresa',69.9,1),(1525296359,55,'Digital',54.9,1),(1525296359,57,'Digital',49.9,1),(1525296359,58,'Digital',49.9,1),(1525296359,60,'Digital',49.9,1),(1525296359,63,'Digital',69.9,1),(1525102531,24,'Impresa',54.9,1),(1525102531,34,'Impresa',54.9,1),(1525102531,63,'Impresa',69.9,1),(1525102531,64,'Impresa',69.9,1),(1525388487,32,'Impresa',54.9,1),(1525388487,63,'Impresa',69.9,1),(1525388487,64,'Impresa',69.9,1),(1525657334,55,'Impresa',54.9,1),(1525657334,63,'Impresa',69.9,1),(1525657334,64,'Impresa',69.9,1),(1525112998,34,'Impresa',54.9,1),(1525112998,63,'Impresa',69.9,1),(1525112998,64,'Impresa',69.9,1),(1525733883,30,'Impresa',54.9,1),(1525908293,25,'Digital',54.9,1),(1525908293,34,'Digital',54.9,1),(1525908293,55,'Digital',54.9,1),(1525908293,58,'Digital',49.9,1),(1523293278,63,'Impresa',69.9,1),(1525975561,24,'Impresa',54.9,1),(1525975561,25,'Impresa',54.9,1),(1525975561,26,'Impresa',54.9,1),(1525975561,27,'Impresa',54.9,1),(1525975561,32,'Impresa',54.9,1),(1525975561,34,'Impresa',54.9,1),(1525975561,37,'Impresa',54.9,1),(1525975561,38,'Impresa',54.9,1),(1525975561,39,'Impresa',54.9,1),(1525975561,48,'Impresa',54.9,1),(1525975561,52,'Impresa',54.9,1),(1525975561,54,'Impresa',54.9,1),(1525975561,55,'Impresa',54.9,1),(1525975561,56,'Impresa',49.9,1),(1525975561,57,'Impresa',49.9,1),(1525975561,58,'Impresa',49.9,1),(1525975561,60,'Impresa',49.9,1),(1525975561,61,'Impresa',69.9,1),(1525975561,63,'Impresa',69.9,1),(1525975561,64,'Impresa',69.9,1),(1525975561,65,'Impresa',69.9,1),(1525975561,66,'Impresa',69.9,1),(1525975561,68,'Impresa',74.9,1),(1526342871,58,'Digital',49.9,1),(1526523068,24,'Impresa',54.9,1),(1526523068,25,'Impresa',54.9,1),(1526523068,58,'Impresa',49.9,1),(1526523068,63,'Impresa',69.9,1),(1526523068,64,'Impresa',69.9,1),(1526606747,63,'Digital',69.9,1),(1526606747,64,'Digital',69.9,1),(1526828135,55,'Impresa',54.9,1),(1526828135,58,'Impresa',49.9,1),(1526828135,63,'Impresa',69.9,1),(1526828135,64,'Impresa',69.9,1),(1526848178,58,'Digital',49.9,1),(1526848178,60,'Digital',49.9,1),(1527166704,23,'Impresa',54.9,1),(1527166704,27,'Impresa',54.9,1),(1527166704,31,'Impresa',54.9,1),(1527166704,36,'Impresa',54.9,1),(1527131630,17,'Impresa',100,1),(1527600686,60,'Impresa',49.9,1),(1527600686,63,'Impresa',69.9,1),(1527600686,64,'Impresa',69.9,1),(1527600686,66,'Impresa',69.9,1),(1527191934,24,'Impresa',54.9,1),(1527191934,25,'Impresa',54.9,1),(1527191934,32,'Impresa',54.9,1),(1527191934,34,'Impresa',54.9,1),(1527191934,55,'Impresa',54.9,1),(1527191934,56,'Impresa',49.9,1),(1527191934,57,'Impresa',49.9,1),(1527191934,58,'Impresa',49.9,1),(1527191934,60,'Impresa',49.9,1),(1527191934,63,'Impresa',69.9,1),(1527191934,64,'Impresa',69.9,1),(1528452619,66,'Digital',69.9,1),(1528649863,24,'Digital',54.9,1),(1528649863,55,'Digital',54.9,1),(1528649863,57,'Digital',49.9,1),(1528815222,13,'Digital',54.9,1),(1528815222,52,'Digital',54.9,1),(1528815222,61,'Digital',69.9,1),(1528815222,62,'Digital',69.9,1),(1528815222,67,'Digital',74.9,1),(1528830778,16,'Digital',54.9,1),(1528830778,41,'Digital',54,1),(1528754588,64,'Impresa',69.9,1),(1528938455,23,'Impresa',54.9,1),(1528938455,27,'Impresa',54.9,1),(1528938455,31,'Impresa',54.9,1),(1528938455,36,'Impresa',54.9,1),(1528938455,39,'Impresa',54.9,1),(1528938455,68,'Impresa',74.9,1),(1528798170,17,'Impresa',100,1),(1528798170,23,'Impresa',54.9,1),(1528798170,31,'Digital',54.9,1),(1528798170,32,'Impresa',54.9,1),(1528798170,36,'Impresa',54.9,1),(1528798170,63,'Impresa',69.9,1),(1528798170,64,'Impresa',69.9,1),(1528798170,66,'Digital',69.9,1),(1529174081,25,'Impresa',54.9,1),(1529174081,63,'Impresa',69.9,1),(1529102285,69,'Impresa',150,1),(1529366816,64,'Impresa',69.9,10),(1529353178,25,'Impresa',54.9,1),(1529531221,26,'Digital',54.9,1),(1529689556,34,'Digital',54.9,1),(1530107194,24,'Impresa',54.9,1),(1530107194,25,'Impresa',54.9,1),(1530107194,32,'Impresa',54.9,1),(1530107194,34,'Impresa',54.9,1),(1530107194,55,'Impresa',54.9,1),(1530107194,56,'Impresa',49.9,1),(1530107194,57,'Impresa',49.9,1),(1530107194,58,'Impresa',49.9,1),(1530107194,60,'Impresa',49.9,1),(1530107194,63,'Impresa',69.9,1),(1530107194,64,'Impresa',69.9,1),(1530107194,66,'Impresa',69.9,1),(1530648978,26,'Impresa',74.9,1),(1530648978,27,'Impresa',74.9,1),(1530648978,38,'Impresa',74.9,1),(1530648978,39,'Impresa',74.9,1),(1530648978,48,'Impresa',74.9,1),(1530648978,65,'Impresa',69.9,1),(1530648978,68,'Impresa',74.9,1),(1530672164,64,'Digital',69.9,1),(1531241956,23,'Digital',54.9,1),(1531241956,31,'Digital',74.9,1),(1531241956,36,'Digital',74.9,1),(1531618732,24,'Impresa',74.9,1),(1531618732,25,'Impresa',74.9,1),(1531618732,32,'Impresa',74.9,1),(1531618732,34,'Impresa',74.9,1),(1531618732,55,'Impresa',54.9,1),(1531618732,56,'Impresa',49.9,1),(1531618732,57,'Impresa',49.9,1),(1531618732,58,'Impresa',49.9,1),(1531618732,60,'Impresa',49.9,1),(1531618732,63,'Digital',69.9,1),(1531945360,32,'Impresa',74.9,1),(1531945360,63,'Impresa',69.9,1),(1531945360,64,'Digital',69.9,1),(1531945360,64,'Impresa',69.9,1),(1532129087,15,'Impresa',74.9,1),(1532129087,16,'Impresa',74.9,1),(1532129087,17,'Impresa',100,1),(1532129087,18,'Impresa',74.9,1),(1532129087,30,'Impresa',74.9,1),(1532129087,41,'Impresa',74.9,1),(1532129087,42,'Impresa',74.9,1),(1532129087,43,'Impresa',74.9,1),(1532980312,34,'Digital',74.9,1),(1532980312,55,'Digital',54.9,1),(1532980312,57,'Digital',49.9,1),(1532980312,58,'Digital',49.9,1),(1532980312,63,'Digital',69.9,1),(1532980312,64,'Digital',69.9,1),(1533042936,24,'Impresa',74.9,1),(1533042936,25,'Impresa',74.9,1),(1533042936,55,'Impresa',54.9,1),(1533042936,63,'Impresa',69.9,1),(1533304272,24,'Impresa',74.9,1),(1533304272,32,'Impresa',74.9,1),(1533304272,55,'Impresa',54.9,1),(1533304272,56,'Impresa',49.9,1),(1533304272,58,'Impresa',49.9,1),(1533304272,60,'Impresa',49.9,1),(1533571027,38,'Digital',74.9,1),(1533502659,34,'Impresa',74.9,1),(1533935267,62,'Digital',69.9,1),(1538262860,55,'Impresa',76.9,1),(1538262860,56,'Impresa',76.9,1),(1538262860,57,'Impresa',76.9,1),(1538262860,72,'Impresa',76.9,1),(1538348793,72,'Digital',76.9,1),(1538356460,15,'Impresa',74.9,1),(1538356460,16,'Impresa',74.9,1),(1538356460,17,'Impresa',100,1),(1538356460,18,'Impresa',74.9,1),(1538356460,30,'Impresa',74.9,1),(1538356460,41,'Impresa',74.9,1),(1538356460,46,'Impresa',74.9,1),(1538487964,34,'Impresa',74.9,1),(1538487964,56,'Impresa',76.9,1),(1538487964,58,'Impresa',76.9,1),(1538487964,60,'Impresa',76.9,1),(1538216032,73,'Impresa',76.9,1),(1538328518,70,'Impresa',76.9,1),(1538328518,74,'Impresa',76.9,1),(1538619629,66,'Impresa',69.9,1),(1538619629,71,'Impresa',76.9,1),(1538742864,78,'Impresa',79.9,1),(1538747160,56,'Impresa',76.9,1),(1538747160,72,'Impresa',76.9,1),(1538749958,75,'Digital',79.9,1),(1538930465,27,'Digital',74.9,1),(1538930465,38,'Digital',74.9,1),(1538930465,39,'Digital',74.9,1),(1538930465,48,'Digital',74.9,1),(1538930465,65,'Digital',69.9,1),(1538930465,68,'Digital',74.9,1),(1538930465,75,'Digital',79.9,1),(1539286150,78,'Digital',79.9,1),(1539573781,55,'Digital',76.9,1),(1539714868,55,'Digital',76.9,1),(1539714868,72,'Digital',76.9,1),(1539714868,73,'Digital',76.9,1),(1539777110,36,'Digital',74.9,1),(1539777110,38,'Digital',74.9,1),(1539790758,69,'Impresa',150,1),(1539494704,14,'Digital',76.9,1),(1539494704,51,'Digital',99.9,1),(1539494704,67,'Digital',74.9,1),(1539494704,78,'Digital',79.9,1),(1539980858,79,'Impresa',79.9,1),(1539980858,80,'Impresa',79.9,1),(1539938218,66,'Digital',69.9,1),(1539938218,71,'Digital',76.9,1),(1539938218,73,'Digital',76.9,1),(1540431494,71,'Impresa',76.9,1),(1540431494,73,'Impresa',76.9,1),(1540438552,72,'Impresa',79.9,1),(1541005499,17,'Impresa',100,1),(1541169913,79,'Digital',79.9,1),(1541169913,80,'Digital',79.9,1),(1541378392,80,'Impresa',79.9,1),(1541455889,72,'Digital',79.9,1),(1541455889,81,'Digital',79.9,1),(1541478791,72,'Digital',79.9,1),(1541478791,81,'Digital',79.9,1),(1541516632,73,'Digital',76.9,1),(1541530656,23,'Impresa',74.9,1),(1541530656,65,'Impresa',79.9,1),(1541530656,68,'Impresa',79.9,1),(1541530656,70,'Impresa',79.9,1),(1541530656,74,'Impresa',79.9,1),(1541530656,75,'Impresa',79.9,1),(1541530656,83,'Impresa',79.9,1),(1541443041,66,'Digital',76.9,1),(1541443041,72,'Digital',79.9,1),(1541443041,73,'Digital',76.9,1),(1541443041,81,'Digital',79.9,1),(1541691667,13,'Impresa',74.9,6),(1541858244,90,'Impresa',180,1),(1542042148,74,'Impresa',79.9,1),(1542042148,75,'Impresa',79.9,1),(1542042148,79,'Impresa',79.9,1),(1542042148,80,'Impresa',79.9,1),(1542042148,83,'Impresa',79.9,1),(1542042148,85,'Impresa',79.9,1),(1542042148,87,'Impresa',79.9,1),(1541419781,63,'Impresa',79.9,1),(1541419781,64,'Impresa',79.9,1),(1541419781,72,'Impresa',79.9,1),(1541419781,81,'Impresa',79.9,1),(1541652510,27,'Impresa',74.9,1),(1541652510,31,'Impresa',74.9,1),(1541652510,36,'Impresa',74.9,1),(1541652510,40,'Impresa',74.9,1),(1541652510,48,'Impresa',74.9,1),(1541652510,68,'Impresa',79.9,1),(1541652510,69,'Impresa',150,2),(1541652510,75,'Impresa',79.9,1),(1541652510,80,'Impresa',79.9,1),(1541652510,83,'Impresa',79.9,1),(1541799589,85,'Impresa',79.9,1),(1541799589,87,'Impresa',79.9,1),(1542079129,72,'Impresa',79.9,1),(1542079129,73,'Impresa',76.9,1),(1542079129,81,'Impresa',79.9,1),(1542079129,84,'Impresa',79.9,1),(1542079129,86,'Impresa',79.9,1),(1542079129,92,'Impresa',79.9,1),(1542137959,60,'Impresa',76.9,1),(1542137959,72,'Impresa',79.9,1),(1542019464,84,'Digital',79.9,1),(1542019464,92,'Digital',79.9,1),(1542148963,64,'Impresa',79.9,1),(1542148963,84,'Impresa',79.9,1),(1542148963,86,'Impresa',79.9,1),(1542280539,72,'Impresa',79.9,1),(1542280539,84,'Impresa',79.9,1),(1542280539,86,'Impresa',79.9,1),(1542570446,36,'Impresa',79.9,1),(1542570446,70,'Impresa',79.9,1),(1542570446,74,'Impresa',79.9,1),(1542570446,83,'Impresa',79.9,1),(1542570446,91,'Impresa',79.9,1),(1542652024,56,'Digital',76.9,1),(1542606546,92,'Digital',79.9,1),(1542521982,64,'Digital',79.9,1),(1542521982,84,'Digital',79.9,1),(1542521982,86,'Digital',79.9,1),(1542399415,87,'Impresa',79.9,1),(1542849531,92,'Impresa',79.9,1),(1543029402,60,'Impresa',76.9,1),(1543029402,72,'Impresa',79.9,1),(1543029402,86,'Impresa',79.9,1),(1543237210,86,'Impresa',79.9,1),(1542156063,81,'Impresa',79.9,1),(1542156063,84,'Impresa',79.9,1),(1542156063,86,'Impresa',79.9,1),(1543540153,86,'Digital',79.9,1),(1543697756,72,'Digital',79.9,1),(1543697756,81,'Digital',79.9,1),(1543697756,84,'Digital',79.9,1),(1543697756,86,'Digital',79.9,1),(1543782455,72,'Impresa',79.9,1),(1543782455,81,'Impresa',79.9,1),(1543782455,84,'Impresa',79.9,1),(1543782455,86,'Impresa',79.9,1),(1543882158,81,'Digital',79.9,1),(1543882158,84,'Digital',79.9,1),(1543961030,86,'Digital',79.9,1),(1543964357,23,'Impresa',74.9,1),(1543964357,31,'Impresa',79.9,1),(1543964357,36,'Impresa',79.9,1),(1543964357,37,'Impresa',74.9,1),(1543964357,70,'Impresa',79.9,1),(1543964357,74,'Impresa',79.9,1),(1543964357,91,'Impresa',79.9,1),(1543964357,93,'Impresa',79.9,1),(1544139340,86,'Digital',79.9,1),(1544476241,60,'Digital',76.9,1),(1544476241,63,'Digital',79.9,1),(1544476241,84,'Digital',79.9,1),(1544476241,86,'Digital',79.9,1),(1544975335,81,'Digital',79.9,1),(1544975335,84,'Digital',79.9,1),(1545791517,24,'Impresa',74.9,1),(1545791517,81,'Impresa',79.9,1),(1545791517,86,'Impresa',79.9,1),(1546968117,24,'Digital',74.9,1),(1546968117,25,'Digital',74.9,1),(1546968117,32,'Digital',74.9,1),(1546968117,34,'Digital',74.9,1),(1546968117,55,'Digital',76.9,1),(1546968117,56,'Digital',76.9,1),(1546968117,57,'Digital',76.9,1),(1546968117,58,'Digital',76.9,1),(1546968117,60,'Digital',76.9,1),(1546968117,63,'Digital',79.9,1),(1546968117,72,'Digital',79.9,1),(1546968117,81,'Digital',79.9,1),(1546968117,84,'Digital',79.9,1),(1546968117,96,'Digital',250,1),(1547119981,13,'Impresa',74.9,6),(1547119981,33,'Impresa',74.9,6),(1547119981,61,'Impresa',69.9,6),(1547119981,67,'Impresa',74.9,6),(1547119981,69,'Impresa',150,4),(1547119981,82,'Impresa',79.9,6),(1547119981,90,'Impresa',180,4),(1548809351,72,'Digital',79.9,1),(1548809351,81,'Digital',79.9,1),(1548809351,84,'Digital',79.9,1),(1548809351,86,'Digital',79.9,1),(1549416257,69,'Digital',150,1),(1549416257,79,'Digital',79.9,1),(1549416257,80,'Digital',79.9,1),(1549416257,87,'Digital',79.9,1),(1549491589,96,'Impresa',250,1),(1549491745,84,'Digital',79.9,1),(1549597070,55,'Impresa',76.9,1),(1549597070,57,'Impresa',76.9,1),(1549597070,72,'Impresa',79.9,1),(1549597070,81,'Impresa',79.9,1),(1549597070,86,'Impresa',79.9,1),(1549933751,34,'Impresa',74.9,1),(1549933751,96,'Impresa',250,1),(1550689028,25,'Digital',74.9,1),(1550689028,63,'Digital',79.9,1),(1550689028,72,'Digital',79.9,1),(1550689028,84,'Digital',79.9,1),(1550754018,17,'Digital',100,1),(1550754018,27,'Digital',74.9,1),(1550754018,87,'Digital',79.9,1),(1551740735,86,'Digital',79.9,1),(1551858692,84,'Impresa',79.9,1),(1551858692,86,'Impresa',79.9,1),(1552075938,90,'Impresa',180,1),(1552371149,63,'Digital',79.9,1),(1552527592,25,'Digital',74.9,1),(1552527592,55,'Digital',76.9,1),(1552527592,57,'Digital',76.9,1),(1552527592,84,'Digital',79.9,1),(1552602482,84,'Digital',79.9,1),(1552853954,57,'Digital',76.9,1),(1552853954,81,'Digital',79.9,1),(1553360857,64,'Digital',79.9,1),(1553360857,96,'Digital',250,1),(1555083752,69,'Impresa',150,1),(1555113900,51,'Digital',99.9,1),(1555113900,79,'Digital',79.9,1),(1555113900,80,'Digital',79.9,1),(1556195400,36,'Impresa',79.9,1),(1556195400,83,'Digital',79.9,1),(1556195400,93,'Impresa',79.9,1),(1556307325,27,'Impresa',74.9,1),(1556307325,31,'Digital',79.9,1),(1556307325,38,'Impresa',74.9,1),(1556307325,39,'Impresa',74.9,1),(1556307325,48,'Impresa',74.9,1),(1556307325,68,'Impresa',79.9,1),(1556307325,74,'Impresa',79.9,1),(1556307325,75,'Impresa',79.9,1),(1556307325,79,'Impresa',79.9,1),(1556307325,80,'Impresa',79.9,1),(1556307325,83,'Impresa',79.9,1),(1556307325,85,'Impresa',79.9,1),(1556307325,91,'Impresa',79.9,1),(1557407106,36,'Digital',79.9,1),(1557444218,16,'Digital',74.9,1),(1557444218,18,'Digital',74.9,1),(1557444218,30,'Digital',74.9,1),(1557444218,33,'Digital',74.9,1),(1557444218,41,'Digital',74.9,1),(1557444218,42,'Digital',74.9,1),(1557444218,43,'Digital',74.9,1),(1557444218,50,'Digital',99.9,1),(1557444218,67,'Digital',74.9,1),(1557358709,96,'Impresa',250,1),(1557757414,79,'Impresa',79.9,1),(1557757414,80,'Impresa',79.9,1),(1557757414,85,'Impresa',79.9,1),(1557757414,87,'Impresa',79.9,1),(1558373890,68,'Impresa',79.9,1),(1558373890,69,'Impresa',150,2),(1558373890,73,'Impresa',76.9,1),(1558373890,92,'Impresa',79.9,1),(1558985480,70,'Impresa',79.9,1),(1558985480,74,'Impresa',79.9,1),(1559781257,18,'Digital',74.9,1),(1559781257,105,'Digital',200,1),(1559784695,96,'Impresa',250,1),(1559784695,102,'Impresa',250,1),(1560337859,66,'Digital',94.9,1),(1560337859,73,'Digital',76.9,1),(1560337859,92,'Digital',79.9,1),(1560337859,106,'Digital',200,1),(1560614307,51,'Impresa',99.9,1),(1560614307,69,'Impresa',150,1),(1561155172,96,'Impresa',250,1),(1562811251,53,'Digital',74.9,1),(1562811251,69,'Digital',150,1),(1563209782,80,'Digital',79.9,1),(1562931140,80,'Impresa',79.9,1),(1562931140,87,'Impresa',79.9,1),(1562931140,110,'Impresa',250,1),(1563493201,69,'Impresa',150,1),(1563493389,15,'Impresa',94.9,1),(1563493389,79,'Impresa',94.9,1),(1563493389,80,'Impresa',79.9,1),(1563493389,87,'Impresa',79.9,1),(1563930316,23,'Impresa',74.9,1),(1563930316,31,'Impresa',79.9,1),(1563930316,36,'Impresa',79.9,1),(1563930316,68,'Impresa',94.9,1),(1563930316,75,'Impresa',94.9,1),(1563930316,83,'Impresa',79.9,1),(1564484853,40,'Digital',94.9,1),(1564484853,52,'Digital',74.9,1),(1564484853,67,'Digital',94.9,1),(1565643988,25,'Digital',74.9,1),(1565710268,99,'Digital',250,1),(1565741440,20,'Impresa',94.9,1),(1568660014,41,'Digital',74.9,1),(1568660014,51,'Digital',99.9,1),(1568660014,79,'Digital',94.9,1),(1568660014,80,'Digital',79.9,1),(1568660014,87,'Digital',79.9,1),(1568660014,110,'Digital',250,1),(1568854144,60,'Digital',76.9,1),(1569114596,13,'Impresa',120,1),(1570230659,25,'Digital',120,1),(1570230659,34,'Digital',120,1),(1570230659,58,'Digital',120,1),(1570273089,24,'Digital',120,1),(1570388101,50,'Impresa',200,1),(1570544794,96,'Digital',250,1),(1570544794,102,'Digital',250,1),(1570708876,110,'Digital',250,1),(1571239847,79,'Impresa',120,1),(1571239847,87,'Impresa',120,1),(1571239847,110,'Impresa',250,1),(1572466132,110,'Digital',250,1),(1572645015,86,'Digital',120,1),(1572774813,86,'Digital',120,1),(1575459017,46,'Digital',120,1),(1575459017,105,'Digital',200,1),(1575929430,36,'Digital',120,1),(1575929430,37,'Digital',120,1),(1576429264,96,'Digital',250,1),(1576429264,102,'Digital',250,1),(1576367336,110,'Impresa',250,1),(1577198564,73,'Impresa',120,1),(1579374037,89,'Digital',250,1),(1579374037,100,'Digital',120,1),(1579533830,33,'Impresa',120,1),(1579533830,47,'Impresa',200,1),(1579533830,67,'Impresa',120,1),(1579533830,69,'Impresa',200,1),(1579533830,90,'Impresa',250,1),(1579533830,109,'Impresa',250,1),(1581889238,37,'Digital',120,1),(1581977229,50,'Digital',200,1),(1581977229,52,'Digital',120,1),(1581977229,54,'Digital',120,1),(1581977229,61,'Digital',120,1),(1581977229,62,'Digital',120,1),(1581977229,67,'Digital',120,1),(1581977229,104,'Digital',120,1),(1581977229,114,'Digital',120,1),(1582760453,75,'Impresa',120,1),(1582760453,103,'Impresa',200,1),(1583162695,24,'Impresa',120,1),(1583162695,25,'Impresa',120,1),(1583162695,32,'Impresa',120,1),(1583162695,34,'Impresa',120,1),(1583162695,55,'Impresa',120,1),(1583162695,56,'Impresa',120,1),(1583162695,57,'Impresa',120,1),(1583162695,58,'Impresa',120,1),(1583162695,60,'Impresa',120,1),(1583162695,63,'Impresa',120,1),(1583162695,72,'Impresa',120,1),(1583162695,81,'Impresa',120,1),(1583162695,84,'Impresa',120,1),(1583162695,86,'Impresa',120,1),(1583162695,96,'Impresa',250,1),(1583162695,102,'Impresa',250,1),(1583208140,96,'Digital',250,1),(1584363264,48,'Impresa',120,1),(1584363264,68,'Impresa',120,1),(1584363264,74,'Impresa',120,1),(1584363264,83,'Impresa',120,1),(1584363264,85,'Impresa',120,1),(1584363264,103,'Impresa',200,1),(1588216871,72,'Digital',120,1),(1588216871,81,'Digital',120,1),(1588216871,84,'Digital',120,1),(1588216871,96,'Impresa',250,1),(1588216871,102,'Impresa',250,1),(1588449682,19,'Digital',120,1),(1588824470,69,'Digital',200,1),(1588824470,107,'Digital',200,1),(1590538443,96,'Impresa',250,1),(1590538443,102,'Impresa',250,1),(1591555924,45,'Impresa',120,1),(1591555924,100,'Impresa',120,1),(1592703404,21,'Impresa',120,1),(1593741583,69,'Impresa',200,1),(1593741583,107,'Impresa',200,1),(1594566616,30,'Digital',120,1),(1594566616,110,'Digital',250,1),(1595460362,45,'Digital',120,1),(1595970178,19,'Impresa',120,1),(1596602145,79,'Digital',120,1),(1596602145,87,'Digital',120,1),(1596602145,113,'Digital',120,1),(1598769254,96,'Impresa',250,1),(1598769254,102,'Impresa',250,1),(1600743805,89,'Impresa',250,1),(1605150635,90,'Impresa',250,1),(1653538132,17,'Impresa',200,1),(1654427236,73,'Digital',120,1),(1655309022,69,'Digital',200,1);

--
-- Table structure for table `pedidosenvio`
--

CREATE TABLE `pedidosenvio` (
  `idpedido` int(11) NOT NULL,
  `nombre` varchar(100) NOT NULL,
  `apellido` varchar(100) NOT NULL,
  `mail` varchar(100) NOT NULL,
  `telefono` varchar(20) NOT NULL,
  `calle` varchar(255) DEFAULT NULL,
  `numero` varchar(10) NOT NULL,
  `piso` varchar(10) NOT NULL,
  `departamento` varchar(10) NOT NULL,
  `codpostal` varchar(8) NOT NULL,
  `localidad` varchar(100) NOT NULL,
  `provincia` varchar(50) DEFAULT NULL,
  `pais` varchar(100) DEFAULT NULL,
  `observaciones` text DEFAULT NULL,
  `fechaenvio` date NOT NULL,
  `recibido` varchar(2) NOT NULL DEFAULT 'NO',
  `modoenvio` varchar(20) DEFAULT NULL,
  `costoenvio` float DEFAULT 0,
  PRIMARY KEY (`idpedido`)
) ENGINE=InnoDB DEFAULT CHARSET=utf8 COMMENT='Informacion de envio de pedidos';

--
-- Dumping data for table `pedidosenvio`
--

INSERT INTO `pedidosenvio` VALUES (0,'Susana','Méndez','su_men26@yahoo.com','42505183','Ayolas','2835','-','-','1879','Quilmes','Buenos Aires','Argentina','','2017-12-08','NO','rapido',180),(25,'Arturo','Castillo','arturcastillo@gmail.com','91141611410','Santa Rosa 1407','125','','','1619','Garin','Buenos Aires','Alemania','El aleman','2017-09-06','NO',NULL,0),(26,'Arturo','Castillo','arturcastillo@gmail.com','91141611410','Santa Rosa 1407','12','','','1619','Garin','Buenos Aires','Argentina','','2017-09-06','NO',NULL,0),(27,'Arturo','Castillo','arturcastillo@gmail.com','91141611410','Santa Rosa 1407','1111','','','1619','Garin','Buenos Aires','Argentina','','2017-09-12','NO',NULL,0),(28,'Arturo','Castillo','arturcastillo@gmail.com','91141611410','Santa Rosa 1407','asas','','','1619','Garin','Buenos Aires','Argentina','','2017-09-12','NO',NULL,0),(29,'roberto martinez','martinez','roberto@hmsediciones.com.ar','49797129','castelli 905','905','','','1832','lomas de zamora','BUENOS AIRES','Argentina','','2017-09-13','NO',NULL,0),(30,'roberto','martinez','roberto@hmsediciones.com.ar','49797129','castelli ','905','','','11200','montevideo','montevideo','Uruguay','','2017-09-13','NO',NULL,0),(31,'roberto','martinez','roberto@hmsediciones.com.ar','49797129','castelli 905','905','','','1832','lomas de zamora','BUENOS AIRES','Argentina','','2017-09-14','NO',NULL,0),(32,'Sebastian','tOCCHE','sebastian@summarketing.com.ar','1111111111','CAvour','4451','','','1826','escalada','buenos aires','Argentina','','2017-09-15','NO',NULL,0),(33,'Arturo','Castillo','arturcastillo@gmail.com','91141611410','Santa Rosa 1407','123','','','1619','Garin','Buenos Aires','Argentina','va por mp','0000-00-00','NO','rapido',0),(35,'Pedro','peres','arturcastillo@gmail.com','44555666','Av. Hip�lito Yrigoyen 1577','1','1','1','1425','Buenos Aires','Buenos Aires','Argentina','','0000-00-00','NO','rapido',0),(36,'Arturo','Castillo','arturcastillo@gmail.com','91141611410','Santa Rosa 1407, Condominio Civis - Edificio Robles 1 piso 3 depto 31','1','1','a','1619','Garin','Buenos Aires','Argentina','','2017-11-21','NO','rapido',0),(38,'Arturo','Castillo','arturcastillo@gmail.com','91141611410','Santa Rosa 1407, Condominio Civis - Edificio Robles 1 piso 3 depto 31','1','1','2','1619','Garin','Buenos Aires','Aruba','','2017-11-22','NO','rapido',0),(40,'roberto','martinez','roberto@hmsediciones.com.ar','2060-7993','machain ','3375','','','1824','lanus','buenos aires','Argentina','','2017-11-23','NO','basico',25),(41,'Lisa jazmin','Andino duarte','Jazminandinod@hotmail.com','3402497959','27 febrero','660','','','2126','Pueblo esther','Santa fe','Argentina','','2017-11-26','NO','rapido',0),(48,'lisa jazmin','andino duarte','jazminandinod@hotmail.com','3402 497959','27 Febrero','660','','','2126','pueblo esther','santa fe','Argentina','','2017-11-26','NO','rapido',0),(49,'Arturo','Castillo','arturcastillo@gmail.com','91141611410','Santa Rosa 1407, Condominio Civis - Edificio Robles 1 piso 3 depto 31','1','1','1','1619','Garin','Buenos Aires','Australia','probando el mail','0000-00-00','NO','rapido',0),(50,'Tatiana','Echevarria','echevarriatati@gmail.com','094851504','peru ','113','','','15001','shangrila','canelones','Uruguay','','2017-12-01','NO','rapido',0),(51,'Sandra','Senor','sandra.senor@gmail.com ','3516777976','M a Luque ','117','','','5940','Las varillas','Cordoba','Argentina','','2017-12-06','NO','rapido',0),(52,'Juliana','Magno','juliana_magno@hotmail.com','0292315450300','Rivadavia','940','1','1','8170','Pigüé','Buenos Aires','Argentina','Muchas gracias!','2017-12-07','NO','basico',25),(1504555730,'roberto','martinez','roberto@hmsediciones.com.ar','2060-7993','castelli ','905','','','1834','lomas de zamora','BUENOS AIRES','Uruguay','','0000-00-00','NO','basico',25),(1504557123,'sebastian','tocchetton','sebastian@summarketing.com.ar','444444','cavour ','4451','','','1826','Lanus','buenos aires','Argentina','','0000-00-00','NO','rapido',0),(1504557185,'roberto','martinez','roberto@hmsediciones.com.ar','2060-7993','castelli 905','905','','','1832','lomas de zamora','BUENOS AIRES','Argentina','','2017-09-19','NO','basico',25),(1504558000,'roberto','martinez','roberto@hmsediciones.com.ar','2060-7993','castelli 905','905','','','1832','lomas de zamora','BUENOS AIRES','Argentina','','2017-09-19','NO','basico',25),(1504558193,'roberto','martinez','roberto@hmsediciones.com.ar','2060-7993','castelli 905','905','','','1832','lomas de zamora','BUENOS AIRES','Argentina','','2017-09-19','NO','rapido',0),(1504558628,'roberto','martinez','roberto@hmsediciones.com.ar','2060-7993','castelli 905','905','','','1832','lomas de zamora','BUENOS AIRES','Argentina','','2017-09-19','NO','basico',25),(1504558953,'roberto','martinez','roberto@hmsediciones.com.ar','2060-7993','castelli 905','905','','','1832','lomas de zamora','BUENOS AIRES','Argentina','','2017-09-19','NO','basico',25),(1504819402,'roberto','martinez','roberto@hmsediciones.com.ar','49797129','castelli 905','905','','','1832','lomas de zamora','BUENOS AIRES','Argentina','','2017-09-22','NO','basico',25),(1505135727,'s','s','s','s','s','s','s','s','s','s','s','Argentina','s','2017-09-26','NO','rapido',0),(1505229659,'roberto','martinez','roberto@hmsediciones.com.ar','49797129','castelli 905','905','','','1832','lomas de zamora','BUENOS AIRES','Argentina','','2017-09-27','NO','basico',25),(1505404516,'roberto','martinez','roberto@hmsediciones.com.ar','49797129','castelli 905','905','','','1832','lomas de zamora','BUENOS AIRES','Argentina','','0000-00-00','NO','basico',25),(1505409595,'seba','seba','tocheseba@gmail.com','65042377','Av. Hipólito Yrigoyen','6090','','','1826','Remedios de escalada','Buenos aires','Argentina','','2017-09-29','NO','basico',25),(1505417623,'roberto','martinez','roberto','4242','CASTGELLI','905','','','1832','LOMAS','BUENOS AIRES','Argentina','','0000-00-00','NO','basico',25),(1505765063,'hernan','martinez','hernan@hmsediciones.com.ar','1131996883','541131996883','1','2','','1824','lanus','Buenos Aires (Provincia)','Argentina','','0000-00-00','NO','basico',25),(1505765206,'roberto','martinez','roberto@hmsediciones.com.ar','49797129','castelli 905','905','','','1824','lomas de zamora','BUENOS AIRES','Argentina','','2017-10-03','NO','basico',25),(1505765378,'roberto','m','roberto@hmsediciones.com.ar','49797129','castelli 905','905','','','1832','lomas de zamora','BUENOS AIRES','Argentina','','2017-10-03','NO','basico',25),(1505855566,'roberto','martinez','roberto@hmsediciones.com.ar','42922029','castelli','905','','','1824','lomas de zamora','buenos aires','Bulgaria','','2017-10-04','NO','basico',25),(1507036995,'SUM','MARKETING','sebastian@summarketing.com.ar','15-6504-2377','Av. Hip?lito Yrigoyen','2050','','','1826','Remedios de escalada','Buenos aires','Argentina','','0000-00-00','NO','basico',25),(1508287561,'Arturo','Castillo','arturcastillo@gmail.com','91141611410','Santa Rosa 1407, Condominio Civis - Edificio Robles 1 piso 3 depto 31','1475','1','1','1619','Garin','Buenos Aires','Argentina','','2017-11-01','NO','rapido',0),(1509299590,'gladys','Fernandez','gladysbea58@hotmail.com','1562517910','Antofagasta','2017','','','1714','Ituzaingó','Buenos Aires','Argentina','Sólo quiero recibir este manual y según lo informado sin gastos a mi nombre','2017-11-13','NO','rapido',0),(1509378243,'roberto','martinez','roberto@hmsediciones.com.ar','2060-7993','machain','3375','','','1824','lanus','buenos aires','Argentina','','2017-11-14','NO','rapido',0),(1509557001,'roberto','martinez','roberto@hmsediciones.com.ar','2060-7993','castelli 905','905','','','1832','lomas de zamora','buenos aires','Argentina','','2017-11-16','NO','basico',25),(1509806901,'Juliana','Decarlis','julianadecarlis@gmail.com','03469-15692273','Bv. Centenario ','659','','','2109','Acebal','Santa Fe','Argentina','','2017-11-19','NO','basico',25),(1511358977,'gabriela','pinat','gabrielapinat@hotmail.com','93464522079','moreno 2636','2636','','','2170','casilda','Santa Fe','Argentina','','2017-12-07','NO','rapido',0),(1511359508,'Leonel','Becchio','leonel.becchio@gmail.com','1151611152','Las Heras','452','','','S2109','Acebal','Santa Fe','Argentina','','0000-00-00','NO','basico',25),(1511373920,'Sandra ','Solferini ','kaylaporcelanafria@hotmail.com ','0346515407321','Sarmiento ','1530','','','2630','Firmat ','Santa Fe ','Argentina','','0000-00-00','NO','basico',25),(1511379303,'Leonel ','Becchio','leonel.becchio@gmail.com','1151611152','las heras','452','','','S2109AWG','Acebal','Santa Fe','Argentina','','2017-12-07','NO','basico',25),(1511441658,'Julieta','Goite','Juligoite@hotmail.com','03465 15665369','Avellaneda ','331','','','2178','Bombal','Santa Fe','Argentina','','0000-00-00','NO','basico',25),(1511455442,'Susana','Méndez','su_men26@yahoo.com','42505183','Ayolas','2835','-','-','1879','Quilmes','Buenos Aires','Argentina','','2017-11-23','','rapido',180),(1511459029,'María Claudia ','Pellegrini ','calu0266@gmail.com ','03416018274','Juan de garay ','731','P.a','1','2000','Rosario ','Santa fe','Argentina','Quiero saber sobre los numeros anteriores asibtengo todos','2017-12-08','NO','rapido',180),(1511470629,'Patricia','Lopez','patricialopez_66@hotmail.com','2494-549132','Magallanes','147','','','7000','Tandil','Buenos Aires','Argentina','','0000-00-00','NO','basico',25),(1511472220,'SUM','MARKETING','sebastian@summarketing.com.ar','1165042377','Av. Hipólito Yrigoyen','2050','','','1826','Remedios de escalada','Buenos aires','Argentina','','2017-12-08','NO','rapido',0),(1511493145,'Nancy','Moran','ki_na_ti@yahoo.com.ar','1163788321','Zorrilla de San Mart�n ','4459','','','1714','Ituzaingo','Buenos Aires','Argentina','','0000-00-00','NO','basico',25),(1511510104,'Clarisa','Otto','Clarisaotto@hotmail.com','0341 - 153541593','Baigorria ','1189','','23','2000','Rosario','Santa fe','Argentina','','2017-12-09','NO','basico',25),(1511523851,'Daniela','gomez','gomezluciana@gmail.com','3471526885','callao','116','','','2500','ca�ada de gomez','santa fe','Argentina','','0000-00-00','NO','basico',25),(1511529676,'Mónica','Breccia','monicaraquel23@hotmail.com','03471_ 15584210','Rivadavia','1743','','','2500','Cañada de Gómez','Santa fe','Argentina','','2017-12-09','NO','basico',25),(1511531226,'Roxana','Elias','Rochy_elias@hotmail.com','1551770934','Ciocchini ','1063','','','1865','San vicente','Buenos aires','Argentina','','2017-12-09','NO','basico',25),(1511536226,'Virginia','Valle','Viryiniavalle@hotmail.com','3487432433','3 de febrero','1968','','','2800','Zatate','Buenos Aires','Argentina','','0000-00-00','NO','rapido',0),(1511539259,'Noelia Vanesa','Diaz','noe__1979@hotmail.com','0364-15416968','9esquina 12 barrio La Madrid','--','--','--','3700','Pc�a. Roque S�enz Pe�a ','Chaco','Argentina','','0000-00-00','NO','rapido',180),(1511546196,'Lorena ','Venencia','venenciamilagroslorena@gmail.com','0351157079959','Humberto Primo','525','','','5001','Cordoba','Cordoba','Argentina','Es la empresa Providus SA','2017-12-09','NO','rapido',0),(1511547149,'Lorena','Venencia','venenciamilagroslorena@gmail.com','0351157079959','Humberto primo','525','','','5001','Cordoba','Cordoba','Argentina','','0000-00-00','NO','rapido',0),(1511569559,'maggie','sutherland','gringa_62@yahoo.com','2966 620761','salta','523','','','9400','rio gallegos','santa cruz','Argentina','','0000-00-00','NO','basico',25),(1511570120,'Romina','Ortman','romina.ortman@gmail.com','11 64552959','J.de Alagón','836','','','1765','Isidro Casanova','Buenos Aires','Argentina','','2017-12-10','NO','basico',25),(1511575830,'Elena','Correa','mariaecorrea85@gmail.com','2604347801','Agust�n alvarez','1034','','','5600','San Rafael','Mendoza','Argentina','','0000-00-00','NO','basico',25),(1511613057,'Roxana','Elias','Rochy_elias@hotmail.com','1551770934','Ciocchini','1063','','','1865','San Vicente','Buenos aires','Argentina','','2017-12-10','NO','basico',25),(1511628668,'Angeles','Agüero','vestidos15ynovia@hotmail.com','39802151','Caferatta','2250','','','1826','R. Escalada','Bs As','Argentina','','2017-12-10','NO','rapido',0),(1511633505,'María gimena','Peri','Gimeperi@hotmail.com','2235120517','Posadas','354','','','7600','Mar del plata','Buenos aires','Argentina','','0000-00-00','NO','basico',25),(1511646949,'Àngeles ','Agüero ','vestidos15ynovia@hotmail.com','1135914554','caferata ','2250','','','1826','Lanus ','Bs As','Argentina','','2017-12-10','NO','rapido',0),(1511651127,'Valeria','Vega ','valeriave@hotmail.com','3704563245','Fortín yunka','764','1','','3600','Formosa ','Formosa','Argentina','','0000-00-00','NO','basico',25),(1511654935,'María Luz','Piera','marialuzpiera@yahoo.com.ar','03464426458','Roca','1526','','','2170','Casilda','Santa Fe','Argentina','','0000-00-00','NO','rapido',0),(1511655828,'Ángeles','Agüero','vestidos15ynovia@hotmail.com','1135914554','Caferata','2250','','','1826','Lanus','Bs As','Argentina','','2017-12-11','NO','rapido',0),(1511742834,'Cintia','Romero','Taty_cvr87@hoail.com','03413803244','R�o negro ','2496','','','2152','Granadero Baigorria','Santa fe','Argentina','','0000-00-00','NO','basico',25),(1511790966,'Sharon','Bairatti','Sharon89_10@hotmail.com ','1558465943','Santa teresa','1177','','','1708','Moron','Buenos aires','Argentina','','0000-00-00','NO','basico',25),(1511818147,'Ana Noemi ','Torres','anitnoe@gmail.com','02214250992','528  e/ 20 y 21','2522','-','-','1900','LA PLATA','Buenos Aires','Argentina','','0000-00-00','NO','basico',25),(1511823487,'Monica','Trivi�o Campero','monicatrivi@live.com','02964578535','Cabo San Sebastian 465, Chacra XIII','0','','','9420','Rio Grande','Tierra del Fuego','Argentina','','0000-00-00','NO','rapido',0),(1511836608,'Cintia Daiana','Cornejo','Cintiacornejo86@gmail.com','3815342877','Balcarce ','1546','','','4000','San miguel de Tucumán ','Tucumán ','Argentina','','2017-12-13','NO','basico',25),(1511892215,'Bibiana Nora Elsa','Punta','npc20022@hotmail.com','3874921898','Estanislao del Campo','1199','','','4401','San Lorenzo - Salta','Salta - Capital','Argentina','Por favor, mandar mail cuando envien el pedido','2017-12-13','NO','basico',25),(1511903341,'Maria Teresa ','Fernández','marite.28.55@gmail.com','2477620229','Bucar 998','998','','','2700','Pergamino','Buenos Aires','Argentina','','2017-12-13','NO','basico',28),(1511903920,'Ariadna','Pinazo','ariadnabelle@hotmail.com','3415882484','dorrego ','1667','12','A','2000','Rosario','Santa Fe','Argentina','','2017-12-13','NO','basico',28),(1511904717,'Vanesa','Ronchera','Vanesa_ronchera@hotmail.com','01142225805','Almafuerte','551','','','1870','Avellaneda','Buenos Aires','Argentina','','2017-12-13','NO','basico',28),(1511917041,'Vanina ','Fillol','Vaninafillol.vf@gmail.com ','1153133299','Bolivia ','179','','','1651','San a dres','Bs as','Argentina','La calle es Bolivia 179 ex 2777 entre libertad y Jose c paz .','0000-00-00','NO','basico',28),(1511921643,'María Cristina','Castillo','mcristycp@gmail.com','035315000818','27 septiembre','1513','','','5900','Villa María','Córdoba','Argentina','','2017-12-14','NO','basico',28),(1511959414,'Yessica','Paris','yessyparis90@gmail.com','1141684522','Bartolome Cruz','1818','','','1638','Vicente Lopez','Buenos aires','Argentina','','2017-12-14','NO','basico',28),(1511967967,'Carla ','Picca','Pedritopiccapiedras@hotmail.com','02964-15473982','Faustino minicci','1023','','2','9420','Rio grande','Tierra del fuego','Argentina','','0000-00-00','NO','rapido',0),(1511999356,'Ana laura','Balbad','Anitamatanza@gmail.com','20644184','Linies ','1478','','','1832','Temperley','Buenosbaires','Argentina','','2017-12-14','NO','rapido',0),(1512000844,'Jennifer','Gonzalez','Jennilaloketa@gmail.com','1167607706','Uriarte','1565','Pb','4','1414','Capital Federal','Buenos Aires','Argentina','','2017-12-15','NO','basico',28),(1512002480,'Bibiana','Bermejo','Bibibermejo2@gmail.com.ar','0341 4511212','Schweitzer ','7836','1','C','2000','Rosario','Santa Fe','Argentina','','0000-00-00','NO','rapido',0),(1512005670,'Mariela','Pitari','Marielapitari@gmail.com ','1561060456','Estrada','1221','','','1828','Banfield ','Buenos aires','Argentina','','2017-12-15','NO','basico',28),(1512011105,'Bibiana','Bermejo','Bibibermejo2@Gmail.como. ar','0341 4511212','Schweitzer','7836','1','C','2000','Rosario','Santa fe','Argentina','','0000-00-00','NO','rapido',0),(1512054329,'Florencia','Alcorta','mfalcorta@gmail.com','3815449223','Pueyrredon','68','','','4000','San Miguel de Tucuman','tucuman','Argentina','','2017-12-15','NO','basico',28),(1512074491,'Angeles ','Aguero','vestidos15ynovia@hotmail.com','1135914554','caferatta ','2250','','','1826','Lanus ','Bs As ','Argentina','','2017-12-15','NO','rapido',0),(1512149225,'susan','romano','susan-11-@live.com.ar','1536412386','benavente','1170','0','1','1889','bosques','Buenos Aires','Argentina','','2017-12-16','NO','basico',28),(1512401948,'Leonardo','Creixell','leonardocreixell@gmail.com','93476540893','Cayetano Nerbutti','248','','','2202','Puerto General San Martin','Santa Fe','Argentina','','2017-12-19','NO','rapido',0),(1512446867,'susana','mayolo','susanamayolo@hotmail.com','3534129219','Jujuy','236','','','5900','Villa Maria','Cordoba','Argentina','','2017-12-20','NO','rapido',0),(1513007375,'SUM','MARKETING','sebastian@summarketing.com.ar','15-6504-2377','Av. Hipólito Yrigoyen','2050','','','1826','Remedios de escalada','Buenos aires','Argentina','','2017-12-26','NO','rapido',0),(1513096009,'romina','caligaris','veronicasoledad_c@hotmail.com','03465-15664284','pueyrredon ','665','','','2630','firmat','santa fe','Argentina','','2017-12-27','NO','rapido',0),(1513153062,'Romina','M?ndez','ro_my_@hotmail.com.ar','3487?666749','Antonio Rivero (Barrio Los Ceibos)','1433','_','?','2800','Z?rate','Bs As','Argentina','','0000-00-00','NO','rapido',0),(1513621004,'Celia ','Ramos','celia.ramos','0291-154192305','Almafuerte','38','','','8000','Bahia Blanca','Buenos Aires','Argentina','','2018-01-02','NO','basico',28),(1513778269,'Alejandro Ariel','Gonzalez','isigordo1986@gmail.com','0376-154632323','parana ','550','6','E','5000','Cordoba','Cordoba','Argentina','','0000-00-00','NO','rapido',0),(1514055339,'Jessica','Sánchez ','jessicasanchezalvarado84@gmail.com','2616353734','Barrio Municipal calle Lago Viedma ','3308','','','5539','El Challao Las Heras','Mendoza','Argentina','','2018-01-07','NO','basico',28),(1514374451,'Claudio','Rimoldi','claidiorimoldi69@yahoo.com.ar','291154585775','Nicaragua ','1949/51','','','8000','Bahía Blanca','Buenos Aires','Argentina','','2018-01-11','NO','rapido',0),(1514398444,'Denise','Villano','villaniden@gmail.com','3446316255','Los Andes y Cerro Blanco','387','','26','5152','Villa Carlos Paz','Córdoba','Argentina','','2018-01-11','NO','basico',28),(1514557483,'Liliana del Valle ','Ruiz ','lilianadelv@hotmail.com ','03844-421818','Chacabuco ','537 ','','','3760','A?atuya ','Santiago del Estero ','Argentina','Quisiera saber si la revista sale por mes ? Yo quiero la decorativa y la decoupage las ?ltima que sali?, y me pueden comunicar cuando est? saliendo la pr?ximo n?mero por favor gracias , y cuanto demora en llegar ,el pago es contra reembolso?Y que empresa trae ? ','0000-00-00','NO','rapido',0),(1514737176,'Denise','Villani','villaniden@gmail.com','3446316255','Los Andes  y Cerro Blanco','387','','26','5152','Carlos Paz','córdoba','Argentina','(Complejo rejas naranja) Ex 199','2018-01-15','NO','basico',28),(1514900008,'Marta ','Garmendia ','marclegar@hotmail.com','2914130956','Punta Alta ','1335','_','_','8000','Bahía Blanca ','Buenos Aires','Argentina','','2018-01-17','NO','basico',28),(1515422326,'fabiana','di rosa','faby.dirosa@outlook.com','11-3189-6739','Pasaje Leipzig ','4935','','','1417','caba','bs as','Argentina','tocar timbre. los vecinos se roban las revista','2018-01-23','NO','basico',28),(1516050533,'carina vanesa','calfuan','calfuanvanesa@gmail.com','3794322939','necochea','1302','','','3400','Corrientes','Corrientes','Argentina','al e-mail calfuanvanesa@gmail.com ','2018-01-30','NO','rapido',0),(1516287971,'Liliana del Valle ','Ruiz ','lilianadelv@hotmail.com ','03844-421818 ','Chacabuco ','537','','','3760','Añatuya','Santiago del Estero','Argentina','Por favor necesito cualquier número de revista me interesa y quisiera empezar a comprar , salen 1 por mes ? ','2018-02-02','NO','rapido',0),(1516641261,'veronica','salinas','veritosali83@gmail.com','1565472814','directorio','2180','','','1888','florencio varela','buenos aires','Argentina','','2018-02-06','NO','rapido',0),(1517197023,'Estephanie','Alaniz','Estefania.alaniz@hotmail.com','1549390866','Pedro arata ','909','','','1611','Don torcuato','Buenos aires','Argentina','','2018-02-13','NO','rapido',0),(1517320941,'Carina','Tapia','Carina.tapia@hotmail.com','1540735246','Sarratea','2241','','','1754','San justo La Matanza','Buenos Aires','Argentina','','2018-02-14','NO','rapido',0),(1517420154,'Claudia Marcela','Daboser','claudiadaboser@yahoo.com.ar','2994981189','Pascual Mosca','346','','','8303','Cinco Saltos','Rio Negro','Argentina','','0000-00-00','NO','rapido',0),(1517433531,'Carina','Tapia','Carina.tapia@hotmail.com','1540735246','Sarratea ','2241','','','1754','San justo La matanza','Buenos Aires ','Argentina','','2018-02-15','NO','basico',28),(1517590683,'GRISELDA','VELOSO','griveloso@gmail.com','114611-8087','AV. VARELA','682','9','A','1406','CABA','BS AS','Argentina','','0000-00-00','NO','basico',28),(1517623165,'Brian ezequiel','Uema','Estefania.alaniz@hotmail.com','1523388387','Pedro arata','909','','','1611','Don torcuato','Buenos aires','Argentina','','2018-02-18','NO','rapido',0),(1517851870,'Luz','Elhordoy','Walteralejandromorel35@gmail.com','47980575','Juncal','1408','','','1640','Martínez','Buenos aires','Argentina','','2018-02-20','NO','basico',28),(1518279067,'María jose','Chappex','Fantasiasencolores@hotmail.com','3854263037','Mármol ','1472','','','4300','La banda','Santiago del estero','Argentina','','2018-02-25','NO','rapido',0),(1518483934,'Cecilia Alejandra','Aguirre','ceciliaaguirre_@hotmail.com','341 6756243','Av. Pellegrini','1164','9','E','2000','Rosario','Santa Fe','Argentina','','2018-02-28','NO','basico',28),(1518634093,'Liliana del v ','Ruiz ','lilianadelv@hotmail.com ','03844_421818 ','Chacabuco','537','','','3760','Añatuya','Santiago del Estero ','Argentina','','2018-03-01','NO','basico',28),(1518928362,'Eliana','Ancavil','elianaancavil@gmail.com','(294) 4398840','150 viviendas','113','','','8400','San Carlos de Bariloche','Río Negro','Argentina','','2018-03-05','NO','basico',28),(1519828113,'Andrea patricia','Aylagas','andy_aylagas@hotmail.com','1136410301','Cramer ','1546','','','1546','José c paz','Buenos Aires','Argentina','','2018-03-15','NO','basico',28),(1520030409,'Fanny ','Fern�ndez','fannyfernandez2007@gmail.com','011 15 5850-9123','Billinghurst','2467','6','C','1425','CABA','Buenos Aires','Argentina','','0000-00-00','NO','basico',28),(1520030877,'Ana Mar�a ','Barrionuevo','ana09barrio@gmail.com','48090332','Cervi�o ','3775','3','4','1425','Capital Federal','Capital Federal','Argentina','','0000-00-00','NO','basico',28),(1520533842,'roberto','martinez','robe','444','aaaa','111','aa','aa','1832','aaa','buenos a','Argentina','','2018-03-23','NO','basico',30),(1520617379,'Romina ','Roncarolo','romina_roncarolo@yahoo.com.ar','154194-8415','Capdevila ','3223','','','1431','CABA','CABA','Argentina','HOLA, tengo dos direcciones a donde poder recibirlo en las calles:\r\nReconquista 1166 3 Piso (solo de lunes a viernes de 9.15 a 16.45 hs.) o\r\nCapdevila 3223 (sin piso) de lunes a viernes a partir de las 18 hs. o sabados y domingos con aviso)','2018-03-24','NO','basico',30),(1521757475,'Silvia Liliana ','Coronel','lilianacoronel69@hotmail.com','1537696001','Pío XII','4132','','','1614','Villa de Mayo','Buenos Aires','Argentina','Entre Remedios de Escalada y Pedro Ureña','2018-04-06','NO','basico',30),(1522088478,'María Leandra','Cardetti','leandracardetti@gmail.com','3583409187','Vicente Vaggione','546','','','5847','Coronel Moldes','Córdoba','Argentina','','2018-04-10','NO','basico',30),(1522090429,'María Leandra ','Cardetti','leandracardetti@gmail.com','3582409187','Vicente Vaggione ','546','','','5847','Coronel Moldes-','Córdoba','Argentina','','2018-04-10','NO','basico',30),(1522173516,'Lorena','Venencia','venenciamilagroslorena@gmail.com','0351 157079959','arturo orgaz','145','','','5001','cordoba','Cordoba','Argentina','','2018-04-11','NO','rapido',0),(1522180945,'MELINA','Mansilla','melinagmansilla@hotmail.com','0221 4708090','139','73','','','1900','LA PLATA','BUENOS AIRES','Argentina','','2018-04-11','NO','basico',30),(1522362905,'Patricia Rita Liliana','Marisi','patrimarisi64@gmail.com','(03464) 15510217','San Luis','1256','','','2170','Casilda','Santa Fe','Argentina','No pude conseguir en los kioscos de mi zona la Revista de Pintura Decorativa Nº 3 del año 2017 (la última de ese año, que salió en los meses de Noviembre/Diciembre 2017). Quisiera que me la enviaran, para completar la colección.','2018-04-13','NO','rapido',0),(1522619166,'Veronica','Caligaris','veronicasoledad_c@hotmail.com','03465-15445306','Pueyrredon','675','','','2630','Firmat','santa fe','Argentina','','2018-04-16','NO','rapido',0),(1522643155,'Carla','Hereñu','Carlayamileh@hotmail.com','03476441699','Buenos Aires','868','','','2202','Puerto General San Martín ','Santa Fe','Argentina','','2018-04-17','NO','basico',30),(1522689381,'Liliana','Ferreiro','ferlisa2000@yahoo.com.ar','2914057473','Juan jose passo','550','','','8105','Gral daniel cerri','Bs as','Argentina','','0000-00-00','NO','basico',30),(1522776625,'Natividad','Savedra','natysavedra@live.com.ar','03476426130','Catamarca','731','','','2200','San Lorenzo','Santa Fé','Argentina','','0000-00-00','NO','rapido',210),(1522780395,'Gimena','Sorbi','gimena.sorbi@gmail.com','1132999513','Miro','260','3','C','1406','CABA','Buenos Aires','Argentina','Por favor confirmar dia y horario de entrega','2018-04-18','NO','basico',30),(1522841948,'Silvina','Pogliano','pogsilvi@gmail.com','0353154274650','Jorge Luis Borges','301','','','5903','Villa Nueva','Cordoba','Argentina','','2018-04-19','NO','basico',30),(1522865543,'Silvina','Pogliano','pogsilvi@gmail.com','0353154274650','Jorge Luis Borges','301','','','5903','Villa Nueva','Córdoba ','Argentina','','2018-04-19','NO','basico',30),(1522892308,'Alejandra','Belloni','bellonialejandra@gmail.com','3764548211','Texo','1327','','','3300','Posadas','Misiones','Argentina','','2018-04-20','NO','basico',30),(1523020447,'German','Feijo','Feijogerman@gmail.com','1559558265','La perrier','1341','','','1842','El jaguel','Buenos aires','Argentina','','2018-04-21','NO','rapido',0),(1523200955,'Erika','Vallejo','erika_vallejo1011@hitmail.com','3512110699','9 de Julio ','545','0','10','5500','Mendoza - Ciudad','Mendoza','Argentina','','2018-04-23','NO','rapido',0),(1523210462,'Juliana','Paz','paz_juliana@hotmail.com','1551128780','Quintana','5734','','','1646','San Fernando','Buenos Aires','Argentina','','2018-04-23','NO','rapido',0),(1523229017,'Claudia','Risso','Cccc','3567','Dgh','677','','','2115','Maximo pax','Santa fe','Argentina','','2018-04-23','NO','basico',30),(1523273967,'Vanesa','Dellamea ','Dellameavanesa@hotmail.com ','1560026733 ','Lavalle ','669','','','1047','Capital federal ','Buenos Aires ','Argentina','Galeria luxor local 3','2018-04-24','NO','basico',30),(1523293278,'Verónica ','Lencina ','Verito1278@gmail.com','1162893989','Carlos echague ','2021','','Fd','1682','Martin coronado ','Bs as ','Argentina','','2018-04-24','NO','basico',30),(1523305276,'Laly','Rodr?guez','lalyrodriguezdegonzalez@gmail.com','380 4305960','Avda. Castro Barros ','1323','O','O','5.300','La Rioja','La Rioja','Argentina','Revista pintura a la tiza.todis los n?meros que tengan','0000-00-00','NO','rapido',0),(1523313824,'MARIA CECILIA','GRASSO VAAMONDE','sissy_vaamonde@hotmail.com','2216552269','16','982','','','1900','La Plata','Buenos Aires','Argentina','','2018-04-24','NO','rapido',210),(1523367532,'Lucrecia','de Goicouria','lucree.goicouria@hotmail.com','0342-155199466','Pasaje Marsengo','5952','','','3000','Santa Fe','Santa Fe','Argentina','No se si este es el lugar para aclararlo, pero queria saber si es posible que la entrega se haga despues de las 16hs, ya que antes no hay nadie para recibirlo. Muchas gracias.','2018-04-25','NO','basico',30),(1523381911,'gladys beatriz','villafañe ','Gveatriz@hotmail. com','2215795695','24 e/ 68y69','1766','','','1900','La Plats',' ','Argentina','','2018-04-25','NO','basico',30),(1523390003,'Hhhh','Bbhh','Yhh','Hh','Hhh','Hh','Hh','Hh','Jjj','Jj','Jj','Argentina','','2018-04-25','NO','rapido',0),(1523417501,'Gisela','Eyl','giselaeyl@gmail.com','3446676542','Blas Parera','2595','','','2820','Gualeguaychu','Entre Ríos','Argentina','','2018-04-26','NO','rapido',0),(1523430892,'Anabella','Di Leo','anabelladileo@hotmail.com','1132196969','Biarritz ','1969','0','1','1416','Ciudad autónoma de Buenos Aires','Buenos Aires','Argentina','Barrio de La Paternal, CABA. ','2018-04-26','NO','basico',30),(1523445591,'Mariana Ines','Lucca','maryannlucca@gmail.com','1551620994','146','2142','0','0','1884','Berazategui','Buenos Aires','Argentina','','2018-04-26','NO','basico',30),(1523460596,'Anabella ','Di Leo','anabelladileo@hotmail.com','1132196969','Biarritz','1969','0','1','1416','Ciudad aut�noma de Buenos Aires','Capital Federal','Argentina','Barrio de La Paternal, CABA','0000-00-00','NO','basico',30),(1523470455,'GRISELDA','VELOSO','griveloso@gmail.com','1167226098','av varela','682','9','a','1406','caba','Buenos Aires','Argentina','','2018-04-26','NO','basico',30),(1523478163,'gladys beatriz ','villafañe ','gveatriz@hotmail.com','2215795695','24','1766','','','1900','la plata','Buenos Aires ','Argentina','','2018-04-26','NO','basico',30),(1523484220,'Elba Nancy ','Díaz ','elbanancydiaz@gmail.com','0299154084701','Moquehue 1168','1168','','','8300','Neuquén ','Neuquén ','Argentina','','2018-04-26','NO','rapido',210),(1523521422,'ANABELLA','DI LEO','anabelladileo@hotmail.com','1132196969','BIARRITZ','1969','0','1','1416','Ciudad autónoma de Buenos Aires','Buenos Aires','Argentina','Barrio de La Paternal.\r\nEntregar en mano, no dejar bajo la puerta. ','0000-00-00','NO','basico',30),(1523535956,'�gueda belen','bugarin','belen_mdlp@hotmail.com','1161882753','cisneros','6067','','','1765','Isidro casanova','buenos aires','Argentina','','0000-00-00','NO','basico',30),(1523556842,'Gabriela','Amado','83gaby@hotmail.es','3815173503','Santiago ','598','Planta baj','','4000','San miguel de tucuman','Tucuman','Argentina','','2018-04-27','NO','rapido',210),(1523568656,'Maria belen ','Tristan','Beltristan@hotmail.com','02245551630','Av 25 de mayo y Moreno (justo en la esquina, EL ABC )','S/n','','','7114','Castelli','Buenos Aires','Argentina','','2018-04-27','NO','basico',30),(1523590403,'Verónica ','Lencina ','Verito1278@gmail.com','1162893989','Carlos Echague ','2021','','Fnd','1682','Martin coronado ','Bs as','Argentina','','2018-04-28','NO','basico',30),(1523727250,'Lorena','Gabert','lorenagabert@gmail.com','0341155022834','Vedia','3955','','','2000','Rosario','Santa Fe','Argentina','','0000-00-00','NO','rapido',0),(1523741392,'Veronica','Villa','Vevilla3008@gmail.com','1150962688','Santa Rosa ','1430','','','1755','RAFAEL CASTILLO','Buenos Aires','Argentina','Por favor entregar los tres ejemplares juntos ! ','2018-04-29','NO','basico',30),(1523750098,'Virginia','Molina','molinavergaravirginia84@gmail.com','3804240144','Av Ramírez de Velazco','650','1','3','5300','La Rioja','La Rioja','Argentina','','2018-04-29','NO','rapido',0),(1523790774,'Gabriela','Gilli','gabygilli@hotmail.com','0356215511935','Rivadavia','437','','','2347','San Guillermo','Santa Fe','Argentina','','2018-04-30','NO','basico',30),(1523835855,'Ivana ','Moreira','ivanamoreira21@hotmail.com','0340215531115','Int. Costantini ','1035','','','2128','Arroyo Seco','Santa Fe','Argentina','','2018-04-30','NO','basico',30),(1524079448,'Jessica ','Roldan ','Jessiroldan@hotmail.com.ar','29641540448o','Cabo Espiritu Santo ','118','','A','9420','Río Grande ','Tierra del Fuego','Argentina','','2018-05-03','NO','rapido',0),(1524150659,'ANDREA MERCADO','MERCADO SANTOS','amercadosantos@gmail.com','0996673164','MANUELA CAÑIZARES Y 6 DE DICIEMBRE','S/N','S/N','S/N','593','ECUADOR','ESMERALDAS','Ecuador','','2018-05-04','NO','rapido',0),(1524625139,'Yessica','Quiroga ','Yessicaquuroga_91@hotmail.com','2914752413','Eduardo Gonz�lez ','1315','','','8000','Bah�a blanca ','Buenos aires','Argentina','','0000-00-00','NO','rapido',0),(1524666843,'Yessica','Quioga','Yessicaquiroga_91@hotmail.com','2914752413','Eduardo González ','1315','','','8000','Bahía Blanca ','Buenos aires','Argentina','\r\n','2018-05-10','NO','rapido',0),(1524711744,'Roxana','Barrios','rose564@hotmail.com','3794631081','Cartagena','4190','','','3400','Corrientes','Corrientes','Argentina','','0000-00-00','NO','basico',30),(1524740793,'Estela Beatriz','Kindenegt','estelabeatriz_kindenegt@hotmail.com','342-5315496','San Lorenzo ','1878','1','1','3000','Santa Fe','Santa Fe','Argentina','Desde las 12 hs,sino dejar en buzón','2018-05-11','NO','basico',30),(1524789693,'María Cecilia','Mansilla ','ceciliamansi@hotmail.com','351 3157882','Bv. Illia ','18','6','C','5000','Córdoba ','Córdoba ','Argentina','Deseo recibir la revista de pintura del mes de abril con los trabajos de Claudia Kunze','2018-05-12','NO','rapido',0),(1525018054,'Adriana','Alzugaray','ana.garay@live.com','3425572730','Ignacio crespo','7599','','','3000','Santa fe','Santa fe','Argentina','','2018-05-14','NO','basico',30),(1525024849,'Adriana','Alzugaray','ana.garay@live.com','3425698849','Igancio crespo','7599','','','3000','Santa fe','Santa fe','Argentina','','2018-05-14','NO','basico',30),(1525101517,'vanesa romina','saldaña','vsaldana_f@yahoo.com.ar','47062837','blanco encalda ','3012','7','F','1428','caba','buenos aires','Argentina','','2018-05-15','NO','basico',30),(1525102531,'diana','ramos','ramosdianavanesa@hotmail.com','3447509016','9 de julio ','1506','','','3283','san jose','Entre Rios','Argentina','','0000-00-00','NO','basico',30),(1525112998,'Juan Manuel ','Perez','mlardiles@Itapu.edu.ar','3584390102','Costa Rica ','183','','','5923','General deheza','Cordoba','Argentina','','0000-00-00','NO','basico',30),(1525226513,'Melina','Meza','Milintentos_meli@hotmail.com','1144017971','Rodo','670','','','1875','Wilde','Buenos Aires ','Argentina','','2018-05-17','NO','basico',30),(1525296359,'Maria Luz ','Piera','marialuzpiera@yahoo.com.ar','03464426458','Roca','1526','','','2170','Casilda','Santa Fe','Argentina','','2018-05-17','NO','rapido',0),(1525388487,'Sonia','Elola','Soniagelola@gmail.com','0293215447272','Sargento Cabral ','1870','','3','7400','Olavarria','Buenos Aires ','Argentina','','0000-00-00','NO','basico',30),(1525637735,'Erika','Vallejo','erika_vallejo1011@hotmail.com','3512110699','9 de Julio','545','Pb','10','5500','Mendoza - Ciudad','Mendoza','Argentina','','0000-00-00','NO','basico',40),(1525657334,'Vanesa ','Martin','Vanesadm30@gmail.com ','3416948238','Pellegrini ','4636','','','2000','ROSARIO','Santa Fe.','Argentina','','0000-00-00','NO','basico',40),(1525733883,'Liliana','Sanguinetti','lilianamsanguinetti@hotmail.com','2324592370','27','1084','','','6600','Meercedes','Buenos Aires','Argentina','','2018-05-22','NO','basico',40),(1525908293,'Sandra','Lisi','splisi06@hotmail.com','1558981183','Aguero ','238','','','1171','ciudad autonoma de buenos aires ','buenos aires','Argentina','mi compra es version digital no entiendo el formulario de envio. \r\nPor favor confirmarme como recibo las revistas. Gracias. Sandra Lisi','0000-00-00','NO','rapido',0),(1525975561,'Nilda greyssi','Rozas chavez','Greyssi_rozas@hotmail.com','02964620284','Santa cruz ','531','','','9420','Rio grande','Tierra del Fuego','Argentina','','0000-00-00','NO','basico',40),(1526254732,'Soraya','Hermida','sorypinta@msn.com','02213042483','Chacabuco  e/ San Martin y Rivadavia','831','','','1913','MAGDALENA','BUENOS AIRES','Argentina','','2018-05-28','NO','basico',40),(1526342871,'Dara','Casarsa','daracasarsa@gmail.com','0354415588066','Ejército argentino','760','','','5891','Villa cura brochero','Córdoba','Argentina','','2018-05-30','NO','rapido',0),(1526493543,'Erika','Vallejo','erika_vallejo1011@hotmail.com','3512110699','9 de Julio','545','Pb','10','5500','Mendoza','Mendoza','Argentina','','0000-00-00','NO','basico',40),(1526501580,'roberto','martinez','roberto@hmsediciones.com.ar','2060-7993','machain','3375','','','1824','lanus','buenos aires','Argentina','','2018-05-31','NO','basico',40),(1526502120,'perez','ramon','ramon@toto.com.ar','2060-7993','macha','2222','','','1824','lanus','buenos aires','Argentina','','2018-05-31','NO','rapido',210),(1526523068,'Adriana','Alzugaray','ana.garay@live.com','3425698849','Ignacio crespo ','7599','','','3000','Sanra fe','Santa fe','Argentina','','2018-06-01','NO','basico',40),(1526584169,'Mirian','López','miri_alop@hitmail.com','2944818224','El lazo','351','','5','8400','Bariloche','Río negro','Argentina','','2018-06-01','NO','rapido',0),(1526606747,'yanina gabriela','medina','reketefiesta@hotmail.com','3854989760','formosa','431','-','-','4200','capital','santiago del estero','Argentina','Quiero que me llegue a mi correo de manera digital en forma de archivo las revistas que elegi','2018-06-02','NO','rapido',0),(1526828135,'Susana','Méndez','sumen26@yahoo.com','4250-5183','Ayolas','2835','-','-','1879','Quilmes','Buenos Aires','Argentina','','2018-06-04','NO','rapido',210),(1526848178,'Juliana','Paz','paz_juliana@hotmail.com','1551128780','Quintana ','5734','','','1646','San Fernando','Buenos Aires','Argentina','','2018-06-04','NO','rapido',0),(1526925899,'María Laura','Barriga','lalynqn27@gmail.com','02996243252','Las palomas','450','','','8300','Neuquén capital','Neuquén','Argentina','Casa prefabricada celeste','2018-06-05','NO','basico',40),(1527095739,'Claudia','Risso','Claudiarisso464 @hotmail.com','3460696769','Ayacucho','361','','','2115','Maximo paz','SAnta fe','Argentina','','2018-06-07','NO','basico',40),(1527131630,'Carolina','Sanz','carolina.sanz726@gmail. com','15-60515891','Tres Sargentos ','2440','-','-','1640','Martinez ','Buenos Aires ','Argentina','','2018-06-08','NO','basico',40),(1527166704,'claudia','risso','claudiarisso464@hotmail.com','3460696769','ayacucho','361','','','2115','maximo paz','santa fe','Argentina','','2018-06-08','NO','basico',40),(1527191934,'Noelia','Puchetta','noeliapuchetta@hotmail.com','1123011454','Jose Penna esq Olavarria','1302','','','1669','Del Viso','Buenos Aires','Argentina','Local violeta justo en la esquina','0000-00-00','NO','basico',40),(1527600686,'Mar�a de los Angeles','Manassero','manasserokitti@live.com.ar','0353 154229551','Gabriela Mistral','130','','','5913','Pozo de Molle','C�rdoba','Argentina','','0000-00-00','NO','basico',40),(1528452619,'Stella Maris ','Passarino','stellapassarino@hotmail.com ','3482589789','Islas Malvinas','1351','','','3560','Reconquista','Santa Fe','Argentina','','2018-06-23','NO','rapido',0),(1528649863,'Dayanna','Zevallos','day150@hotmail.com','1167915447','Mompox ','1654','Pb','','1134','Capital federal','Buenos aires','Argentina','','2018-06-25','NO','rapido',0),(1528677382,'Lucia del Carmen','Rumino','lalynqn27@gmail.com','02996243252','Las palomas','450','','','8300','Neuquén capital','Neuquén','Argentina','','2018-06-26','NO','rapido',0),(1528754588,'Sonia','Plaza','Souvenirs.ilusiones@hotmail.com','1537751939','Corrales','6738','','2','1439','Capital Federal ','Buenos Aires','Argentina','','2018-06-26','NO','basico',40),(1528798170,'Luján','Cottet ','Inspiraciondulcelc@gmail.com','3454140966','San Juan ','1062','','','3200','Concordia ','Entre riod','Argentina','','2018-06-27','NO','rapido',210),(1528815222,'Alina','Villanova ','villanovasol82@gmail.com','02974096584','156','2045','','46','9050','Puerto Deseado','Santa Cruz','Argentina','','2018-06-27','NO','rapido',0),(1528830778,'Carolina','Sanz','carolina.sanz726@gmail.com','011 60515891','Tres Sargentos','2440','-','-','1637','Mart�nez','Buenos Aires','Argentina','','0000-00-00','NO','rapido',0),(1528938455,'VICTORIA CAROLINA','Aguirre','AGUIRREC647@GMAIL.COM','344215676962','PABLO LORENTZ','1074','','','3260','CONCEPCIÓN DEL URUGUAY','ENTRE RIOS','Argentina','','2018-06-29','NO','rapido',210),(1529102285,'Adela ','Barker','adelabarker@hotmail.com','2268535165','Ruta 2 kil?metro ','274','','','7160','Maipu ','Buenos Aires ','Argentina','','0000-00-00','NO','basico',40),(1529174081,'Elba Nancy ','Diaz','fibrotecnia@hotmail.com','02994084701','Moquehue','1168','','','8300','Neuqu?n ','NEUQU?N ','Argentina','Deseo me env?en las revistas a detallar...de Florencia  Menescaldi','0000-00-00','NO','basico',40),(1529183928,'Dara','Casarsa','daracasarsa@gmail.com','03544-15588066','ejercito argentino','760','','','5891','villa cura brochero','cordoba','Argentina','','2018-07-01','NO','rapido',0),(1529353178,'maria alejandra ','masseroni','malejandramasseroni@gmail.com','1544908188','Navarro , entre Bermudez y Quevedo','4991','....','...','1419','capital federal','buenos aires','Argentina','','0000-00-00','NO','basico',40),(1529366816,'Andrea Laura','Santi','galletas.sya@gmail.com','1166129708','La Pampa','1548','5','A','1428','Capital','Burnos Aires','Argentina','','2018-07-04','NO','basico',40),(1529531221,'Gabriela ','Otasú','gabyotasu@yahoo.com','3425226459','9 de Julio ','7450','','','3000','Santa Fe','Santa Fe','Argentina','','2018-07-05','NO','rapido',0),(1529602686,'carolina','aguirre','aguirrec647@gmail.com','3442676962','pablo lorentz ','1074','','','3260','concepci�n del uruguay','entre r�os','Argentina','','0000-00-00','NO','rapido',210),(1529689556,'MARIA EMILCE','MELINGER','emilcemelinger@hotmail.com','0291-155264586','Av. Alem','2712','','','8000','Bahía Blanca','BUENOS AIRES (BS.AS)','Argentina','','2018-07-07','NO','rapido',0),(1530107194,'VERONICA MARIA','ROGNA','veritorogna@yahoo.com.ar','1167696876','AV. CORRIENTES ','3169','12','121','1193','CAPITAL FEDERAL','buenos aires','Argentina','','0000-00-00','NO','basico',40),(1530648978,'María Cristina','Kuba','makkichan@hotmail.com','1530195565','San José de Calasanz','138','','','1424','Capital Federal','Buenos Aires','Argentina','','2018-07-18','NO','basico',40),(1530672164,'Melina','Meza','Milintentos_meli@hotmail.com','1144017971','Rodo','670','','','1875','Wilde','Buenos Aires ','Argentina','','2018-07-19','NO','rapido',0),(1530795120,'Lucia del Carmen','Rumino','lalynqn27@gmail.com','2996243252','Las palomas','450','','','8300','Neuquén capital','Neuquén','Argentina','','2018-07-20','NO','rapido',210),(1531241956,' Veronica Andrea','Batista','verobatista@yahoo.com','2974132716','Rivadavia ','845','1','4','9000','Comodoro Rivadavia','Chubut','Argentina','','2018-07-25','NO','rapido',0),(1531262387,'Susana','Acuña','darioraulferezin@hotmail.com','2235691443','Martín Rodríguez','350','2','8','7600','Mar del Plata','Buenos aires','Argentina','Llamar por qué el porque el portero no funciona.. gracias','2018-07-25','NO','rapido',0),(1531269134,'Silvia','Trejo','silvi0221@yahoo.com ','4086089518','Unión ave','2536','','','95008','Campbell','California','Estados Unidos','','2018-07-26','NO','basico',40),(1531284736,'silvia','Trejo','silvi0221@yahoo.com','4086089518','union ave','2536','','','95008','campbell','california','Estados Unidos','','2018-07-26','NO','basico',40),(1531285653,'Silvia','Trejo','silvi0221@yahoo.com ','4086089518','Unión ave','2536','','','95008','Campbell','California','Estados Unidos','','2018-07-26','NO','basico',40),(1531617146,'Mariana','Rocca','Tolumiab@hotmail.com.ar','3484508752','Durero','1860','','','1625','Escobar','Buenos Aires','Argentina','','0000-00-00','NO','basico',40),(1531618732,'Mariana','Rocca','Tolumiab@hotmail.com.ar','3484508752','Durero','1860','','','1625','Belén de Escobar','Buenos aires','Argentina','','2018-07-30','NO','basico',40),(1531945360,'GRACIELA ALEJANDRA','ALMIRON','almironalejandra@hotmail.com','02236838099','EL CANO ','3578','1','B','7600','Mar del Plata','Buenos Aires','Argentina','urgente necesito la digital de cookies a mi mail muchas gracias','2018-08-02','NO','rapido',210),(1532129087,'silvia','Trejo','silvi0221@yahoo.com','0014086089518','union ave','2536','','','95008','campbell','califonia','Estados Unidos','mi direccion como se maneja en el lugar donde vivo es\r\n2536 union ave \r\ncampbell California 95008','0000-00-00','NO','rapido',210),(1532311703,'Erika','Vallejo','erika_vallejo1011@hotmail.com','3512110699','9 de Julio ','545','Pb','10','5500','Mendoza - Ciudad','Mendoza','Argentina','Entre calles Pedro Molina y Virgen del Carmen','2018-08-07','NO','basico',40),(1532980312,'Bibiana','Bermejo','bibibermejo2@gmail.com','0341 4511212','Schweitzer','7836','1','C','S2006','Rosario','Santa Fe','Argentina','','2018-08-14','NO','rapido',0),(1533042936,'eliana','masco','ELIANAMASCO@GMAIL.COM','1526547741','SAN MARTIN ','480','','','1041','CABA','BUENOS AIRES','Argentina','','0000-00-00','NO','basico',40),(1533245147,'Patricia','Flores','patrytrelew_06@hotmail.com','2804858817','Rivadavia','2334','','','9100','Trelew','Chubut','Argentina','','2018-08-17','NO','rapido',210),(1533304272,'silvia patricia','flores','patrytrelew_06@hotmail.com','2804858817','rivadavia ','2334','','','9100','trelew','chubut','Argentina','','2018-08-18','NO','basico',40),(1533502659,'Maria Laura','Ardiles','mlardiles@itapu.edu.ar','3584390102','Costa Rica ','183','','','5923','General Deheza','Cordoba','Argentina','','0000-00-00','NO','basico',40),(1533563689,'Sofía Macarena ','Cornejo ','@sofiacornejo7s@gmail.com ','2645231384','Rivadavia y 25 de mayo ','. ','. ','. ','5435','Media Agua ','San Juan ','Argentina','','2018-08-21','NO','basico',40),(1533571027,'Gabriela ','OTASU','gabyotasu@yahoo.com','03425226459','9 de Julio ','7450','','','3000','SANTA FE','Santa Fe','Argentina','','2018-08-21','NO','rapido',0),(1533935267,'Juliana Berenice','Leiva','juli-leiva@live.com.ar','341 156920347','rodriguez','2990','','','2000','rosario','santa fe','Argentina','','2018-08-25','NO','rapido',0),(1534457137,'Sabrina ','Lemme','Yiyo_9496@hotmail.com ','2664641929','Barrio Ignacio Vidal mza 9 casa 30','9/ 30','-','-','5700','San Luis ','San luis','Argentina','Ninguna','0000-00-00','NO','rapido',0),(1534488704,'Mariana','Bonetti','marianapopo@hotmail.com','2994620028','Facundo quieroga','286','','','8300','Neuqu�n ','Neuqu�n ','Argentina','','0000-00-00','NO','rapido',0),(1534559119,'Rafael','Hernandez Gonzalez ','Rafaelhdzglz@outlook.com','+52 1 8331170941','Circuito litoral','254','','','89607','Altamira','Tamaulipas','México','Pago con tarjeta visa','0000-00-00','NO','rapido',0),(1534711020,'Sergio','Iacono','Sergiopablo.iacono@telefonica.com','42021540','Quirno Costa ','708','1','no','1826','R. de Escalada','Buenos Aires','Argentina','Hola ','0000-00-00','NO','basico',40),(1534711287,'Maria Soledad','Martinez','silviab.martinez@hotmail.com','4-292-2029','castelli ','905','','','1826','Lanus','Buenos Aires','Argentina','','2018-09-03','NO','basico',40),(1534711314,'Sergio','Iacono','SergioPablo.iacono@telefonica.com','42021540','Quirno Costa','708','1','no','1826','Remedios de Escalada','Buenos Aires','Argentina','','2018-09-03','NO','basico',40),(1534721421,'RAFAEL','HERNANDEZ GONZALEZ','rafaelhdzglz@outlook.com','+52 1 833 1170941','circuito litoral ','254','','','89607','altamira','tamaulipas','México','','0000-00-00','NO','rapido',0),(1535254329,'Silvana Edith','Ponce','edithsilcoceres@gmail.com','1142813669','Cordoba','1421','','','1838','Luis Guillón, P.Esteban Echeverría.','Buenos Aires','Argentina','','0000-00-00','NO','basico',40),(1535256263,'TERESA','GONZALEZ','ELDESERTOR01@YAHOO.ES','3518166078','ARBALLO DE BUSTAMANTE','2850','','','5000','CORDOBA','CORDOBA','Argentina','','0000-00-00','NO','basico',40),(1535293507,'Zilli','Sandrine','sandrinezilli39@free.fr','0651891818','Rue des ruottes','53','','','39100','Sampans','Jura','Francia','','0000-00-00','NO','rapido',0),(1535503902,'RAFAEL','HERNANDEZ GONZALEZ','rafaelhdzglz@outlook.com','8331170941','circuito litoral  fracc. laguna florida','254','','','89607','altamira','tamaulipas','México','','0000-00-00','NO','rapido',0),(1535646057,'sandra','gonzalez','sandrygonzalez1971@gmail.com','2324477258','30','355','','','6600','Mercedes','Buenos Aires','Argentina','','0000-00-00','NO','basico',40),(1535661867,'Ana','Balbas','anitamatanza@gmail.com','0111556597110','Liniers','1478','','','1834','Temperley','Buenos Aires','Argentina','','0000-00-00','NO','rapido',0),(1535666935,'AnA Laura','Bottegoni','albottegoni0@gmail.com','3624060093','Barrio don Santiago 3 mz 32 casa 6','32','','6','3500','Resistencia','Chaco','Argentina','','0000-00-00','NO','basico',40),(1535747804,'Celeste','Martinez','luzcele@yahoo.com','7872479988','Reparto Universidad 12 C 17','12','C','17','00683','San Germán ','Puerto Rico ','Puerto Rico','','0000-00-00','NO','basico',40),(1535858500,'Cecilia Alejandra','Aguirre','ceciliaaguirre_@hotmail.com','3416756243','Av. Pellegrini ','1164','9','E','2000','Rosario','Santa Fe','Argentina','','0000-00-00','NO','basico',40),(1535867648,'yessica ','quiroga ','Yessicaquiroga_91@hotmail.com ','2914752413','Eduardo Gonz?lez ','1315','','','8000','bahia blanca ','buenos Aires ','Argentina','','0000-00-00','NO','rapido',0),(1535927203,'Susana','Méndez','sumen26@yahoo.com','42505183','Ayolas','2835','-','-','1879','Quimes Oeste','Buenos Aires','Argentina','','0000-00-00','NO','rapido',210),(1535947729,'JULIANA','PAZ','paz_juliana@hotmail.com','1551128780','QUINTANA','5734','','','1646','SAN FERNANDO','BUENOS AIRES','Argentina','','0000-00-00','NO','rapido',0),(1535948336,'Juliana','paz','paz_juliana@hotmail.com','1551128780','quintana','5734','','','1646','san fernando','BUENOS AIRES','Argentina','','2018-09-18','NO','rapido',0),(1535953527,'Yessica','Quiroga','Yessicaquiroga_91@hotmail.com','2914752413','Eduardo gonzalez ','1315','','','8000','Bahia blanca','Buenos aires','Argentina','Divina revista','0000-00-00','NO','rapido',0),(1535993253,'Juliana','Paz','paz_juliana@hotmail.com','1551128780','Quintana','5734','','','1646','San Fernando','Buenos Aires','Argentina','','2018-09-18','NO','rapido',0),(1535997768,'yessica','quiroga','yessicaquiroga_91@hotmail.com','2914752413','eduardo gonzalez ','1315','','','8000 ','bahia blanca ','buenos aires ','Argentina','...\r\n','0000-00-00','NO','rapido',0),(1536005933,'roberto','martinez','roberto@hms','2060-7993','castelli','905','','','1832','lomas de zamora','distrito federal','México','','2018-09-18','NO','rapido',210),(1536006531,'Maria Alejandra','Belloni','bellonialejandra@gmail.com','3764548211','Texo','1327','','','3300','Posadas','Misiones','Argentina','','0000-00-00','NO','basico',40),(1536008804,'roberto martinez','a','a','2060-7993','a','2','','','1832','lomas de zamora','buenos aires','México','','0000-00-00','NO','rapido',250),(1536020188,'Maria soledad','grassini','maria_sole83@hotmail.com','3515318360','Capitán Bustos','1540','','','5152','Carlos Paz','Córdoba','Argentina','','0000-00-00','NO','basico',40),(1536027405,'Juliana','Paz','paz_juliana@hotmail.com','1551128780','Quintana','5734','','','1646','San Fernando','Buenos Aires','Argentina','','2018-09-19','NO','rapido',0),(1536057174,'Maria soledad','grassini','maria_sole83@hotmail.com','3515318360','Capitán Bustos, ','1540','','','5152','Carlos Paz','Córdoba','Argentina','','0000-00-00','NO','basico',40),(1536071719,'yessica ','quiroga ','yessicaquiroga_91@hotmail.com','2914752413','eduardo gonzalez ','1315','','','8000','bahia blanca ','buenos aires ','Argentina','','2018-09-19','NO','rapido',0),(1536200078,'Juliana','Paz','paz_juliana@hotmail.com','1551128780','Quintana','5734','','','1646','San Fernando','Buenos Aires','Argentina','','0000-00-00','NO','rapido',0),(1536284021,'Nadia','Gorban','nagorban@gmail.com','0341156092998','Montevideo','397','1','b','2000','Rosario','Santa Fe','Argentina','','0000-00-00','NO','rapido',0),(1536291547,'Vanina ','Romero Graña','Vmsrg24@gmail.com','15 22768405','Leonismo Argentino ','423','','','1617','General Pacheco','Buenos Aires','Argentina','Calle entre lima y bogotá','0000-00-00','NO','basico',40),(1536336412,'María Soledad ','Grassini ','maria_sole83@hotmail.com','3515318360','Capit�n bustos ','1540','','','5152','Punilla Carlos paz ','Cordoba ','Argentina','','0000-00-00','NO','rapido',0),(1536492155,'VIVIANA ','GONZALEZ','latweety_08@hotmail.com','02901-15631476','�ANDUBAY','4542','','','3300','POSADAS','MISIONES','Argentina','BARRIO 20 DE JUNIO, CH 91, ENTRE AV. LAS HERAS Y CALLE 93.','0000-00-00','NO','basico',40),(1536609789,'maria soledad','grassini','maria_sole83@hotmail.com','3515318360','capitan bustos ','1540','','','5152','punilla carlos paz','cordoba','Argentina','','2018-09-25','NO','rapido',250),(1536627476,'RAFAEL','hernandez','rafaelhdzglz@outlook.com','8331170941','circuito litoral','254','','','89607','altamira','tamaulipas','México','','2018-09-26','NO','rapido',0),(1536785170,'Lorena','Gabert','lorenagabert@gmail.com','0341155022834','Pasaje Vedia','3955','','','2000','Rosario','Santa Fe','Argentina','','0000-00-00','NO','rapido',0),(1536787844,'Silvia','Carballo','silvia.carballo@outlook.com','03489 599627','Liniers','915','','','2804','Campana','Buenos Aires','Argentina','','0000-00-00','NO','basico',40),(1536789473,'Silvia ','Carballo','silvia.carballo@outlook.com','03489599627','Liniers','915','','','2804','Campana','Buenos Aires','Argentina','','2018-09-27','NO','basico',40),(1536792699,'Silvia','Carballo','silvia.carballo@outlook.com','03489 599627','Liniers','915','','','2804','Campana','Buenos Aires','Argentina','','2018-09-27','NO','basico',40),(1536811542,'María Soledad ','Grassini ','maria_sole83@hotmail.com','0351155318360','Capitán bustos ','1540','','','5152','Carlos paz ','Cordoba ','Argentina','','2018-09-28','NO','rapido',250),(1536835611,'Silvia','Carballo','silvia.carballo@outlook.com','03489 599627','Liniers','915','','','2804','Campana','Buenos Aires','Argentina','','2018-09-28','NO','basico',40),(1536864377,'Julieta ','Kapp','Kappjulieta@hotmail.com ','3400497697','Peru','30','','','2918','Pav?n ','Santa fe ','Argentina','','0000-00-00','NO','basico',40),(1536875855,'Julieta ','Kapp','Kappjulieta@hotmail.com ','3400497697','Peru','30','','','2918','Pav?n','Santa Fe','Argentina','','0000-00-00','NO','basico',40),(1536880265,'Silvia','Carballo','silvia.carballo@outlook.com','03489 599627','Liniers','915','','','2804','Campana','Buenos Aires','Argentina','','0000-00-00','NO','basico',40),(1536928911,'Silvia','Carballo','silvia.carballo@outlook.com','03489 599627','Liniers','915','','','2804','Campana','Buenos Aires','Argentina','','0000-00-00','NO','basico',40),(1536951866,'roberto ','martinez','roberto','424','castelli 905','905','','','1832','lomas de zamora','buenos aires','Argentina','','2018-09-29','NO','rapido',0),(1536952230,'roberto','mar','a','a','a','9','','','1832','lomas de zamora','buenos aires','Argentina','','2018-09-29','NO','basico',40),(1537025093,'Silvia','Carballo','silvia.carballo@outlook.com','03489 599627','Liniers','915','','','2804','Campana','Buenos Aires','Argentina','','2018-09-30','NO','basico',40),(1537040358,'Silvia','Carballo','silvia.carballo@outlook.com','03489 599627','Liniers','915','','','2804','Campana','Buenos Aires','Argentina','','2018-09-30','NO','basico',40),(1537057660,'Cecilia Alejandra','Aguirre','ceciliaaguirre_@hotmail.com','3416756243','Av. Pellegrini 1164  9 E','1164','9','E','2000','Rosario','Santa Fe','Argentina','','0000-00-00','NO','basico',40),(1537185125,'María Soledad ','Grassini ','maria_sole83@hotmail.com','0351155318360','Capitán bustos ','1540','','','5152','Carlos paz ','Cordoba ','Argentina','','2018-10-02','NO','rapido',250),(1537191397,'SUM','MARKETING','tocheseba@gmail.com','1165042377','Av. Hipólito Yrigoyen','2050','','','1826','Remedios de escalada','Buenos aires','Argentina','PROBANDO CARRITO','2018-10-02','NO','rapido',0),(1537214640,'Silvia','Carballo','silvia.carballo@outlook.com','03489 599627','Liniers','915','','','2804','Campana','Buenos Aires','Argentina','','2018-10-02','NO','basico',40),(1537216318,'Luciana ','Rodriguez ','Lucianarodriguezoliver@gmail.com ','02644867399 ','Cano este','531','','7','5425','Rawson','San Juan ','Argentina','','0000-00-00','NO','rapido',0),(1537221139,'Luciana','Rodriguez ','dulcementepasteleriaartesanal@gmail.com','0264154867399','Cano 531 este','531','','7','5425','Rawson','SAN JUAN','Argentina','','2018-10-02','NO','rapido',0),(1537256318,'Jacqueline','Singh','Jacqueline.singh@outlook.com.ar','0222715616524','Calle20 ','886','','','6605','Navarro','Buenos Aires','Argentina','','0000-00-00','NO','basico',40),(1537277921,'roberto martinez','a','a','a','a','95','','','1832','lomas de zamora','buenos aires','Argentina','','2018-10-03','NO','basico',40),(1537289433,'Susana','Acu?a','Darioraulferezin@hotmail.com','2235691443','Martin Rodr?guez','350','2','','7600','Mar del plata','Buenos aires','Argentina','Llamar cuando llegue el pedido llamar porque no anda el portero gracias ','0000-00-00','NO','basico',40),(1537290561,'Silvia','Carballo','silvia.carballo@outlook.com','03489 599627','Liniers','915','','','2804','Campana','Buenos Aires','Argentina','','2018-10-03','NO','basico',40),(1537379034,'MARIA SOLEDAD','GRASSINI','maria_sole83@hotmail.com','0351155318360','CAPITAN BUSTOS','1540','','','5152','villa carlos paz','cordoba','Argentina','','2018-10-04','NO','rapido',250),(1537384692,'Silvia','Carballo','silvia.carballo@outlook.com','03489 599627','Liniers','915','','','2804','Campana','Buenos Aires','Argentina','','2018-10-04','NO','basico',40),(1537451744,'Jacqueline','Singh','Jacqueline.singh@outlook.com.ar','222715616524','Calle 20 ','886','','','6605','Navarro','Buenos Aires','Argentina','','2018-10-05','NO','basico',40),(1537453428,'jacqueline','singh','jacqueline.singh@outlook.com.ar','222715616524c','calle 20','886','','','6605','navarro','buenos aires','Argentina','','2018-10-05','NO','basico',40),(1537473452,'silvia','carballo','silvia.carballo@outlook.com','03489 599627','Liniers','915','','','2804','Campana','Buenos aires','Argentina','','2018-10-05','NO','basico',40),(1537564693,'aa','a','a','a','a','1','','','1832','a','buenos aires','Argentina','','2018-10-06','NO','basico',40),(1537589293,'Silvia','Carballo','silvia.carballo@outlook.com','03489 599627','Liniers','637','','','2804','Campana','Buenos Aires','Argentina','','2018-10-07','NO','basico',40),(1537618455,'Laura','Moya','Jaj_ma@hotmail.com','3834241205','Calle américa barrio donde fancisco','7','00','00','4705','Valle viejo ','Catamarca','Argentina','','2018-10-07','NO','rapido',250),(1537623036,'Arturo','Castillo','arturcastillo@gmail.com','0111541611410','Santa Rosa 1407, Condominio Civis - Edificio Robles 1 piso 3 depto 31','1475','','','1619','Garin','Buenos Aires','Argentina','','0000-00-00','NO','rapido',0),(1537714601,'María Soledad ','Grassini ','maria_sole83@hotmal.com','0351155318360','Capitán bustos ','1540','','','5152','Carlos paz ','Cordoba ','Argentina','','2018-10-08','NO','rapido',250),(1537798672,'SUM','MARKETING','tocheseba@gmail.com','1165042377','Av. Hipólito Yrigoyen','1','1','1','1826','Remedios de escalada','Buenos aires','Argentina','','2018-10-09','NO','rapido',0),(1537807329,'silvia','carballo','silvia.carballo@outlook.com','03489 599627','Liniers','637','','','2804','campana','Buenos Aires','Argentina','','0000-00-00','NO','basico',40),(1537823118,'Arturo','Castillo','arturcastillo@gmail.com','0111541611410','Santa Rosa 1407, Condominio Civis - Edificio Robles 1 piso 3 depto 31','1','','','1619','Garin','Buenos Aires','Argentina','','0000-00-00','NO','rapido',0),(1537838785,'carmen beatriz','ordoñez','carmen_ordonez14@hotmail.com','(381)4820294','sarmiento','211','','','4168','bella vista','tucuman','Argentina','','2018-10-10','NO','rapido',250),(1537889246,'Carmen Bestriz','Ordoñez','carmen_ordonez14@hotmaik.com','(0381) 4820294','Sarmiento','211','','','4168','Bella Vista','Tucuman','Argentina','','0000-00-00','NO','rapido',250),(1537896727,'VIVIANA','Gonzalez','latweety_08@hotmail.com','02901-15631476','�andubay','4542','','','3300','Posadas','Misiones','Argentina','','0000-00-00','NO','basico',40),(1537977390,'maria soledad','grassini','maria_sole83@hotmail.com','0351155318360','capitan bustos 1540','1540','','','5152','villa carlos paz','cordoba','Argentina','','2018-10-11','NO','rapido',250),(1537990085,'a','a','a','a','a','4','','','1832','lomas de zamora','buenos aires','Argentina','','2018-10-11','NO','basico',40),(1538097957,'Silvia','Carballo','silvia.carballo@outlook.com','03489599627','Liniers','915','','','2804','Campana','Buenos Aires','Argentina','','2018-10-13','NO','basico',40),(1538152680,'Arturo','Castillo','arturcastillo@gmail.com','0111541611410','Santa Rosa 1407, Condominio Civis - Edificio Robles 1 piso 3 depto 31','1','','','1619','Garin','Buenos Aires','Argentina','','2018-10-13','NO','rapido',0),(1538154750,'a','a','a','a','a','905','','','1832','lomas de zamora','buenos aires','Argentina','','2018-10-13','NO','basico',40),(1538216032,'Irene ','Ceriani','ire_ceri@hotmail.com','21215745','Verbena','6510','','','1846','San Francisco Solano Almirante Brown','Buenos Aires','Argentina','Las entre calles Avenida Lirio y Camelia. ','2018-10-14','NO','basico',40),(1538262860,'diana vanesa','ramos','ramosdianavanesa@hotmail.com','0344715509016','9 de julio ','1506','','','3283','san jose','Entre Rios','Argentina','','2018-10-14','NO','basico',40),(1538328518,'sara ines','vasallo','tolitabonell58@yahoo.com.ar','44500355','tomas le breton','3860','','','1688','santos tesei','buenos aires','Argentina','','2018-10-15','NO','rapido',250),(1538334398,'Juliana','Paz','paz_juliana@hotmail.com','1551128780','Quintana','5734','','','1646','San Fernando','Buenos Aires','Argentina','','2018-10-15','NO','rapido',0),(1538348793,'Maria Luz ','Piera','marialuzpiera@yahoo.com.ar','0346415551066','roca','1526','','','2170','Casilda','Santa Fe','Argentina','','2018-10-15','NO','rapido',0),(1538356460,'Silvia','Carballo','silvia.carballo@outlook.com','03489599627','Liniers','915','','','2804','Campana','Buenos Aires','Argentina','','0000-00-00','NO','basico',40),(1538364102,'SIMONA','RODRIGUEZ','Simonerod.rodriguez761@gmail.com','03447-15-647306','EMILIO FRANCOU ','2032','','','3265','VILLA ELISA','Entre Ríos','Argentina','','2018-10-16','NO','rapido',0),(1538487964,'eliana','masco','elianamasco@gmail.com','01126547741','Guaraní','66','','1','1437','capital federal','Buenos Aires','Argentina','','2018-10-17','NO','basico',40),(1538597101,'roberto martinez','a','a','a','a','9','','','1832','lomas de zamora','buenos aires','Argentina','','0000-00-00','NO','rapido',330),(1538619629,'María Soledad ','Grassini ','maria_sole83@hotmail.com','3515318360','Baracaldo barrio villa Cabrera ','2782','','','5118','Cordoba ','Cordoba ','Argentina','','2018-10-19','NO','rapido',0),(1538702797,'Arturo','Castillo','arturcastillo@gmail.com','0111541611410','Santa Rosa 1407, Condominio Civis - Edificio Robles 1 piso 3 depto 31','1','','','1619','Garin','Buenos Aires','Argentina','','0000-00-00','NO','rapido',290),(1538742864,'sandra','chana','san_zel@hotmail.com','1562177460','Melincue 4197','-','-','-','1417','caba','buenos aires','Argentina','','2018-10-20','NO','basico',0),(1538747160,'Melina','Meza','Milintentos_meli@hotmail.com','1144017971','Rodo','670','','','1875','Wilde','Buenos Aires ','Argentina','','2018-10-20','NO','basico',80),(1538749958,'Gabriela ','OTASU','gabyotasu@yahoo.com','03425226459','9 de Julio ','7450','','','3000','SANTA FE','Santa Fe','Argentina','','0000-00-00','NO','rapido',0),(1538793003,'Susana','pugliese ','sgpfeo@gmail.com','2226686142','Mitre','1663','','','1814','cañuelas','buenos Aires','Argentina','','2018-10-21','NO','rapido',0),(1538930465,'Catalina','Martinez','catalina_martinez26@hotmail.com ','0387-154048205','Rodriguez ','509','','','4430','General Guemes','Salta','Argentina','','0000-00-00','NO','rapido',0),(1539226731,'María ','Zapata','Facu_papu18@hotmail.com ','2226687079','Lope de vega ','447','','','1814','Cañuelas ','Buenos Aires ','Argentina','','2018-10-26','NO','basico',240),(1539286150,'Sandra','Rodriguez','San20630@yahoo.com.ar','1537043985','Liniers','334','','','1618','Talar','Buenos aires','Argentina','','2018-10-26','NO','rapido',0),(1539494704,'Rocío ','Ojeda ','Ro70354@gmail.com','3416171098','Polonia ','67','','','2124','Villa Gobernador Gálvez ','Santa Fe ','Argentina','','2018-10-29','NO','rapido',0),(1539573781,'RAFAEL','HERNANDEZ','rafaelhdzglz@outlook.com','8331170941','circuito litoral','254','','','89607','altamira','tamaulipas','México','','2018-10-30','NO','rapido',0),(1539714868,'Jimena','Herrera ','jienakherrera@hotail.com','3834659464','Chacabuco','532','','','4700','Capital','Catamarca','Argentina','','2018-10-31','NO','rapido',0),(1539777110,'MARCELA','ROMERO','Vaalee-marce@hotmail.com','353 154216942','9 de Julio','969','','','5903','Villa Nueva','C�rdoba','Argentina','','0000-00-00','NO','rapido',0),(1539790758,'Silvia Susana','Pastrana','juany_la15@hotmail.com','(387) 445-4412','Mar Jónico','1338','','','4400','Salta','Salta','Argentina','','2018-11-01','NO','basico',40),(1539938218,'viviana ','Pérez maldonado','vivianariocuarto@gmail.com','0358 4660026','Av Presidente Perón Este','812','','','5008','Río Cuarto','Córdoba','Argentina','','2018-11-03','NO','rapido',0),(1539960706,'Victoria','Lencina','Victorialencina0412@icloud.com','1144450830','Beiro ','3934','5','C','1615','Capital federal','Bs as','Argentina','Libro de tortas de flor menescaldi ','2018-11-03','NO','rapido',0),(1539980344,'Jorgelina ','Parodi ','jorgelinaandreaparodi@hotmail.com ','2342409299','Santa Rosa ','79','','','6640','Bragado ','Buenos Aires ','Argentina','','2018-11-03','NO','basico',80),(1539980858,'JORGELINA','PARODI','jorgelinaandreaparodi@hotmail.com','2342409299','Santa Rosa','79','','','6640','Bragado','Buenos Aires','Argentina','','2018-11-03','NO','basico',80),(1540119724,'Conchita','Suárez soto','Conchitasuarez25@gmail.com','+34608823680','Calle real','9','','','24346','Vega de infanzones ','Leon','España','','2018-11-05','NO','basico',120),(1540153546,'Maria Julieta','Ochoa','ochoajulieta@hotmail.com','21378007','Barragan','410','','2351','1408','Liniers','Buenos Aires','Argentina','','2018-11-05','NO','basico',40),(1540341077,'María gabriela','Gonzalez','leona-h3@hotmail.com','3816306639','Juan José paso ','3603','','','4000','San Miguel de tucuman','Tucuman','Argentina','Encantada!!!','2018-11-08','NO','rapido',330),(1540378662,'María gabriela','Gonzalez','leona-h3@hotmail.com','3816306639','Juan José paso','2603','','','4000','San Miguel de Tucuman','Tucuman','Argentina','Encantada!!!!','2018-11-08','NO','rapido',370),(1540431494,'Mónica','Ramos','ramosmonicabeatriz@gmail.com','02615988116','La pampa 3495','3495','','','5539','Las Heras','Mendoza','Argentina','Barrio huasi3 mc casa25','2018-11-09','NO','basico',80),(1540438552,'Susana','Méndez','sumen26@yahoo.com','1544184457','Ayolas','2835','-','-','1879','Quilmes Oeste','Buenos Aires','Argentina','','2018-11-09','NO','rapido',250),(1540779730,'Rocío debora','Vargas','Recargas32@gmail.com','3524 497093','Rondeau ','825','','','5236','Villa del totoral','Cordoba','Argentina','','2018-11-13','NO','basico',80),(1540911874,'Adriana','Andujar','Dubreuil8@hotmail.com','11 64455621','San Juan ','2525','','','1722','Merlo','Buenos sires','Argentina','','2018-11-14','NO','basico',40),(1541005499,'gabriela','castillo','florenciac09@gmail.com','1138029047','republica argentina','434','','','1804','ezeiza','buenos aires','Argentina','calle:republica argentina 434 entre tucuman y caseros(EZEIZA)','2018-11-15','NO','basico',40),(1541169913,'Paula ','Valdés','Paula_patricia69@hotmail.com','0341 56952692','Pasaje Asturias','1047','','','2000','Rosario','Santa fe','Argentina','','2018-11-17','NO','rapido',0),(1541378392,'Johanna','Ramos','johannavramos@hotmail.com','3816364784','Dean Funes','161','','','4000','San Miguel de Tucumán','Tucumán','Argentina','','0000-00-00','NO','basico',40),(1541419629,'Vanina','Di Toro','vandt74@hotmail.com','1140438515','Mejico','5180','','','1603','Villa Martelli','Buenos Aires','Argentina','','2018-11-20','NO','rapido',0),(1541419781,'Paula','Andrada','Cele_lugano_22@hotmail.com','1522490852','Mariquita Thompson ','1036','Timbre pri','','1768','Villa madero','Buenos aires','Argentina','','0000-00-00','NO','basico',160),(1541443041,'Romina','Caligaris','gabrielraposo23@gmail.com','03465664284','pueyrredon','665','','','2630','Firmat','Santa fe','Argentina','','0000-00-00','NO','rapido',0),(1541445741,'roberto martinez','a','a','a','a','3','','','1832','lomas de zamora','buenos aires','Colombia','','2018-11-20','NO','basico',40),(1541455889,'Dayanna','Zevallos','day150@hotmail.com','1567915447','Mompox','1654','','','1654','Capital federal','Capital federal','Argentina','','2018-11-20','NO','rapido',0),(1541478791,'Juliana','Paz','paz_juliana@hotmail.com','1551128780','Quintana','5734','','','1646','San Fernando','Buenos Aires','Argentina','','2018-11-21','NO','rapido',0),(1541516632,'Bibiana','Rodriguez','bastercom12@gmail.com','1562035918','Azara ','330','','18','1267','Caba','Buenos aires','Argentina','','0000-00-00','NO','rapido',0),(1541530656,'VIVIANA','GONZALEZ','latweety_08@hotmail.com','2901-631476','Ñandubay','4542','','','3300','POSADAS','MISIONES','Argentina','ENTRE CALLE 93 Y AV. Las Heras. B° 20 DE JUNIO. CH 91','2018-11-21','NO','basico',280),(1541652510,'Cintia','Zotar','torrezgina1565@gmail.com','15587310','General Lavalle ','529','1','1','4530','Or?n','Salta','Argentina','Hola hasta el viernes abonare,entregar en horario comercial,es la direcci?n de mi negocio,donde mando la foto de la boletita de cancelaci?n,me indica asi tambi?n me da datos del envio,para hacer el seguimiento de llegada,gracias','0000-00-00','NO','basico',440),(1541691667,'Celeste','Martínez ','luzcele@yahoo.com','7872479988','Reparto Universidad 12 C 17','12','C','17','00683','San Germán ','San Germ?n PR','Puerto Rico','','0000-00-00','NO','basico',240),(1541799589,'Cintia','Zotar','torrezgina1565@gmail.com','15587310','General lavalle ','539','1','1','4530','Orán','Salta','Argentina','Hola por favor agregar estas 2 unidades a mi primer pedido,gracias','2018-11-24','NO','basico',80),(1541858244,'Adriana ','Bollero ','maguidimicoli@gmail.com','3402440530','Humberto primo ','533','','','2128','Arroyo seco ','Santa fe ','Argentina','','0000-00-00','NO','basico',40),(1542019464,'Romina Caligaris','Caligaris','gabrielraposo23@gmail.com','03465662641','pueyrredon','665','','','2630','Firmat','Santa fe','Argentina','','0000-00-00','NO','rapido',0),(1542042148,'Carolina','Aguirre','Aguirrec647@gmail.com','0344215676962','Pablo lorentz ','1074','','','3260','Concepcion del uruguay','Entre Ríos','Argentina','','0000-00-00','NO','basico',280),(1542079129,'María de los Ángeles','Manassero ','manasserokitti@live.com.ar ','(0353)154229551','Gabriela Mistral ','130','','','5913','Pozo del Molle ','Córdoba ','Argentina','','2018-11-28','NO','basico',240),(1542137959,'Anabella ','Di Leo','anabella-dileo@hotmail.com','1532196969','Biarritz ','1969','0','1','1416','Ciudad Autonoma de Buenos Aires','Buenos Aires','Argentina','Departamento numero 1.\r\nNo dejar en la puerta porque se lo roban. Tocar el timbre, dejar debajo de la puerta o en la ventana.','2018-11-28','NO','basico',80),(1542148256,'Maria gimena','Peri','Gimeperi@hotmail.com','2235120517','Posadas','354','','','7600','Mar del plata','Buenos aires','Argentina','','2018-11-28','NO','basico',200),(1542148963,'VANINA MARIA SOLEDAD','Romero Graña','vmsrg24@gmail.com','0111522768405','LEONISMO ARGENTINO','423','','','1617','GENERAL PACHECO','BUENOS AIRES','Argentina','','2018-11-28','NO','basico',120),(1542156063,'Claudia Mónica','Cavallo','monicavallo@live.com.ar','3794529626','Manzana C, Sector 11, Casa 63, Barrio Güemes','-','-','-','3400','Corrientes','Corrientes','Argentina','','2018-11-29','NO','basico',120),(1542214427,'lidia Mabel','Abuel','mabelabuel6@gmail.com','3454203511','pedro Duarte y 53 Este ','1','','','3200','concordia','entre rios ','Argentina','','2018-11-29','NO','basico',40),(1542280539,'Sonia','Elola','Soniagelola@gmail.com','2932447272','Sargento cabral','1870','','3','7400','Olavarria','Buenos aires','Argentina','','2018-11-30','NO','basico',120),(1542399415,'Jorgelina','Parodi','jorgelinaandreaparodi@hotmail.com','02342409299','Santa Rosa','79','','','6640','Bragado','Buenos Aires','Argentina','Por favor envien fotografía de comprobante asi puedo ir a reclamar el ejemplar al correo PORQUE EN MI CIUDAD EL SERVICIO BÁSICO NO LO REPARTEN. Gracias.\r\nMi celular es 02342-409299 por si quieren enviar foto por Whatsapp','2018-12-01','NO','basico',50),(1542521982,'Matilde ','Garcia','mati896remedi@hotmail.com ','3513863425','Francisco soler','120','','','5000','Cordoba','Cordoba','Argentina','','2018-12-03','NO','rapido',0),(1542570446,'soledad','rodriguez','simonerod.rodriguez761@gmail.com','0344715647306','EMILIO FRANCOU  ','2032','','','3265','VILLA ELISA','Entre Ríos','Argentina','PARA SABER CON QUE EMPRESA LO ENVIAN? A TRAVÉS DEL CORREO?.SI NO HAY NADIE CUANDO LO REPARTEN DEJAN AVISADO QUE ESTUVIERON?','2018-12-03','NO','basico',250),(1542606546,'Adriana','Alzugaray','ana.garay@live.com','3425698849','Ignacio crespo ','7599','','','3000','Santa fe','Santa fe','Argentina','','2018-12-04','NO','rapido',0),(1542652024,'Dafne Belen','Viegas Iglesias','Dueniadenada@gmail.com','1538249821','Vergara ','1830','','','1828','Banfield','Buenos aires','Argentina','','2018-12-04','NO','rapido',0),(1542849531,'Irene','Ceriani','ire_ceri@hotmail.com','42121-5745','Verbena','6510','','','1846','San Francisco Solano Almirante Brown','Buenos Aires','Argentina','Casa sobre vereda - Paredes cerámica grises - Carro de Comida en la vereda.','2018-12-07','NO','basico',50),(1543017310,'Maria Luz ','Piera','marialuzpiera@yahoo.com.ar','03464426458','Roca','1526','','','2170','Casilda','Santa Fe','Argentina','','2018-12-09','NO','rapido',0),(1543029402,'Anabella','Di Leo','anabella-dileo@hotmail.com','1132196969','Biarritz','1969','','1','1416','Ciudad Autónoma de buenos aires','Buenos Aires','Argentina','Tocar el timbre. No dejar debajo de la puerta. Si no estoy dejar en timbre 4. ','2018-12-09','NO','basico',150),(1543237210,'Julieta','Serri','julieta_serri@yahoo.com.ar','1532716330','Gral Alvear','1097','','','1611','DON TORCUATO','Bs As','Argentina','Portón de madera, no es Ruta 202.','2018-12-11','NO','basico',50),(1543240745,'roberto martinez','a','a','a','a','a','','','1832','a','buenos aires','Argentina','','2018-12-11','NO','basico',50),(1543340804,'a','a','a','a','a','1','','','1832','lomas de zamora','buenos aires','Argentina','','2018-12-12','NO','rapido',0),(1543540153,'ANALAURA','BOTTEGONI','albottegoni0@gmail.com','3624060093','barrio don santiago 3 manzana 32','6','','','3500','RESISTENCIA','CHACO','Argentina','','2018-12-15','NO','rapido',0),(1543540940,'Jesica Lorena','Lucero','jesilucero5@gmail.com','03415446793','Fernández Moreno','2643','Pb','E','2000','Rosarii','Santa Fe','Argentina','','2018-12-15','NO','basico',50),(1543663842,'Evangelina ','Ritta','evangeritta@hotmail.com','0346715437164','Palma Bombino','482','','','2587','Inriville','Córdoba','Argentina','','0000-00-00','NO','basico',250),(1543690263,'Gabriela ','Moyano','gabry712@gmail.com','1559652168','San Luis ','1140','','','1657','Loma Hermosa, Partido 3 de Febrero','Buenos Aires','Argentina','','2018-12-16','NO','rapido',0),(1543697756,'Dayanna','Zevallos','Day150@hotmail.com','1167915447','Mompox','1654','','','1134','Capital Federal','Buenos aires','Argentina','','2018-12-16','NO','rapido',0),(1543782455,'Gaston ','Burkett','gstnburkett@gmail.com','03562468002','Rivadavia 437','437','0','0','2347','San Guillermo','Santa Fe','Argentina','','0000-00-00','NO','basico',200),(1543854896,'Jesica ','Sandoval ','jesilamasmillo83@gmail.com ','01169635494','Tupungato','279','','','1842','Monte grande','Buenos Aires ','Argentina','','0000-00-00','NO','basico',50),(1543882158,'María Luz','Piera','marialuzpiera@yahoo.com.ar','0346415551066','Roca','1526','','','2170','Casilda','Santa Fe','Argentina','','2018-12-19','NO','rapido',0),(1543961030,'eliana','masco','elianamasco@gmail.com','1126547741','guarani','66','','1','1437','caba','buenos aires','Argentina','','2018-12-19','NO','rapido',0),(1543964357,'MARIA SILVIA ','SAN JUAN','silviasj@hotmail.com','02901643540','RIO GALLEGOS','565','','','9410','USHUAIA','TIERRA DEL FUEGO','Argentina','PARA LA ENTREGA AVISAR POR CELULAR 02901-15643540','2018-12-19','NO','basico',400),(1544095448,'Haydee','Deza','Puestopolvareda51@gmail.com','1155980367','Camino General Belgrano y Centenario Uruguayo','03700','Puesto de ','','1825','Lanus este','Buenos Aires','Argentina','En esta zona no llegan esas revistas','2018-12-21','NO','basico',50),(1544139340,'M Maite','Belascoain','belascoain.maite@gmail.com','------','-------','---','','','1846','Adrogue','Adrogue','Argentina','','2018-12-21','NO','rapido',0),(1544476241,'Carina ','Adimari','adicarucha@gmail.com','1157725194','Felipe Llavallol','3749','','','1667','Tortuguitas','Buenos Aires','Argentina','Entre Panamá y Venezuela','2018-12-25','NO','rapido',0),(1544975335,'Lorena','Gabert','lorenagabert@gmail.com ','0341155022834','Pasaje Vedia','3955','','','2000','Rosario','santa fe','Argentina','','2018-12-31','NO','rapido',0),(1545791517,'Melina','Meza','Milintentos_meli@hotmail.com','1144017971','Rodo','670','','','1875','Wilde','Buenos Aires ','Argentina','','2019-01-10','NO','basico',150),(1546178896,'Paola','VILCHEZ','paovil80@hotmail.com','2664563789','Moreno ','13','','','5750','La Toma','San Luis','Argentina','','2019-01-14','NO','rapido',0),(1546968117,'Virginia','De Michele','dmvirgi@yahoo.com.ar','3364522098','Roman Subiza','1960','','','2900','San Nicolas','Buenos Aires','Argentina','','2019-01-23','NO','rapido',0),(1547119981,'Celeste ','Martinez ','luzcele@yahoo.com','7872479888','Reparto Universidad calle 12 C 17','12','C','17','00683','San Germán ','PR','Puerto Rico','','2019-01-25','NO','basico',1900),(1547163885,'Arturo','Castillo','arturcastillo@gmail.com','1141611410','aaa','1','1','','1667','Manuel Alberti','Buenos Aires','Argentina','','0000-00-00','NO','basico',50),(1547221669,'Arturo','Castillo','arturcastillo@gmail.com','1141611410','Patricios 1475','1','1','','1667','Manuel Alberti','Buenos Aires','Argentina','','2019-01-26','NO','basico',50),(1547241054,'Rocio','Ojeda','ro70354@gmail.com','3416171098','Polonia','67','','','2124','Villa Gobernador Galvez','Santa Fe ','Argentina','','0000-00-00','NO','rapido',0),(1547592890,'Fernanda Carolina','Carrera','juan','(387) 536-1493','Mar Jónico','1338','','','4400','Salta','Salta','Argentina','','2019-01-30','NO','basico',100),(1548798185,'Gabriela','Cipriano','nefer463@yahoo.com.ar','0351 4201293','Colon','401','','','5000','Córdoba','Córdoba a','Argentina','','2019-02-14','NO','rapido',0),(1548809351,'Gabriela','Cipriano','nefer463@yahoo.com.ar','0351 4201293','Colon','401','','','5000','Cordoba','Cordoba','Argentina','','0000-00-00','NO','rapido',0),(1549416257,'Ariel ','Ogian','aogian@gmail.com','011 5924 7792','Treinta y Tres','435','','','1718','San Antonio de Padua','Buenos Aires','Argentina','','2019-02-21','NO','rapido',0),(1549491589,'Vanesa','Graneros','evglka@hotmail.com','1138952630','Floresta','695','','','1761','Pontevedra','Buenos aires','Argentina','','2019-02-21','NO','basico',50),(1549491745,'Roxana','Diaz','roxanadelvallediaz@gmail.com','1164758525','Lartigau','4743','','','1754','San justo','Bs as','Argentina','','2019-02-21','NO','rapido',0),(1549597070,'maria cristina','castillo','mcristycp@gmail.com','0353 155000818','27 septiembre','1513','','','5900','villa maria','cordoba','Argentina','','2019-02-23','NO','basico',250),(1549933751,'yamila','sosa','yamilasosa10@gmail.com','30091712','almirante Brown','775','0','0','1155','La Boca','Capital Federal','Argentina','Panaderia Las Chicas ','0000-00-00','NO','basico',100),(1549997952,'Iliana ','Botto','ili_vb@hotmail.com','2996002864','Av. Argentina ','551','','','8303','Cinco Saltos','Rio Negro','Argentina','','2019-02-27','NO','rapido',0),(1550689028,'Jessica','Chávez feliz','Jessicachavez19@hotmail.com','6671180016','Granatr','3143','','','80025','Culiacan','Sinaloa','México','','2019-03-07','NO','rapido',0),(1550702767,'Silvina','Mateo','silvinamateo@gmail.com','3516566077','Mm','4357','-','-','5000','Córdoba','Córdoba ','Argentina','','2019-03-07','NO','rapido',0),(1550754018,'María Andrea ','Seco Maza','asecomaza@gmail.com ','3834665436','Padre Gregorio Peralta ','0','0','0','4700','San Fernando del Valle ','Catamarca','Argentina','','2019-03-08','NO','rapido',0),(1551740735,'claudia','ceccardi','claudiaceccardi@gmail.com','1121557504','gral. lamadrid ','3036','','','1678buen','caseros','buenos Aires ','Argentina','','2019-03-19','NO','rapido',0),(1551858692,'Susana M.','Mendez','sumen26@yahoo.com','42505183','Ayolas','2835','','','1879','Quilmes Oeste','Buenos Aires','Argentina','','0000-00-00','NO','rapido',300),(1552075938,'Julia ','Gnarra','moni_7_26@hotmail.com','011 15 44382872','Còrdoba','195','','','4400','Salta','Salta','Argentina','Hotel Posada del Marquès.Dejar en receptorìa.','2019-03-23','NO','basico',50),(1552371149,'Sofia','Sujodolski','soydalkila@gmail.com','2281596584','Tapalque','276','','','7300','Azul','Buenos Aires','Argentina','','2019-03-27','NO','rapido',0),(1552527592,'Iliana Botto','Botto','ili_vb@hotmail.com','2996002864','Av. Argentina ','551','','','8303','Cinco Saltos','Rio Negro','Argentina','','2019-03-29','NO','rapido',0),(1552602482,'silvia ','rovea','srovea@hotmail.com','3415987122','montevideo','2630','2','','2000','rosario','santa fe','Argentina','','2019-03-29','NO','rapido',0),(1552853954,'Iliana','Botto','ili_vb@hotmail.com','2996002864','Av. Argentina ','551','','','8303','Cinco Saltos','Rio Negro','Argentina','','2019-04-01','NO','rapido',0),(1553360857,'Maite','Belascoain','belascoain.maite@gmail.com','--','..','0','0','0','1846','Adrogu?','Buenos aires','Argentina','','0000-00-00','NO','rapido',0),(1553744260,'Adriana','Navarro','Ean_nvarro@yahoo.com.ar','1544344325','Misiones','24','','','1642','San Isidro','Bs as','Argentina','','2019-04-12','NO','rapido',0),(1554030003,'CAROL BALIERO','BALIERO','carol-eleas@hotmail.com','605407575','Simón García','5','3','A','30003','MURCIA','Murcia','España','','2019-04-15','NO','rapido',0),(1555083752,'Silva Susana','Pastrana','juany_herrerac@hotmail.com','4270124','Mar J�nico','1338','','','4400','Salta','Salta','Argentina','','0000-00-00','NO','basico',50),(1555113900,'Carla','Bordon','carlitabor@hotmail.com','3876846380','Los ombues','149','','','4400','Salta','Salta','Argentina','','2019-04-28','NO','rapido',0),(1555704306,'Iara Agustina','Solís ','iarusolis16@gmail.com ','1138770977','INDEPENDENCIA ','8052','','','1669','PILAR ','Buenos Aires','Argentina','','2019-05-04','NO','rapido',0),(1556122897,'Carina','Arzán','lomitoargentino@yahoo.com.ar','280_4863701','Beltrán y Belgrano','220','2','O','9100','Trelew','Chubut','Argentina','Hola: son seis revistas. ','2019-05-09','NO','basico',300),(1556195400,'Alejandra','Caimi','Alejandracaimi@gmail.com ','297154922128','Punta tombo','2343','','','9001','Rada tilly','Chubut','Argentina','','0000-00-00','NO','basico',100),(1556307325,'Sandra','Zelona','nomizel@gmail.com','1145815046','Avenida San Martín','1216','','','1516','Capital federal','Buenos Aires','Argentina','Entregar en la Farmacia diez esquinas','2019-05-11','NO','basico',600),(1556744711,'Jessica','Allemand','Jessiallemand@hotmail.com.ar','1156519000','Lucero','776','','','1716','Libertad','Buenos aires','Argentina','','2019-05-16','NO','basico',50),(1557358709,'Gonzalo nahuel ','Gorosito','Goro7_23@hotmail.com','2983511918','Tacuari ','965','','','7500','Tres arroyos ','Buenos aires','Argentina','','2019-05-23','NO','rapido',300),(1557407106,'Gabriela ','Otasu','gabyotasu@yahoo.com','3425226459','9 de Julio ','7450','','','3000','SANTA FE','Santa Fe','Argentina','','2019-05-24','NO','rapido',0),(1557444218,'Carina','Lobos','carinalobos46@yahoo.es','2954333931','Tamborini ','110','','','6303','Toay','La Pampa','Argentina','','0000-00-00','NO','rapido',0),(1557757414,'Paula','Prieto ','Pauvalprieto@hotmail.com','3777309977','Cazadores correntinos ','661','','','3450','Goya','Corrientes','Argentina','','2019-05-28','NO','basico',300),(1558209810,'Elvia Magdalena','Guzman','elvia_magdalena@yahoo.com','3878397348','Chubut  s/n mza 53b casa 8 Barrio 120 viviendas','00','','','4534','Pichanal','Salta','Argentina','Domicilio entre calles Bs.As. y Misiones','0000-00-00','NO','basico',300),(1558373890,'Elvia Magdalena','Guzman','elvia_magdalena@yahoo.com','3878397348','Chubut s/n  mza 53b casa 8 Barrio 120 viviendas','00','','','4534','Pichanal','Salta','Argentina','Domicilio entre calles Bs. As. y Misiones','2019-06-04','NO','basico',375),(1558922893,'Andrea ','Aylagas','andy_aylagas@hotmail.com ','1136410301','Ambrosio Cramer ','1546','','','1665','José c paz','Buenos Aires ','Argentina','','2019-06-11','NO','rapido',0),(1558956496,'Andrea','Aylagas','andy_aylagas@hotmail.com ','1136410301','Ambrosio Cramer ','1546','','','1665','Jos� c paz ','Buenos Aires ','Argentina','','0000-00-00','NO','basico',675),(1558985480,'Emilio Javier','PASQUALE','pasquti@hotmail.com','1550034685','Italia ','6358','','','1653','Villa Ballester','BUENOS AIRES','Argentina','Donde se debe entregar en una empresa de L a S hay gente de 7 a 18.','2019-06-11','NO','basico',150),(1559781257,'Eliana L','Becerra','elianabecerra@hotmail.com','2664344275','Raúl B Diaz','2380','0','0','5700','San Luis','San Luis','Argentina','','2019-06-21','NO','rapido',0),(1559784695,'Noelia','Di Fulvio','difulvionoelia@gmail.com','0346515442283','Azopardo','675','','','2630','Firmat','Santa Fe','Argentina','','2019-06-21','NO','basico',150),(1559916968,'Celeste ','Martínez ','luzcele@yahoo.com','787-248-9988','Reparto Universidad ','12','C','17','00683','San Germán ','PR','Puerto Rico','','2019-06-22','NO','basico',750),(1560337859,'Ana','Golliard','biscuiteira@gmail.com','+41767489230','Etrabloz','29','','','1551','Vers-chez-Perrin','Vaud','Suiza','Hola,\r\n\r\nMe gustaria encargar estas revistas de porcelana fria en formato digital y me gustaria saber si van a salir otras mas.\r\nGracias :)','0000-00-00','NO','rapido',0),(1560369481,'Anabel','Del barco','luissartorio1980','0340615400146','Corrientes','249','','','2452','San jorge','Santa fe','Argentina','','0000-00-00','NO','rapido',0),(1560614307,'Debora','Zapata','zapatadebora.83@gmail.com','2216908656','Chacabuco','62','','','7130','Chascomús ','Buenos Aires','Argentina','','2019-06-30','NO','basico',150),(1560861016,'Noelia','di fulvio','difulvionoelia@gmail.com','0346515442283','Zona rural','0','','','2728','Melincue','santa fe','Argentina','','2019-07-03','NO','basico',75),(1561003424,'Andrea','Eckerdt','andrequee83@hotmail.com','3454956061','Chile ','1381','','','3200','Concordia','Entre Ríos','Argentina','','0000-00-00','NO','basico',150),(1561155172,'Paola','Do Santos ','gise_santos_90@hotmail.com.ar','1144024785','Spiro ','4296','','','1757','Laferrere ','Buenos Aires','Argentina','','2019-07-06','NO','basico',75),(1561329085,'Ana María','Domínguez','Alexisjd22@gmail.com','3887401405','Huacalera','853','','','4612','Palpalá','Jujuy','Argentina','','2019-07-09','NO','basico',75),(1561680650,'Ana María','Domínguez','Alexisjd22@gmail.com','3887401405','Huacalera','853','','','4612','Palpalá','Jujuy','Argentina','','2019-07-13','NO','basico',75),(1562776766,'Mariel','Sabbioni','marielsabbioni@outlook.com.ar','3329528674','Rivadavia','1115','2','A','2930','San Pedro ','Buenos aires','Argentina','','2019-07-25','NO','rapido',0),(1562811251,'Mariel','Sabbioni','marielsabbioni@outlook.com.ar','3329528674','Rivadavia','1115','2','A','2930','San Pedro','Bueno aires','Argentina','','2019-07-26','NO','rapido',0),(1562931140,'Graciela','Mosquera','gracielamosquera68@gmail.com','356415502535','Alberdi','111','','','2413','Freyre','Cordoba','Argentina','','0000-00-00','NO','rapido',450),(1563206837,'Diana ','Roncero','diana_roncero@yahoo.com.ar','1551654810','Reconquista','266','','','1003','Capital Federal','Buenos Aires','Argentina','Entrega en mi lugar de trabajo Banco Central. al llegar llamar al interno 3690','2019-07-30','NO','basico',150),(1563209782,'Diana','Roncero','diana_roncero@yahoo.com.ar','1551654810','Reconquista','266','','','1003','Capital Federal','Buenos Aires','Argentina','','2019-07-30','NO','rapido',0),(1563493201,'Rosa Nélida','Zurdo','rosanelidazurdo@yahoo.com.ar','1136790947','Cerro Aconcagua','2173','','','1888','Florencio Varela','BUENOS AIRES','Argentina','','2019-08-02','NO','basico',100),(1563493389,'Rosa Nelida','Zurdo','rosanelidazurdo@yahoo.com.ar','1136790947','Cerro Aconcagua ','2173','','','1888','Florencio Varela','BUENOS AIRES','Argentina','','2019-08-02','NO','basico',400),(1563930316,'Ursula','Carrascosa','mucarrascosa@hotmail.com','2622463987','San Martín','66','','','5565','Vista Flores','Mendoza','Argentina','Al lado iglesia católica. Entregar en horario de mañana. Tratar de enviar por correo argentino. Muchas gracias','2019-08-08','NO','basico',600),(1564418851,'roberto martinez','m','r','dd','d','d','','','1832','d','buenos aires','Argentina','','2019-08-13','NO','basico',100),(1564484853,'Rocio Soledad ','Ojeda ','ro70354@gmail.com','3416171098','Polonia','67','','','2124','Villa Gobernador Galvez','Santa Fe ','Argentina','','0000-00-00','NO','rapido',0),(1565643988,'LORENA ','GABERT','lorenagabert@gmail.com','0341155022834','pasaje vedia','3955','','','2000','rosario','santa fe','Argentina','','2019-08-27','NO','rapido',0),(1565708921,'Maria Susana','Brest','susy_manzanita@hotmail.com.ar','03644681414','Paraguari','S/n','000','000','3530','Quitilipi','Chaco','Argentina','Domicilio: MZ 22 PC 18 barrio 220 viviendas','0000-00-00','NO','basico',100),(1565710268,'Gabriela','Otasu','gabyotasu@yahoo.com','3425226459','9 de Julio ','7450','','','3000','SANTA FE','Santa Fe','Argentina','','0000-00-00','NO','rapido',0),(1565725954,'Ana María Victoria','Navarro Mendoza','nvickm@hotmail.com','2215925088','Calle 46','3174','','','1900','La plata','Buenos aires','Argentina','','2019-08-28','NO','rapido',0),(1565741440,'Ana María Victoria','Navarro Mendoza','nvickm@hotmail.com','2215925088','46 entre 158 y 159','3174','','','1900','La plata','Buenos aires','Argentina','Rejas negras ladrillo a la vista','2019-08-29','NO','basico',100),(1565891413,'Marcela','Del Bosque','mdelbosque@hotmail.com','0351 4606086','Pasaje Espa�a','1318','','','5000','Cordoba','Cordoba','Argentina','','0000-00-00','NO','basico',100),(1566051141,'Ana Mar?a Victoria','Navarro Mendoza','nvickm@hotmail.com','542215925088','Calle 46 entre calle 158 y calle 159','3174','','','1900','La plata','Buenos aires','Argentina','Casa rejas negras ladrillo a la vista','0000-00-00','NO','basico',100),(1566250558,'Romina Gisele','Avila','rominagiseleavila@gmail.com','3584341982','Tablada','552','PB','5','5800','Rio Cuarto','Cordoba','Argentina','','0000-00-00','NO','basico',200),(1567308701,'silvia azucena','santo','silviasanto08@gmail.com','1151555050','Av constituyentes3400','3447','','','1427','Caba','Buenos aires','Argentina','','2019-09-16','NO','rapido',0),(1568312976,'Jessica','Chávez felix','Jessicachavez19@hotmail.com','6671180016','Gránate ','3144','','','80025','Culiacan','Sinaloa','México','','2019-09-27','NO','rapido',0),(1568660014,'Daiana','Rodriguez','betzydair47@outlook.com','0344615660839','Santiago Diaz','274','2','a','2820','Gualeguaychu','Entre Rios','Argentina','','2019-10-01','NO','rapido',0),(1568854144,'Macarena','Medrano','Macarenamedrano@hotmail.com','1156019549','Vicente lopez','3434','','','1842','monte grande','Buenos Aires','Argentina','','2019-10-04','NO','rapido',0),(1569114596,'Romina ','Retamal','romimigueeleo@outlook.com.ar','1140249127','23','4052','','','1884','Berazategui','Buenos Aires','Argentina','','2019-10-07','NO','basico',100),(1570230659,'Cinthia Lorena ','Capli','cinthi_capli@hotmail.com','3624925926','Colon','632','3','C','3500','Resistencia ','Chaco','Argentina','','2019-10-19','NO','rapido',0),(1570273089,'cinthia lorena','Capli','cinthi_capli@hotmail.com','3624925926','Colon ','632','3','c','3500','resistencia','chaco','Argentina','','2019-10-20','NO','rapido',0),(1570280021,'Gabriela','Fonseca','gff73@hotmail.com','1533991681','Beazley','635','-','-','1764','Sáenz Peña','Buenoa Aires','Argentina','','2019-10-20','NO','basico',100),(1570388101,'Marisa','Torraca','torraca_m@hotmail.com','02901458897','sarmiento','108','8','b','8000','Bahía Blanca','Buenos Aires','Argentina','','2019-10-21','NO','basico',100),(1570544794,'cinthia lorena','capli','cinthi_capli@hotmail.com','3624925926','colon','632','3','C','3500','RESISTENCIA','CHACO','Argentina','','2019-10-23','NO','rapido',0),(1570708876,'MARCELA LAURA','DEL BOSQUE','mdelbosque@hotmail.com','0351152669800','Pasaje España','1318','0','0','5000','CORDOBA','CORDOBA','Argentina','','2019-10-25','NO','rapido',0),(1571239847,'Daniela','Manzoni','dany22art@yahoo.com.ar','155514459','corrientes','2777','--','-','7600','Mar del Plata','Buenos Aires','Argentina','','2019-10-31','NO','basico',300),(1571243283,'Vanesa','Urdaniz','Leandrocordoba937@gmail.com ','02214218134','523esq20 ','2498','','','1900','La plata','Buenos aires','Argentina','','2019-10-31','NO','basico',200),(1571258503,'Vanesa','Urdaniz','Leandrocordoba937@gmail.com ','02214218134','523esq20 ','2498','','','1900','La plata','Buenos aires','Argentina','','2019-10-31','NO','basico',200),(1572466132,'Lorena Paola','Bulfoni','lorenabulfoni@yahoo.com','0346415511842','Dante Alighieri','1604','','','2170','Casilda','Santa Fe','Argentina','','2019-11-14','NO','rapido',0),(1572498049,'Giselle ','LAMMARDO ','giss2239@live.com.ar','1560313022','Av. Mosconi ','3644','PB','B','1419','Capital Federal ','Capital Federal','Argentina','','0000-00-00','NO','basico',400),(1572645015,'Laura','Santi','galletas.sya@gmail.com','01166129708','La Pampa ','1548','5','A','1428','Capital','Capital Federal','Argentina','','2019-11-16','NO','rapido',0),(1572774813,'Roxana','Díaz','roxanadelvallediaz@gmail.com','1164758525','Colonia','1846','','','1765','Casanova','Buenos Aires','Argentina','','2019-11-18','NO','rapido',0),(1573525248,'Arturo','Castillo','arturcastillo@gmail.com','01141611410','Patricios 1475','1','1111','1','1667','Manuel Alberti','Buenos Aires','Argentina','','2019-11-27','NO','rapido',0),(1574139015,'Maria','Castan','Marialatanaferro@Hotmail.com','+542355401192','San martin','757','','','6050','General pinto','Buenos aires','Argentina','\r\n','2019-12-04','NO','basico',100),(1575459017,'Jessica','Miranda Paillalef','jmmiran35@gmail.com','2664838900','M�dulo 5 manzana 30','4','','','5710','La Punta','San Luis','Argentina','','0000-00-00','NO','rapido',0),(1575922627,'patricia','salazar','pato6334@yahoo.com.ar','1558065887','renque cura','1609','','','1407','caba','buenos aires','Argentina','','2019-12-24','NO','rapido',0),(1575929430,'patricia','salazar','pato6334@yahoo.com.ar','1558065857','renque cura','1609','','','1407','caba','buenos aires','Argentina','','2019-12-24','NO','rapido',0),(1576367336,'Valeria ','Montenegro ','valeriabio@hotmail.com ','2920521588','Juan B Justo ','556','','','8138','Río Colorado ','Río Negro ','Argentina','','2019-12-30','NO','basico',100),(1576429264,'Roxana','Diaz','roxanadelvallediaz@gmail.com','1164758525','Colonia ','1846','','','1765','Isidro Casanova','BS as','Argentina','','2019-12-30','NO','rapido',0),(1577156538,'Javiera','Gallardo','javitagallardo@hotmail.com','1165189853','Peru ','1185','','','1617','El talar','Buenos aires','Argentina','','2020-01-08','NO','rapido',0),(1577198564,'Celeste','Russo','Celeste_russo32@hotmail.com','3364279608','Falucho bis ','71','','','2919','Villa constitución','Santa fe','Argentina','','2020-01-08','NO','basico',100),(1577799367,'Sandrine','ZILLI','sandrinezilli39@free.fr','0651891818','Rue des Ruottes','53','','','39100','Sampans','Franche comté','Francia','','2020-01-15','NO','basico',500),(1579374037,'Brenda','Sasso','bps_82@yahoo.com.ar','1158123016','Vélez Sarsfield','1388','','','1878','Quilmes','Buenos Aires','Argentina','','2020-02-02','NO','rapido',0),(1579533830,'Veronica','Suarez Perez','bardemsanz@yahoo.com.ar','42504459','387','4422','','','1879','Quilmes Oeste','Buenos Aires','Argentina','La calle 387 queda entre calles 344 y 345 y entre Av. Mosconi y Camino General Belgrano','2020-02-04','NO','rapido',850),(1581889238,'Natalia','Palacio','natalialpalacio@hotmail.com','291154365433','Huala ','12583','','','8400','SAN CARLOS DE BARILOCHE','Rio Negro','Argentina','','2020-03-02','NO','rapido',0),(1581977229,'Patricia Maria','ASLAN','pmaslan@hotmail.com','1135870478','Villegas','712','','','1870','Avellaneda','Buenos Aires','Argentina','','2020-03-03','NO','rapido',0),(1582760453,'Mariela Cristina ','CASCON','marielacristina@fibertel.com.ar','15 5344 2981','Av Garibaldi ','754','----','----','1834','Temperley','Buenos Aires','Argentina','','2020-03-12','NO','basico',200),(1583162695,'Nancy','Kreidl','lsk.nbk@gmail.com ','3764533593','Barrio yohaza chacra 112 mz 011','Casa 29','','','3300','Posadas','Misiones','Argentina','Hola espero el envi�. Saludos y cualquier inquietud me escriben o me llaman','0000-00-00','NO','basico',1600),(1583208140,'Valeria','Coronel','valstylis@gmail.com','2616345530','Rep del Per?','2145','','4','5539','Las Heras','Mendoza','Argentina','','0000-00-00','NO','rapido',0),(1584363264,'Luz','Guanziroli ','Luzg73@hotmail.com','2284664558','Azcu?naga entre moreno y Rodr?guez pe?a','711','','','7406','Gral La Madrid','Buenos Aires','Argentina','','0000-00-00','NO','basico',600),(1585139190,'Laura','Abad quiros','laura.abad.9@gmail.com','664648655','Fraile','11','','','06900','Llerena','Badajoz','España','','2020-04-09','NO','rapido',0),(1588216871,'Jennifer Andrea','Gonzalez','jennilaloketa@gmail.com','01126418230','Uriarte ','1565','Pb','4','1414','CABA','Ciudad Autónoma de Buenos Aires','Argentina','Favor de llamar cuando lleguen porque el timbre no funciona muy bien','2020-05-15','NO','basico',200),(1588449682,'andrea','saletta','andreatutifruti@hotmail.com','3541605576','garay','51','','','5152','villa carlos paz','cordoba','Argentina','','2020-05-17','NO','rapido',0),(1588824470,'Martín','Fernández','turcofer@gmail.com','01132793953','Tres Arroyos','3841','','','1407','CABA','Capital Federal','Argentina','','2020-05-22','NO','rapido',0),(1589984500,'MARTIN MARCANTONIO','MARCANTONIO','martnic@hotmail.com','03544425507 / 035441','belgrano ','283','','','5870','VILLA DOLORES','cordoba','Argentina','pedido de revistas','0000-00-00','NO','basico',3400),(1590538443,'Mariana','Maldonado','marumarimaldonado@gmail.com','114754-0343','Progreso (28)','4572','','','1650','General San Martin','Buenos  Aires','Argentina','','2020-06-11','NO','basico',200),(1591555924,'Virginia','Brandalessi','Vickybranda2013@Gmail.com','3364','Leopoldo lugones','162','','','2993','Erezcano','Buenos aires','Argentina','','2020-06-22','NO','basico',200),(1592595702,'vcxv','qsdsq','xcvxcvc@gmail.com','qsdsqdsqd','qsdsqdsqdqs','qsd','sd','qsd','qsdqsd','qsdqsd','sdqsd','Akrotiri','sdqsd','2020-07-04','NO','rapido',0),(1592703404,'Elisabeth','Schmidt','Schmidt.lenox@gmail.com','1127756397','Matheu ','1393','','','1828','Banfield','Buenos Aires','Argentina','Confirmar por favor.\r\nCompre una revista de ni�os desde 2 a�os seg�n la tapa y result� ser de 3/4 en adelante','0000-00-00','NO','basico',100),(1593091967,' martin','marcantonio','martnichotmail.com','3544438955','belgrano','283','','','5870','villa dolores','cordoba','Argentina','','2020-07-10','NO','basico',6300),(1593741583,'Natalia','Mandis','natymandis@gmail.com','3513271141','Miguel ardiles ','486','','','5008','Córdoba','Córdoba','Argentina','','2020-07-18','NO','basico',200),(1594566616,'Brenda','Sasso','brenda.sasso82@gmail.com','1158123016','Vélez Sarsfield ','1388','','','1879','Quilmes','Buenos Aires','Argentina','','2020-07-27','NO','rapido',0),(1595460362,'virginia','brandalessi','vickybranda2013@gmail.com','03364','leopoldo lugones','162','','','2903','erezcano','buenos aires','Argentina','','2020-08-06','NO','rapido',0),(1595939941,'Noemí','Liaño','grecosmimi@hotmail.com','2236883633','San Salvador','3631','1','Pa','7600','Mar del Plata','Buenos Aires','Argentina','','2020-08-12','NO','rapido',0),(1595970178,'Noemi','Liaño','grecosmimi@hotmail.com','2236883633','San Salvador','3631','P','A','7600','Mar del Plata','Buenos Aires','Argentina','','2020-08-12','NO','basico',100),(1596602145,'GABRIELA NOEMÍ           ','CONTARINO                ','gabrielacontarino@gmail.com','1528453466','DR. LUIS AGOTE','2620','','','1879','Quilmes oeste','Buenos Aires','Argentina','','2020-08-20','NO','rapido',0),(1598481695,'assad','asdas','asdasd@hotmail.com','asdasd','asdasd','1','1','1','2222','asd','asdasd','Argentina','','2020-09-10','NO','basico',100),(1598769254,'Ruth Nirvana Juliana','Magallan','Magallan_ruth@live.com','1535589508','El ceibo','2885','','','1755','Rafael Castillo','Buenos Aires','Argentina','Entre calles; acasusso y José Alagón. Casa antesquina con doble piso. Frente con portón entre dos columnas y una parte del frente tiene rejas negras y del otro alambrado. ','0000-00-00','NO','basico',200),(1599227634,'ASDASDASD','FDSFSF','klonku@protonmail.com','234234234','asdasdasd','23','2','23','234233','Andhra Pradesh','Andhra Pradesh','Albania','','2020-09-19','NO','rapido',0),(1599671480,'Aldo','Valdivia Rios','aldoval77@gmail.com','51 982367565','Av José Olaya','127','','','15054','Chorrillos','Lima','Perú','','2020-09-24','NO','rapido',0),(1600283226,'RUTH NIRVANA JULIANA','MAGALLAN','magallan_ruth@live.com','1535589508','el ceibo ','2885','','','1755','Rafael Castillo','BUENOS AIRES','Argentina','','2020-10-01','NO','basico',100),(1600743805,'Florencia','Sibio','renataquedoencasa@hotmail.com','1130991772','Carlos tejedor','880','','','1665','José.C.paz','Buenos Aires','Argentina','Timbre en la pared casa al fondo','2020-10-07','NO','basico',100),(1604517709,'Gaston','Ruiz','info@deimon.com.ar','0111558056844','saenz','110','5','d','1832','Buenos Aires','Buenos Aires','Argentina','xxxxxxxx','2020-11-19','NO','basico',100),(1605150635,'Nazarena','Felicioli','Nazarenafelicioli@gmail.com','1165166119','Hipólito Yrigoyen','3737','8','H','1208','Caba','Caba','Argentina','','2020-11-27','NO','basico',100),(1605918389,'Ana','Ciares','anaciares81@gmail.com','0266154006191','San Juan','806','1','A','5700','San Luis ','San Luis','Argentina','','0000-00-00','NO','rapido',0),(1605929315,'Ana','Ciares','anaciares81@gmail.com ','0266154006191','San Juan','806','','','5700','San Luis Capital ','San Luis ','Argentina','','2020-12-06','NO','rapido',0),(1605930398,'Ana','Ciares','anaciares81@gmail.com','0266154006191','San Juan','806','1','A','5700','San Luis','San Luis','Argentina','','2020-12-06','NO','rapido',0),(1605963367,'','','','','','','','','','','','error','','2020-12-06','NO','rapido',0),(1611284924,'Maria Ines','Romero','miss.ines.romero@gmail.com','3513298257','Argensola ','940','','','5001','Cordobs','Cordoba','Argentina','','2021-02-06','NO','rapido',0),(1614443847,'LORENA ','GABERT','lorenagabert@gmail.com','0341155022834','pasaje vedia','3955','','','2000','Rosario','santa fe','Argentina','','2021-03-14','NO','rapido',0),(1614444123,'Lorena','Gabert','lorenagabert@gmail.com','3415022834','Pje Vedia','3955','','','2000','Rosario','Santa Fe','Argentina','','2021-03-14','NO','rapido',0),(1616551332,'Cc','Vv','Nm@jjj.com.ar','1568899989','Ddd','12','1','W','1234','Cap fed','Cap fed','Argentina','Sdfd','2021-04-08','NO','rapido',0),(1616669987,'Xxx','Cccc','Nnnn@gmail.com.ar','1511111111','Dfff','223','1','A','1234','Cap fed','Cap fed','Argentina','','2021-04-09','NO','rapido',0),(1617134792,'Gg','Jjj','Nnnn@gmail.com.ar','1511111111','Dfff','223','1','A','1234','Cap fed','Cap fed','Argentina','','2021-04-14','NO','rapido',0),(1617317922,'Patricia Alejandra ','Flores','patriciaflorescont@gmail.com','3875851174','Sub oficial Lotuffo - Barrio Santa Ana 1','1077','','','4406','Salta Capital','Salta','Argentina','','2021-04-16','NO','basico',200),(1618339729,'Ana karina ','Cruz ','kariinacruz_23@hotmail.com','03816511041','25','133','','','4101','Las talitas','Tucumán','Argentina','','2021-04-28','NO','basico',900),(1618487549,'Paola','Inglese','carpediembyt@gmail.com','2966507984','Rio negro','540','','','9408','Veintiocho de Noviembre','Santa Cruz','Argentina','','2021-04-30','NO','rapido',0),(1619019755,'Cristina ','Dalquie','crisdalquie@hotmail.com','2235353950','Aristobulo del Valle','3470','4','A','7600','GENERAL PUEYRREDON - MAR DEL PLATA','BUENOS AIRES','Argentina','','2021-05-06','NO','basico',100),(1619022163,'Cristina','Dalquie','crisdalquie@hotmail.com','2235353950','Aristobulo del Valle','3470','4','A','7600','GENERAL PUEYRREDON - MAR DEL PLATA','BUENOS AIRES','Argentina','','2021-05-06','NO','basico',100),(1619225074,'Ana karina','Cruz','Kariinacruz_23@hotmail.com','3816511041','25','133','','','4101','Las talitas','Tucumán','Argentina','','2021-05-09','NO','basico',800),(1619720618,'Noelia','Guerra','noelia905@hotmail.com','1134151574','Fitz Roy','5685','','','1765','Isidro Casanova','Buenos Aires','Argentina','','2021-05-14','NO','rapido',0),(1620232935,'Maribel','Sanchez','mary.puli93@gmail.com','1161021857','Independencia','1010','','','1608','Tigre','Gran Buenos Aires','Argentina','','2021-05-20','NO','rapido',0),(1620238239,'Maribel','Sanchez','mary.puli93@gmail.com','1161021857','independencia','1010','','','1608','Tigre','Gran Buenos Aires','Argentina','','2021-05-20','NO','rapido',0),(1620238612,'Maribel','Sanchez','mary.puli93@gmail.com','1161021857','Independencia','1010','','','1608','Tigre','Gran Buenos Aires','Argentina','','2021-05-20','NO','rapido',0),(1620753240,'Maribel','Sanchez','mary.puli93@gmail.com','1161021857','Independencia','1010','','','1608','Tigre','Gran Buenos Aires','Argentina','','2021-05-26','NO','rapido',0),(1621090742,'Nadia','Cigalino','nadiaaldana09@gmail.com','1551167864','Calle 2','3334','','','1884','Berazategui','Buenos Aires','Argentina','','2021-05-30','NO','rapido',0),(1621292682,'Maria Cecilia','Viejo','mcviejo@gmail.com','2613336078','Vespucio ','186','','','5505','Carrodilla','Mendoza','Argentina','','2021-06-01','NO','rapido',0),(1622829055,'SILVINA','SIMBENI','silsimbeni@gmail.com','2920309775','Alvear','670','','','8500','Viedma','Rio negro','Argentina','','2021-06-19','NO','rapido',0),(1622840135,'SILVINA','SIMBENI','silsimbeni@gmail.com','2920309775','Alvear','670','','','8500','Viedma','Rio negro','Argentina','','2021-06-19','NO','rapido',0),(1622916737,'SILVINA ','Simbeni','silsimbeni@gmail.com','2920309775','Alvear','670','','','8500','Viedma','Rio Negro','Argentina','','2021-06-20','NO','rapido',0),(1622995293,'Leandro','Verbeke','leandroverbeke1986@gmail.com','2920257366','Alvear ','670','0','0','8500','Viedma ','Río Negro','Argentina','Hola, quiero conprar la revista. Saludos!','2021-06-21','NO','rapido',0),(1623008822,'SILVINA ','Simbeni','silsimbeni@gmail.com','2920309775','Alvear','670','00','00','8500','Viedma','Rio Negro','Argentina','','2021-06-21','NO','rapido',0),(1625320272,'Patricia Alejandra','Flores','Patriciaflorescont@gmail.com','+543875851174','Barrio Santa Ana 1 Calle Sub oficial Lotuffo','1077','','','4406','Salta Capital','Salta','Argentina','','2021-07-18','NO','basico',400),(1625323456,'Patricia alejandra','Flores','patriciaflorescont@gmail.com','+543875851174','Barrio Santa Ana 1 Sub oficial Lotuffo','1077','','','4406','Salta Capital','Salta','Argentina','','2021-07-18','NO','basico',500),(1625506213,'Ana','Cruz','kariinacruz_23@hotmail.com','03816511041','25','133','','','4101','Las talitas','Tucumán','Argentina','','2021-07-20','NO','basico',800),(1625508436,'Elvia','Guzman','elvia_magdalena@yahoo.com','3878438744','Chubut','00','','','4534','Pichanal','salta','Argentina','Email alternativo:\r\nmaguiguzz@gmail.com','2021-07-20','NO','rapido',0),(1625750765,'Sandra','Alvira','Barbozamartinjose@hotmail.com','03774406567','Chiclana ','1581','','','3460','Curuzu Cuatiá','Corrientes','Argentina','','2021-07-23','NO','rapido',0),(1625922553,'Sandra','Alvira','Barbozamartinjose@hotmail.com','03774406567','Chiclana ','1581','','','3460','Curuzu Cuatiá','Corrientes','Argentina','','2021-07-25','NO','basico',800),(1626085755,'Sandra','Alvira','Barbozamartinjose@hotmail.com','03774406567','Chiclana ','1581','','','3460','Curuzu Cuatiá','Corrientes','Argentina','','2021-07-27','NO','basico',800),(1626829651,'Roxana','Diaz','roxanadelvallediaz@gmail.com','1164758525','Colonia','1846','','','1765','Isidro Casanova','Buenos aires','Argentina','','2021-08-05','NO','rapido',0),(1629985798,'Maria Julieta','Ochoa','agosmateo2020@gmail.com','1551613436','Barragan ','410','','','1408','Liniers','Buenos Aires','Argentina','','2021-09-10','NO','basico',100),(1630062754,'Lorena','Sanabria','lor.san@hotmail.com','1134656017','Ceballos ','3031','','','1611','Don Torcuato','BUENOS AIRES','Argentina','','2021-09-11','NO','basico',100),(1630355754,'Lorena','Sanabria','lor.san@hotmail.com','01134656017','Ceballos','3031','','','1611','Don Torcuato','BUENOS AIRES','Argentina','','2021-09-14','NO','basico',100),(1630370975,'Lorena','Sanabria','lor.san@hotmail.com','01134656017','Ceballos','3031','','','1611','Don Torcuato','BUENOS AIRES','Argentina','','2021-09-15','NO','basico',100),(1630448322,'Lorena','Sanabria','lor.san@hotmail.com','1134656017','Ceballos','3031','','','1611','Don Torcuato','Buenos Aires','Argentina','','2021-09-15','NO','basico',100),(1631677352,'Aldo','Valdivia Rios','aldoval77@gmail.com','982367565','Av. José Olaya','127','','Lima','15054','Lima','Lima','Perú','','2021-09-30','NO','rapido',0),(1634736107,'Lucia','Ibarra ','luibarra68@gmail.com','2392557558','Maipu','926','1','b','1006','CABA','CABA','Argentina','','2021-11-04','NO','basico',300),(1638710183,'Natalia','Castro','natalia.castro81@hotmail.com.ar','1530617564','Fray Cayetano Rodríguez','45','','','1609','San Isidro Boulogne','Buenos Aires ','Argentina','','2021-12-20','NO','rapido',0),(1645886208,'Lesly','Arteaga','Lesjoarte@gmail.com','19088382273','1070 north ave','1','','','07201','Elizabeth','NJ','Estados Unidos','','0000-00-00','NO','rapido',0),(1645904228,'Lesly','Arteaga','Lesjoarte@gmail.com','19088382273','1070 north ave','1','','','07201','Elizabeth','NJ','Estados Unidos','','0000-00-00','NO','rapido',0),(1649195703,'milagros','teran','milijazminteran@gmail.com','2323315206','san martin ','309','','','6700','lujan','buenos aires','Argentina','','0000-00-00','NO','rapido',0),(1650419809,'Isabel','Ubierna','isaubierna@gmail.com','1141949459','Peña','2418','5','','1125','Capital','Buenos Aires','Argentina','','0000-00-00','NO','basico',300),(1650420219,'Isabel','Ubierna','isaubierna@gmail.com','01141949459','Peña ','2418','5','','1125','Ciudad Autonoma Buenos Aires','Buenos Aires','Argentina','','0000-00-00','NO','basico',400),(1651604897,'Isabel','Ubierna','isaubierna@gmail.com','1541949459','Peña','2418','5','','1125','capital federal','Capital','Argentina','','0000-00-00','NO','rapido',350),(1651607346,'Isabel','Ubierna','isaubierna@gmail.com','1141949459','Peña','2418','5','-','1125','capital federal','Capital','Argentina','','2022-05-18','NO','rapido',0),(1651608819,'Isabel','Ubierna','isaubierna@gmail.com','01141949459','Austria 1988','03','','','1425','Ciudad Autonoma Buenos Aires','Buenos Aires','Argentina','','2022-05-18','NO','rapido',0),(1651895709,'Isabel','Ubierna','isaubierna@gmail.com','01141949459','Peña','2418','5','','1425','Ciudad Autonoma Buenos Aires','Buenos Aires','Argentina','','2022-05-22','NO','basico',100),(1652625608,'Melisa','Franco ','Melko_8712@hotmail.com ','2281522435','Angel acuña 1118','1118','','','1688','Hurlingham ','Buenos aires','Argentina','Entre Einstein y rodriguez','2022-05-30','NO','basico',600),(1653538132,'Isabel','Ubierna','isaubierna@gmail.com','1141949459','Peña','2418','5','','1125','capital federal','Capital','Argentina','','2022-06-10','NO','basico',100),(1654427236,'Daiana','Pelocrusi','daiana.pelocrusi@gmail.com','1130473589','Rio Salado ','9381','','','1657','Loma Hermosa ','Buenos Aires ','Argentina','','2022-06-20','NO','rapido',0),(1655309022,'Eliana Gabriela','Sayago Peralta','elianagabrielasayago@gmail.com','3855060208','Gobernador Lami al 1400 B Los Flores','1400','','','4200','Santiago del Estero Capital','Santiago del Estero','Argentina','','2022-06-30','NO','rapido',0),(1657652565,'Melisa ','Franco ','Melko_8712@hotmail.com ','2281522435','Tsndil','18','','','7300','Azul ','BUENOS AIRES','Argentina','','2022-07-27','NO','rapido',0),(1657998995,'Adriana Noelia','Almada','noeliaalmada01@gmail.com','3704541401','Barrió Eva Perón Mz 6 casa','33','','','3600','Formosa','Formosa','Argentina','','2022-07-31','NO','rapido',0),(1660670540,'','','','','','','','','','','','error','','0000-00-00','NO','rapido',0),(1671624283,'Alejandra ','Gordillo ','gma_alejandra@hotmail.com ','2966552069','cañadon león ','120','','','9400','Río Gallegos ','Santa Cruz ','Argentina','','2023-01-05','NO','rapido',850),(1671676459,'Natalia','Aragon','silvi456@hotmail.com','0000000000','privado','0','0','0','1714','itu','Buenos Aires','Argentina','','2023-01-06','NO','rapido',0),(1672956073,'florencia','casco','florenciamicaelacasco18@gmail.com','03492682111','jujuy','231','','','2300','bella italia','Santa Fe','Argentina','','2023-01-20','NO','rapido',0);

--
-- Table structure for table `perfiles`
--

CREATE TABLE `perfiles` (
  `idperfil` int(11) NOT NULL AUTO_INCREMENT,
  `perfil` varchar(30) NOT NULL,
  PRIMARY KEY (`idperfil`)
) ENGINE=InnoDB AUTO_INCREMENT=4 DEFAULT CHARSET=utf8;

--
-- Dumping data for table `perfiles`
--

INSERT INTO `perfiles` VALUES (1,'Administrador Panel'),(3,'Webmaster');

--
-- Table structure for table `revistas`
--

CREATE TABLE `revistas` (
  `id` int(11) NOT NULL AUTO_INCREMENT,
  `nombre` varchar(255) NOT NULL,
  `urlimagen` varchar(255) NOT NULL,
  `descripcion` text DEFAULT NULL,
  `medidas` varchar(255) NOT NULL,
  `idtematica` int(11) NOT NULL,
  `activa` int(11) NOT NULL,
  PRIMARY KEY (`id`)
) ENGINE=InnoDB AUTO_INCREMENT=65 DEFAULT CHARSET=utf8;

--
-- Dumping data for table `revistas`
--


--
-- Table structure for table `servicios`
--

CREATE TABLE `servicios` (
  `idservicio` int(11) NOT NULL AUTO_INCREMENT,
  `nombre` varchar(100) NOT NULL,
  `idcategoria` int(11) NOT NULL,
  `idsubcategoria` int(11) NOT NULL,
  `descripcion` text NOT NULL,
  `imagen` varchar(50) NOT NULL,
  `idgaleria` int(11) NOT NULL,
  `descripcionadicional` text DEFAULT NULL,
  `imagenadicional` varchar(50) DEFAULT NULL,
  `materialadicional` varchar(100) DEFAULT NULL,
  `video` varchar(100) DEFAULT NULL,
  `habilitado` varchar(1) NOT NULL DEFAULT '0',
  `destacado` varchar(1) NOT NULL DEFAULT '0',
  `idusuario` int(11) NOT NULL,
  `idmarca` int(11) DEFAULT NULL,
  PRIMARY KEY (`idservicio`)
) ENGINE=InnoDB AUTO_INCREMENT=29 DEFAULT CHARSET=utf8 COMMENT='Servicios publicados en el sitio';

--
-- Dumping data for table `servicios`
--

INSERT INTO `servicios` VALUES (28,'Titulo Noticia 1',5,6,'<p>170em ipsum dolor sit amet, consectetur adipisicing elit. Ab officiis voluptatum quibusdam distinctio aperiam, perspiciatis voluptate fugit similique sunt aut.. voluptate fugit voluptate fugit voluptate fugit&nbsp;</p>','def_noticias.jpg',0,'','',NULL,'','1','0',26,0);

--
-- Table structure for table `subcategorias`
--

CREATE TABLE `subcategorias` (
  `idsubcategoria` int(11) NOT NULL AUTO_INCREMENT COMMENT 'Identificador unico de subcategoria',
  `descripcion` varchar(50) NOT NULL COMMENT 'Nombre de la subcategoria',
  `idcategoria` int(11) NOT NULL COMMENT 'Id Categoria',
  `habilitado` varchar(1) NOT NULL DEFAULT '1',
  `idusuario` int(11) NOT NULL,
  PRIMARY KEY (`idsubcategoria`)
) ENGINE=InnoDB AUTO_INCREMENT=7 DEFAULT CHARSET=utf8;

--
-- Dumping data for table `subcategorias`
--

INSERT INTO `subcategorias` VALUES (1,'Asesoramiento impositivo',2,'1',26),(3,'Herramientas colaborativas',1,'1',26),(4,'Descuentos en gimnasios',3,'1',26),(5,'CrÃ©ditos blandos',4,'1',26),(6,'Ultimas noticias',5,'1',26);

--
-- Table structure for table `tematicas`
--

CREATE TABLE `tematicas` (
  `id` int(11) NOT NULL AUTO_INCREMENT,
  `urlimagen` varchar(255) NOT NULL,
  `titulo` varchar(100) DEFAULT NULL,
  `texto` text DEFAULT NULL,
  `publicado` int(11) NOT NULL DEFAULT 0,
  PRIMARY KEY (`id`)
) ENGINE=InnoDB AUTO_INCREMENT=33 DEFAULT CHARSET=utf8;

--
-- Dumping data for table `tematicas`
--

INSERT INTO `tematicas` VALUES (25,'','Libros de lectura','',1),(26,'','Libros con stickers','',1),(27,'','Libros para colorear','',1),(28,'','Libros con póster','',1),(29,'','Libros educativos','',1),(30,'','Libros de actividades','',1),(31,'','Mandalas','',1),(32,'','SOPAS','',1);

--
-- Table structure for table `texto_sitio`
--

CREATE TABLE `texto_sitio` (
  `idtexto` int(11) NOT NULL AUTO_INCREMENT COMMENT 'identificador de texto',
  `texto` text CHARACTER SET utf8 COLLATE utf8_spanish_ci NOT NULL COMMENT 'texto libre para colocar en diferentes secciones del sitio',
  PRIMARY KEY (`idtexto`)
) ENGINE=InnoDB AUTO_INCREMENT=5 DEFAULT CHARSET=utf8 COLLATE=utf8_unicode_ci;

--
-- Dumping data for table `texto_sitio`
--

INSERT INTO `texto_sitio` VALUES (1,'<p><strong>Somos un grupo de profesionales apasionados por el mundo editorial , la&nbsp;&nbsp;creatividad, el conocimiento y&nbsp;el esfuerzo cotidiano en busca de la calidad, son los&nbsp;pilares que impulsan nuestro trabajo.</strong></p><p>&nbsp;</p><p><strong>Nuestras herramientas son la&nbsp;promoci&oacute;n de las ideas, el fomento del di&aacute;logo y el esfuerzo constante por mantener un&nbsp;nivel </strong><strong>de crecimiento que nos permita disfrutar de nuestra actividad.</strong></p><p>&nbsp;</p><p><strong>Nuestro portfolio est&aacute; formado por revistas dedicadas al mundo de la mujer,&nbsp;&nbsp;tejido dos agujas, crochet, bordado, costura, pintura, patchwork,decoupage, porcelana, cocina , salud , educacion. &nbsp;es nuestro objetivo que dichos proyectos acompa&ntilde;en en el desarrollo </strong><strong>creativo a miles de&nbsp;manos laboriosas en la realizacion de proyectos&nbsp;llenos de amor y alegria.</strong></p><p>&nbsp;</p><p><strong>Miles de lectoras disfrutan de&nbsp;nuestras publicaciones mensualmente, &nbsp;queremos agradecer profundamente este hecho, y asimismo destacar el aporte creativo de nuestras artesanas y sponsor que hacen realidad nuestros proyectos.</strong></p>'),(2,'<p>El objetivo en el area de recursos humanos de nuestra editorial&nbsp;se basa en la activa implicaci&oacute;n en las tareas de todos sus miembros y la mejora de las personas que trabajan en la misma.</p><p>Por favor envie su curriculun vitae,&nbsp;&nbsp;indique el area de su interes, breve descripcion de sus objetivos.&nbsp; &nbsp;</p><p>&nbsp;</p><ul><li>Administracion/Servicios Generales &nbsp; &nbsp; &nbsp; &nbsp; &nbsp; &nbsp; &nbsp; &nbsp; &nbsp; &nbsp; &nbsp; &nbsp;&nbsp;&nbsp;</li><li>Contabilidad y Finanzas</li><li>Comunicaci&oacute;n / Publicidad / Prensa &nbsp; &nbsp; &nbsp; &nbsp; &nbsp; &nbsp; &nbsp; &nbsp; &nbsp; &nbsp; &nbsp;&nbsp; &nbsp;</li><li>Ventas&nbsp;&nbsp;</li><li>Produccion editorial &nbsp; &nbsp; &nbsp; &nbsp; &nbsp; &nbsp; &nbsp; &nbsp; &nbsp; &nbsp; &nbsp; &nbsp; &nbsp; &nbsp; &nbsp; &nbsp; &nbsp; &nbsp; &nbsp; &nbsp; &nbsp; &nbsp; &nbsp;</li><li>Periodismo</li><li>Dise&ntilde;o Gr&aacute;fico&nbsp;/ Dise&ntilde;o Redes&nbsp; &nbsp; &nbsp; &nbsp; &nbsp; &nbsp; &nbsp; &nbsp; &nbsp; &nbsp; &nbsp; &nbsp; &nbsp; &nbsp; &nbsp; &nbsp;</li><li>Fotografia</li><li>Produccion Industrial. &nbsp; &nbsp; &nbsp; &nbsp; &nbsp; &nbsp; &nbsp; &nbsp; &nbsp; &nbsp; &nbsp; &nbsp; &nbsp; &nbsp; &nbsp; &nbsp; &nbsp; &nbsp; &nbsp; &nbsp; &nbsp; &nbsp; &nbsp; &nbsp; &nbsp; &nbsp; &nbsp; &nbsp; &nbsp; &nbsp; &nbsp; &nbsp;&nbsp;</li></ul>'),(3,''),(4,'<p><strong>Capital Federal y Gran Buenos Aires:</strong>&nbsp;<br />HMS Ediciones le env&iacute;a los productos a trav&eacute;s de la Red de Distribuci&oacute;n Nacional de Diarios y Revistas sin gastos de env&iacute;o, al kiosco mas cercano a su domicilio.<br />Se abona contra entrega al precio publicado en el Sitio Web.<br /><br /><strong>Resto del Pa&iacute;s:</strong><br />Se abona con los&nbsp;<strong>medios de pago</strong>&nbsp;disponibles en l&iacute;nea (MercadoPago), y se env&iacute;an a trav&eacute;s del CORREO al domicilio registrado en la compra.</p>');

--
-- Table structure for table `usuarios_sitio`
--

CREATE TABLE `usuarios_sitio` (
  `idusuariositio` int(11) NOT NULL AUTO_INCREMENT,
  `nombre` varchar(100) NOT NULL,
  `apellido` varchar(100) NOT NULL,
  `mail` varchar(100) NOT NULL,
  `telefono` varchar(20) NOT NULL,
  `calle` varchar(255) DEFAULT NULL,
  `numero` varchar(10) NOT NULL,
  `piso` varchar(10) NOT NULL,
  `departamento` varchar(10) NOT NULL,
  `codpostal` varchar(8) NOT NULL,
  `localidad` varchar(100) NOT NULL,
  `provincia` varchar(50) DEFAULT NULL,
  `pais` varchar(100) DEFAULT NULL,
  `observaciones` text DEFAULT NULL,
  `clave` varchar(20) DEFAULT NULL,
  `fechaalta` date NOT NULL,
  `habilitado` varchar(1) NOT NULL DEFAULT '1',
  PRIMARY KEY (`idusuariositio`)
) ENGINE=InnoDB AUTO_INCREMENT=378 DEFAULT CHARSET=utf8 COMMENT='Usuarios registrados en el sitio';

--
-- Dumping data for table `usuarios_sitio`
--

INSERT INTO `usuarios_sitio` VALUES (1,'Arturo','Castillo','arturcastillo@gmail.com','01141611410','Patricios 1475','1','1111','1','1667','Manuel Alberti','Buenos Aires','Argentina','','sinclave','2017-06-14','1'),(2,'roberto','martinez','roberto@hmsediciones.com.ar','2060-7993','machain','3375','','','1824','lanus','buenos aires','Argentina','','sinclave','2017-06-21','1'),(3,'SUM MARKETING','we','wdew','we','wew','e','e','','e','ewe','e','Argentina','wew','sinclave','2017-06-22','1'),(4,'Sebastian Tocchetton','sdsd','hgsjhgasjh@dhh','sds','xxzaxc','ds','s','','s','dcsas','s','Argentina','sfsdfs','sinclave','2017-07-26','1'),(5,'JUAN DAMIAN','CORREA ZAFFUTO','juandamiancorrea@gmail.com','1554948659','TIMOTEO GORDILLO 1028','95','1','w','C1408GQV','CAPITAL FEDERAL','BUENOS AIRES','Argentina','fafa','sinclave','2017-08-02','1'),(6,'JUAN DAMIAN','CORREA ZAFFUTO','gaga@gmail.com','55555555','TIMOTEO GORDILLO 1028','45','4','t','C1408GQV','CAPITAL FEDERAL','BUENOS AIRES','Argentina','dd','sinclave','2017-08-04','1'),(7,'SUM','MARKETING','sebastian@summarketing.com.ar','15-6504-2377','Av. Hipólito Yrigoyen','2050','','','1826','Remedios de escalada','Buenos aires','Argentina','','sinclave','2017-08-31','1'),(8,'s','s','s','s','s','s','s','s','s','s','s','Argentina','s','sinclave','2017-09-11','1'),(9,'SUM','MARKETING','tocheseba@gmail.com','1165042377','Av. Hipólito Yrigoyen','1','1','1','1826','Remedios de escalada','Buenos aires','Argentina','','sinclave','2017-09-14','1'),(10,'roberto ','martinez','roberto','424','castelli 905','905','','','1832','lomas de zamora','buenos aires','Argentina','','sinclave','2017-09-14','1'),(11,'hernan','martinez','hernan@hmsediciones.com.ar','1131996883','541131996883','1','2','','1824','lanus','Buenos Aires (Provincia)','Argentina','','sinclave','2017-09-18','1'),(12,'gladys','Fernandez','gladysbea58@hotmail.com','1562517910','Antofagasta','2017','','','1714','Ituzaingó','Buenos Aires','Argentina','Sólo quiero recibir este manual y según lo informado sin gastos a mi nombre','sinclave','2017-10-29','1'),(13,'Juliana','Decarlis','julianadecarlis@gmail.com','03469-15692273','Bv. Centenario ','659','','','2109','Acebal','Santa Fe','Argentina','','sinclave','2017-11-04','1'),(14,'lisa jazmin','andino duarte','Jazminandinod@hotmail.com','3402 497959','27 Febrero','660','','','2126','pueblo esther','santa fe','Argentina','','sinclave','2017-11-11','1'),(15,'Tatiana','Echevarria','echevarriatati@gmail.com','094851504','peru ','113','','','15001','shangrila','canelones','Uruguay','','sinclave','2017-11-16','1'),(16,'Sandra','Senor','sandra.senor@gmail.com ','3516777976','M a Luque ','117','','','5940','Las varillas','Cordoba','Argentina','','sinclave','2017-11-21','1'),(17,'Juliana','Magno','juliana_magno@hotmail.com','0292315450300','Rivadavia','940','1','1','8170','Pigüé','Buenos Aires','Argentina','Muchas gracias!','sinclave','2017-11-22','1'),(18,'gabriela','pinat','gabrielapinat@hotmail.com','93464522079','moreno 2636','2636','','','2170','casilda','Santa Fe','Argentina','','sinclave','2017-11-22','1'),(19,'Leonel ','Becchio','leonel.becchio@gmail.com','1151611152','las heras','452','','','S2109AWG','Acebal','Santa Fe','Argentina','','sinclave','2017-11-22','1'),(20,'Sandra ','Solferini ','kaylaporcelanafria@hotmail.com ','0346515407321','Sarmiento ','1530','','','2630','Firmat ','Santa Fe ','Argentina','','sinclave','2017-11-22','1'),(21,'Julieta','Goite','Juligoite@hotmail.com','03465 15665369','Avellaneda ','331','','','2178','Bombal','Santa Fe','Argentina','','sinclave','2017-11-23','1'),(22,'Susana','Méndez','su_men26@yahoo.com','42505183','Ayolas','2835','-','-','1879','Quilmes','Buenos Aires','Argentina','','sinclave','2017-11-23','1'),(23,'María Claudia ','Pellegrini ','calu0266@gmail.com ','03416018274','Juan de garay ','731','P.a','1','2000','Rosario ','Santa fe','Argentina','Quiero saber sobre los numeros anteriores asibtengo todos','sinclave','2017-11-23','1'),(24,'Patricia','Lopez','patricialopez_66@hotmail.com','2494-549132','Magallanes','147','','','7000','Tandil','Buenos Aires','Argentina','','sinclave','2017-11-23','1'),(25,'Nancy','Moran','ki_na_ti@yahoo.com.ar','1163788321','Zorrilla de San Mart�n ','4459','','','1714','Ituzaingo','Buenos Aires','Argentina','','sinclave','2017-11-24','1'),(26,'Clarisa','Otto','Clarisaotto@hotmail.com','0341 - 153541593','Baigorria ','1189','','23','2000','Rosario','Santa fe','Argentina','','sinclave','2017-11-24','1'),(27,'Daniela','gomez','gomezluciana@gmail.com','3471526885','callao','116','','','2500','ca�ada de gomez','santa fe','Argentina','','sinclave','2017-11-24','1'),(28,'Roxana','Elias','Rochy_elias@hotmail.com','1551770934','Ciocchini','1063','','','1865','San Vicente','Buenos aires','Argentina','','sinclave','2017-11-24','1'),(29,'Mónica','Breccia','monicaraquel23@hotmail.com','03471_ 15584210','Rivadavia','1743','','','2500','Cañada de Gómez','Santa fe','Argentina','','sinclave','2017-11-24','1'),(30,'Virginia','Valle','Viryiniavalle@hotmail.com','3487432433','3 de febrero','1968','','','2800','Zatate','Buenos Aires','Argentina','','sinclave','2017-11-24','1'),(31,'Noelia Vanesa','Diaz','noe__1979@hotmail.com','0364-15416968','9esquina 12 barrio La Madrid','--','--','--','3700','Pc�a. Roque S�enz Pe�a ','Chaco','Argentina','','sinclave','2017-11-24','1'),(32,'Lorena','Venencia','venenciamilagroslorena@gmail.com','0351 157079959','arturo orgaz','145','','','5001','cordoba','Cordoba','Argentina','','sinclave','2017-11-24','1'),(33,'maggie','sutherland','gringa_62@yahoo.com','2966 620761','salta','523','','','9400','rio gallegos','santa cruz','Argentina','','sinclave','2017-11-25','1'),(34,'Romina','Ortman','romina.ortman@gmail.com','11 64552959','J.de Alagón','836','','','1765','Isidro Casanova','Buenos Aires','Argentina','','sinclave','2017-11-25','1'),(35,'Elena','Correa','mariaecorrea85@gmail.com','2604347801','Agust�n alvarez','1034','','','5600','San Rafael','Mendoza','Argentina','','sinclave','2017-11-25','1'),(36,'Angeles ','Aguero','vestidos15ynovia@hotmail.com','1135914554','caferatta ','2250','','','1826','Lanus ','Bs As ','Argentina','','sinclave','2017-11-25','1'),(37,'Maria gimena','Peri','Gimeperi@hotmail.com','2235120517','Posadas','354','','','7600','Mar del plata','Buenos aires','Argentina','','sinclave','2017-11-25','1'),(38,'Valeria','Vega ','valeriave@hotmail.com','3704563245','Fortín yunka','764','1','','3600','Formosa ','Formosa','Argentina','','sinclave','2017-11-25','1'),(39,'María Luz','Piera','marialuzpiera@yahoo.com.ar','0346415551066','Roca','1526','','','2170','Casilda','Santa Fe','Argentina','','sinclave','2017-11-26','1'),(40,'Cintia','Romero','Taty_cvr87@hoail.com','03413803244','R�o negro ','2496','','','2152','Granadero Baigorria','Santa fe','Argentina','','sinclave','2017-11-27','1'),(41,'Sharon','Bairatti','Sharon89_10@hotmail.com ','1558465943','Santa teresa','1177','','','1708','Moron','Buenos aires','Argentina','','sinclave','2017-11-27','1'),(42,'Ana Noemi ','Torres','anitnoe@gmail.com','02214250992','528  e/ 20 y 21','2522','-','-','1900','LA PLATA','Buenos Aires','Argentina','','sinclave','2017-11-27','1'),(43,'Monica','Trivi�o Campero','monicatrivi@live.com','02964578535','Cabo San Sebastian 465, Chacra XIII','0','','','9420','Rio Grande','Tierra del Fuego','Argentina','','sinclave','2017-11-27','1'),(44,'Cintia Daiana','Cornejo','Cintiacornejo86@gmail.com','3815342877','Balcarce ','1546','','','4000','San miguel de Tucumán ','Tucumán ','Argentina','','sinclave','2017-11-28','1'),(45,'Bibiana Nora Elsa','Punta','npc20022@hotmail.com','3874921898','Estanislao del Campo','1199','','','4401','San Lorenzo - Salta','Salta - Capital','Argentina','Por favor, mandar mail cuando envien el pedido','sinclave','2017-11-28','1'),(46,'Maria Teresa ','Fernández','marite.28.55@gmail.com','2477620229','Bucar 998','998','','','2700','Pergamino','Buenos Aires','Argentina','','sinclave','2017-11-28','1'),(47,'Ariadna','Pinazo','ariadnabelle@hotmail.com','3415882484','dorrego ','1667','12','A','2000','Rosario','Santa Fe','Argentina','','sinclave','2017-11-28','1'),(48,'Vanesa','Ronchera','Vanesa_ronchera@hotmail.com','01142225805','Almafuerte','551','','','1870','Avellaneda','Buenos Aires','Argentina','','sinclave','2017-11-28','1'),(49,'Vanina ','Fillol','Vaninafillol.vf@gmail.com ','1153133299','Bolivia ','179','','','1651','San a dres','Bs as','Argentina','La calle es Bolivia 179 ex 2777 entre libertad y Jose c paz .','sinclave','2017-11-29','1'),(50,'maria cristina','castillo','mcristycp@gmail.com','0353 155000818','27 septiembre','1513','','','5900','villa maria','cordoba','Argentina','','sinclave','2017-11-29','1'),(51,'Yessica','Paris','yessyparis90@gmail.com','1141684522','Bartolome Cruz','1818','','','1638','Vicente Lopez','Buenos aires','Argentina','','sinclave','2017-11-29','1'),(52,'Carla ','Picca','Pedritopiccapiedras@hotmail.com','02964-15473982','Faustino minicci','1023','','2','9420','Rio grande','Tierra del fuego','Argentina','','sinclave','2017-11-29','1'),(53,'Ana','Balbas','Anitamatanza@gmail.com','0111556597110','Liniers','1478','','','1834','Temperley','Buenos Aires','Argentina','','sinclave','2017-11-29','1'),(54,'Jennifer Andrea','Gonzalez','Jennilaloketa@gmail.com','01126418230','Uriarte ','1565','Pb','4','1414','CABA','Ciudad Autónoma de Buenos Aires','Argentina','Favor de llamar cuando lleguen porque el timbre no funciona muy bien','sinclave','2017-11-30','1'),(55,'Bibiana','Bermejo','Bibibermejo2@gmal.com.ar','0341 4511212','Schweitzer ','7836','1','C','2000','Rosario','Santa Fe','Argentina','','sinclave','2017-11-30','1'),(56,'Bibiana','Bermejo','Bibibermejo2@gmail.com.ar','0341 4511212','Schweitzer ','7836','1','C','2000','Rosario','Santa Fe','Argentina','','sinclave','2017-11-30','1'),(57,'Mariela','Pitari','Marielapitari@gmail.com ','1561060456','Estrada','1221','','','1828','Banfield ','Buenos aires','Argentina','','sinclave','2017-11-30','1'),(58,'Bibiana','Bermejo','Bibibermejo2@Gmail.como. ar','0341 4511212','Schweitzer','7836','1','C','2000','Rosario','Santa fe','Argentina','','sinclave','2017-11-30','1'),(59,'Florencia','Alcorta','mfalcorta@gmail.com','3815449223','Pueyrredon','68','','','4000','San Miguel de Tucuman','tucuman','Argentina','','sinclave','2017-11-30','1'),(60,'susan','romano','susan-11-@live.com.ar','1536412386','benavente','1170','0','1','1889','bosques','Buenos Aires','Argentina','','sinclave','2017-12-01','1'),(61,'Leonardo','Creixell','leonardocreixell@gmail.com','93476540893','Cayetano Nerbutti','248','','','2202','Puerto General San Martin','Santa Fe','Argentina','','sinclave','2017-12-04','1'),(62,'Susana','Mayolo','susanamayolo@hotmail.com','353 54129219','jujuy','236','','','5900','villa maria','Cordoba','Argentina','version online.','sinclave','2017-12-05','1'),(63,'Veronica','Caligaris','veronicasoledad_c@hotmail.com','03465-15445306','Pueyrredon','675','','','2630','Firmat','santa fe','Argentina','','sinclave','2017-12-12','1'),(64,'Romina','M?ndez','ro_my_@hotmail.com.ar','3487?666749','Antonio Rivero (Barrio Los Ceibos)','1433','_','?','2800','Z?rate','Bs As','Argentina','','sinclave','2017-12-13','1'),(65,'Celia ','Ramos','celia.ramos','0291-154192305','Almafuerte','38','','','8000','Bahia Blanca','Buenos Aires','Argentina','','sinclave','2017-12-18','1'),(66,'Alejandro Ariel','Gonzalez','isigordo1986@gmail.com','0376-154632323','parana ','550','6','E','5000','Cordoba','Cordoba','Argentina','','sinclave','2017-12-20','1'),(67,'Jessica','Sánchez ','jessicasanchezalvarado84@gmail.com','2616353734','Barrio Municipal calle Lago Viedma ','3308','','','5539','El Challao Las Heras','Mendoza','Argentina','','sinclave','2017-12-23','1'),(68,'Claudio','Rimoldi','claidiorimoldi69@yahoo.com.ar','291154585775','Nicaragua ','1949/51','','','8000','Bahía Blanca','Buenos Aires','Argentina','','sinclave','2017-12-27','1'),(69,'Denise','Villani','villaniden@gmail.com','3446316255','Los Andes  y Cerro Blanco','387','','26','5152','Carlos Paz','córdoba','Argentina','(Complejo rejas naranja) Ex 199','sinclave','2017-12-27','1'),(70,'Liliana del v ','Ruiz ','lilianadelv@hotmail.com ','03844_421818 ','Chacabuco','537','','','3760','Añatuya','Santiago del Estero ','Argentina','','sinclave','2017-12-29','1'),(71,'Marta ','Garmendia ','marclegar@hotmail.com','2914130956','Punta Alta ','1335','_','_','8000','Bahía Blanca ','Buenos Aires','Argentina','','sinclave','2018-01-02','1'),(72,'fabiana','di rosa','faby.dirosa@outlook.com','11-3189-6739','Pasaje Leipzig ','4935','','','1417','caba','bs as','Argentina','tocar timbre. los vecinos se roban las revista','sinclave','2018-01-08','1'),(73,'carina vanesa','calfuan','calfuanvanesa@gmail.com','3794322939','necochea','1302','','','3400','Corrientes','Corrientes','Argentina','al e-mail calfuanvanesa@gmail.com ','sinclave','2018-01-15','1'),(74,'veronica','salinas','veritosali83@gmail.com','1565472814','directorio','2180','','','1888','florencio varela','buenos aires','Argentina','','sinclave','2018-01-22','1'),(75,'Brian ezequiel','Uema','Estefania.alaniz@hotmail.com','1523388387','Pedro arata','909','','','1611','Don torcuato','Buenos aires','Argentina','','sinclave','2018-01-29','1'),(76,'Carina','Tapia','Carina.tapia@hotmail.com','1540735246','Sarratea ','2241','','','1754','San justo La matanza','Buenos Aires ','Argentina','','sinclave','2018-01-30','1'),(77,'Claudia Marcela','Daboser','claudiadaboser@yahoo.com.ar','2994981189','Pascual Mosca','346','','','8303','Cinco Saltos','Rio Negro','Argentina','','sinclave','2018-01-31','1'),(78,'GRISELDA','VELOSO','griveloso@gmail.com','1167226098','av varela','682','9','a','1406','caba','Buenos Aires','Argentina','','sinclave','2018-02-02','1'),(79,'Luz','Elhordoy','Walteralejandromorel35@gmail.com','47980575','Juncal','1408','','','1640','Martínez','Buenos aires','Argentina','','sinclave','2018-02-05','1'),(80,'María jose','Chappex','Fantasiasencolores@hotmail.com','3854263037','Mármol ','1472','','','4300','La banda','Santiago del estero','Argentina','','sinclave','2018-02-10','1'),(81,'Cecilia Alejandra','Aguirre','ceciliaaguirre_@hotmail.com','3416756243','Av. Pellegrini 1164  9 E','1164','9','E','2000','Rosario','Santa Fe','Argentina','','sinclave','2018-02-13','1'),(82,'Eliana','Ancavil','elianaancavil@gmail.com','(294) 4398840','150 viviendas','113','','','8400','San Carlos de Bariloche','Río Negro','Argentina','','sinclave','2018-02-18','1'),(83,'Andrea','Aylagas','andy_aylagas@hotmail.com','1136410301','Ambrosio Cramer ','1546','','','1665','Jos� c paz ','Buenos Aires ','Argentina','','sinclave','2018-02-28','1'),(84,'Ana Mar�a ','Barrionuevo','ana09barrio@gmail.com','48090332','Cervi�o ','3775','3','4','1425','Capital Federal','Capital Federal','Argentina','','sinclave','2018-03-02','1'),(85,'Fanny ','Fern�ndez','fannyfernandez2007@gmail.com','011 15 5850-9123','Billinghurst','2467','6','C','1425','CABA','Buenos Aires','Argentina','','sinclave','2018-03-02','1'),(86,'roberto','martinez','robe','444','aaaa','111','aa','aa','1832','aaa','buenos a','Argentina','','sinclave','2018-03-08','1'),(87,'Romina ','Roncarolo','romina_roncarolo@yahoo.com.ar','154194-8415','Capdevila ','3223','','','1431','CABA','CABA','Argentina','HOLA, tengo dos direcciones a donde poder recibirlo en las calles:\r\nReconquista 1166 3 Piso (solo de lunes a viernes de 9.15 a 16.45 hs.) o\r\nCapdevila 3223 (sin piso) de lunes a viernes a partir de las 18 hs. o sabados y domingos con aviso)','sinclave','2018-03-09','1'),(88,'Silvia Liliana ','Coronel','lilianacoronel69@hotmail.com','1537696001','Pío XII','4132','','','1614','Villa de Mayo','Buenos Aires','Argentina','Entre Remedios de Escalada y Pedro Ureña','sinclave','2018-03-22','1'),(89,'María Leandra ','Cardetti','leandracardetti@gmail.com','3582409187','Vicente Vaggione ','546','','','5847','Coronel Moldes-','Córdoba','Argentina','','sinclave','2018-03-26','1'),(90,'MELINA','Mansilla','melinagmansilla@hotmail.com','0221 4708090','139','73','','','1900','LA PLATA','BUENOS AIRES','Argentina','','sinclave','2018-03-27','1'),(91,'Patricia Rita Liliana','Marisi','patrimarisi64@gmail.com','(03464) 15510217','San Luis','1256','','','2170','Casilda','Santa Fe','Argentina','No pude conseguir en los kioscos de mi zona la Revista de Pintura Decorativa Nº 3 del año 2017 (la última de ese año, que salió en los meses de Noviembre/Diciembre 2017). Quisiera que me la enviaran, para completar la colección.','sinclave','2018-03-29','1'),(92,'Carla','Hereñu','Carlayamileh@hotmail.com','03476441699','Buenos Aires','868','','','2202','Puerto General San Martín ','Santa Fe','Argentina','','sinclave','2018-04-02','1'),(93,'Liliana','Ferreiro','ferlisa2000@yahoo.com.ar','2914057473','Juan jose passo','550','','','8105','Gral daniel cerri','Bs as','Argentina','','sinclave','2018-04-02','1'),(94,'Natividad','Savedra','natysavedra@live.com.ar','03476426130','Catamarca','731','','','2200','San Lorenzo','Santa Fé','Argentina','','sinclave','2018-04-03','1'),(95,'Gimena','Sorbi','gimena.sorbi@gmail.com','1132999513','Miro','260','3','C','1406','CABA','Buenos Aires','Argentina','Por favor confirmar dia y horario de entrega','sinclave','2018-04-03','1'),(96,'Silvina','Pogliano','pogsilvi@gmail.com','0353154274650','Jorge Luis Borges','301','','','5903','Villa Nueva','Córdoba ','Argentina','','sinclave','2018-04-04','1'),(97,'Maria Alejandra','Belloni','bellonialejandra@gmail.com','3764548211','Texo','1327','','','3300','Posadas','Misiones','Argentina','','sinclave','2018-04-05','1'),(98,'German','Feijo','Feijogerman@gmail.com','1559558265','La perrier','1341','','','1842','El jaguel','Buenos aires','Argentina','','sinclave','2018-04-06','1'),(99,'Erika','Vallejo','erika_vallejo1011@hitmail.com','3512110699','9 de Julio ','545','0','10','5500','Mendoza - Ciudad','Mendoza','Argentina','','sinclave','2018-04-08','1'),(100,'Juliana','Paz','paz_juliana@hotmail.com','1551128780','Quintana','5734','','','1646','San Fernando','Buenos Aires','Argentina','','sinclave','2018-04-08','1'),(101,'Claudia','Risso','Cccc','3567','Dgh','677','','','2115','Maximo pax','Santa fe','Argentina','','sinclave','2018-04-08','1'),(102,'Vanesa','Dellamea ','Dellameavanesa@hotmail.com ','1560026733 ','Lavalle ','669','','','1047','Capital federal ','Buenos Aires ','Argentina','Galeria luxor local 3','sinclave','2018-04-09','1'),(103,'Verónica ','Lencina ','Verito1278@gmail.com','1162893989','Carlos Echague ','2021','','Fnd','1682','Martin coronado ','Bs as','Argentina','','sinclave','2018-04-09','1'),(104,'Laly','Rodr?guez','lalyrodriguezdegonzalez@gmail.com','380 4305960','Avda. Castro Barros ','1323','O','O','5.300','La Rioja','La Rioja','Argentina','Revista pintura a la tiza.todis los n?meros que tengan','sinclave','2018-04-09','1'),(105,'MARIA CECILIA','GRASSO VAAMONDE','sissy_vaamonde@hotmail.com','2216552269','16','982','','','1900','La Plata','Buenos Aires','Argentina','','sinclave','2018-04-09','1'),(106,'Lucrecia','de Goicouria','lucree.goicouria@hotmail.com','0342-155199466','Pasaje Marsengo','5952','','','3000','Santa Fe','Santa Fe','Argentina','No se si este es el lugar para aclararlo, pero queria saber si es posible que la entrega se haga despues de las 16hs, ya que antes no hay nadie para recibirlo. Muchas gracias.','sinclave','2018-04-10','1'),(107,'gladys beatriz','villafañe ','Gveatriz@hotmail. com','2215795695','24 e/ 68y69','1766','','','1900','La Plats',' ','Argentina','','sinclave','2018-04-10','1'),(108,'Hhhh','Bbhh','Yhh','Hh','Hhh','Hh','Hh','Hh','Jjj','Jj','Jj','Argentina','','sinclave','2018-04-10','1'),(109,'Gisela','Eyl','giselaeyl@gmail.com','3446676542','Blas Parera','2595','','','2820','Gualeguaychu','Entre Ríos','Argentina','','sinclave','2018-04-11','1'),(110,'ANABELLA','DI LEO','anabelladileo@hotmail.com','1132196969','BIARRITZ','1969','0','1','1416','Ciudad autónoma de Buenos Aires','Buenos Aires','Argentina','Barrio de La Paternal.\r\nEntregar en mano, no dejar bajo la puerta. ','sinclave','2018-04-11','1'),(111,'Mariana Ines','Lucca','maryannlucca@gmail.com','1551620994','146','2142','0','0','1884','Berazategui','Buenos Aires','Argentina','','sinclave','2018-04-11','1'),(112,'gladys beatriz ','villafañe ','gveatriz@hotmail.com','2215795695','24','1766','','','1900','la plata','Buenos Aires ','Argentina','','sinclave','2018-04-11','1'),(113,'Elba Nancy ','Díaz ','elbanancydiaz@gmail.com','0299154084701','Moquehue 1168','1168','','','8300','Neuquén ','Neuquén ','Argentina','','sinclave','2018-04-11','1'),(114,'�gueda belen','bugarin','belen_mdlp@hotmail.com','1161882753','cisneros','6067','','','1765','Isidro casanova','buenos aires','Argentina','','sinclave','2018-04-12','1'),(115,'Gabriela','Amado','83gaby@hotmail.es','3815173503','Santiago ','598','Planta baj','','4000','San miguel de tucuman','Tucuman','Argentina','','sinclave','2018-04-12','1'),(116,'Maria belen ','Tristan','Beltristan@hotmail.com','02245551630','Av 25 de mayo y Moreno (justo en la esquina, EL ABC )','S/n','','','7114','Castelli','Buenos Aires','Argentina','','sinclave','2018-04-12','1'),(117,'LORENA ','GABERT','lorenagabert@gmail.com','0341155022834','pasaje vedia','3955','','','2000','Rosario','santa fe','Argentina','','sinclave','2018-04-14','1'),(118,'Veronica','Villa','Vevilla3008@gmail.com','1150962688','Santa Rosa ','1430','','','1755','RAFAEL CASTILLO','Buenos Aires','Argentina','Por favor entregar los tres ejemplares juntos ! ','sinclave','2018-04-14','1'),(119,'Virginia','Molina','molinavergaravirginia84@gmail.com','3804240144','Av Ramírez de Velazco','650','1','3','5300','La Rioja','La Rioja','Argentina','','sinclave','2018-04-14','1'),(120,'Gabriela','Gilli','gabygilli@hotmail.com','0356215511935','Rivadavia','437','','','2347','San Guillermo','Santa Fe','Argentina','','sinclave','2018-04-15','1'),(121,'Ivana ','Moreira','ivanamoreira21@hotmail.com','0340215531115','Int. Costantini ','1035','','','2128','Arroyo Seco','Santa Fe','Argentina','','sinclave','2018-04-15','1'),(122,'Jessica ','Roldan ','Jessiroldan@hotmail.com.ar','29641540448o','Cabo Espiritu Santo ','118','','A','9420','Río Grande ','Tierra del Fuego','Argentina','','sinclave','2018-04-18','1'),(123,'Andrea Roxana','Mercado Santos','amercadosantos@gmail.com','0996673164','Manuela cañizares ','709','1','1','S/n','Esmeraldas','Esmeraldas','Ecuador','S','sinclave','2018-04-19','1'),(124,'Yessica','Quiroga ','Yessicaquuroga_91@hotmail.com','2914752413','Eduardo Gonz�lez ','1315','','','8000','Bah�a blanca ','Buenos aires','Argentina','','sinclave','2018-04-25','1'),(125,'yessica ','quiroga ','Yessicaquiroga_91@hotmail.com','2914752413','eduardo gonzalez ','1315','','','8000','bahia blanca ','buenos aires ','Argentina','','sinclave','2018-04-25','1'),(126,'Roxana','Barrios','rose564@hotmail.com','3794631081','Cartagena','4190','','','3400','Corrientes','Corrientes','Argentina','','sinclave','2018-04-26','1'),(127,'Estela Beatriz','Kindenegt','estelabeatriz_kindenegt@hotmail.com','342-5315496','San Lorenzo ','1878','1','1','3000','Santa Fe','Santa Fe','Argentina','Desde las 12 hs,sino dejar en buzón','sinclave','2018-04-26','1'),(128,'María Cecilia','Mansilla ','ceciliamansi@hotmail.com','351 3157882','Bv. Illia ','18','6','C','5000','Córdoba ','Córdoba ','Argentina','Deseo recibir la revista de pintura del mes de abril con los trabajos de Claudia Kunze','sinclave','2018-04-27','1'),(129,'Adriana','Alzugaray','ana.garay@live.com','3425698849','Ignacio crespo ','7599','','','3000','Santa fe','Santa fe','Argentina','','sinclave','2018-04-29','1'),(130,'vanesa romina','saldaña','vsaldana_f@yahoo.com.ar','47062837','blanco encalda ','3012','7','F','1428','caba','buenos aires','Argentina','','sinclave','2018-04-30','1'),(131,'diana vanesa','ramos','ramosdianavanesa@hotmail.com','0344715509016','9 de julio ','1506','','','3283','san jose','Entre Rios','Argentina','','sinclave','2018-04-30','1'),(132,'Maria Laura','Ardiles','mlardiles@Itapu.edu.ar','3584390102','Costa Rica ','183','','','5923','General Deheza','Cordoba','Argentina','','sinclave','2018-04-30','1'),(133,'Melina','Meza','Milintentos_meli@hotmail.com','1144017971','Rodo','670','','','1875','Wilde','Buenos Aires ','Argentina','','sinclave','2018-05-02','1'),(134,'Sonia','Elola','Soniagelola@gmail.com','2932447272','Sargento cabral','1870','','3','7400','Olavarria','Buenos aires','Argentina','','sinclave','2018-05-03','1'),(135,'Erika','Vallejo','erika_vallejo1011@hotmail.com','3512110699','9 de Julio ','545','Pb','10','5500','Mendoza - Ciudad','Mendoza','Argentina','Entre calles Pedro Molina y Virgen del Carmen','sinclave','2018-05-06','1'),(136,'Vanesa ','Martin','Vanesadm30@gmail.com ','3416948238','Pellegrini ','4636','','','2000','ROSARIO','Santa Fe.','Argentina','','sinclave','2018-05-07','1'),(137,'Liliana','Sanguinetti','lilianamsanguinetti@hotmail.com','2324592370','27','1084','','','6600','Meercedes','Buenos Aires','Argentina','','sinclave','2018-05-07','1'),(138,'Sandra','Lisi','splisi06@hotmail.com','1558981183','Aguero ','238','','','1171','ciudad autonoma de buenos aires ','buenos aires','Argentina','mi compra es version digital no entiendo el formulario de envio. \r\nPor favor confirmarme como recibo las revistas. Gracias. Sandra Lisi','sinclave','2018-05-09','1'),(139,'Nilda greyssi','Rozas chavez','Greyssi=rozas@hotmail.com','02964620284','Santa cruz ','531','','','9420','Rio grande','Tierra del Fuego','Argentina','','sinclave','2018-05-10','1'),(140,'Nilda greyssi','Rozas chavez','Greyssi_rozas@hotmail.com','02964620284','Santa cruz ','531','','','9420','Rio grande','Tierra del Fuego','Argentina','','sinclave','2018-05-10','1'),(141,'Soraya','Hermida','sorypinta@msn.com','02213042483','Chacabuco  e/ San Martin y Rivadavia','831','','','1913','MAGDALENA','BUENOS AIRES','Argentina','','sinclave','2018-05-13','1'),(142,'Dara','Casarsa','daracasarsa@gmail.com','03544-15588066','ejercito argentino','760','','','5891','villa cura brochero','cordoba','Argentina','','sinclave','2018-05-15','1'),(143,'perez','ramon','ramon@toto.com.ar','2060-7993','macha','2222','','','1824','lanus','buenos aires','Argentina','','sinclave','2018-05-16','1'),(144,'Mirian','López','miri_alop@hitmail.com','2944818224','El lazo','351','','5','8400','Bariloche','Río negro','Argentina','','sinclave','2018-05-17','1'),(145,'yanina gabriela','medina','reketefiesta@hotmail.com','3854989760','formosa','431','-','-','4200','capital','santiago del estero','Argentina','Quiero que me llegue a mi correo de manera digital en forma de archivo las revistas que elegi','sinclave','2018-05-18','1'),(146,'Susana M.','Mendez','sumen26@yahoo.com','42505183','Ayolas','2835','','','1879','Quilmes Oeste','Buenos Aires','Argentina','','sinclave','2018-05-20','1'),(147,'Lucia del Carmen','Rumino','lalynqn27@gmail.com','2996243252','Las palomas','450','','','8300','Neuquén capital','Neuquén','Argentina','','sinclave','2018-05-21','1'),(148,'Claudia','Risso','Claudiarisso464 @hotmail.com','3460696769','Ayacucho','361','','','2115','Maximo paz','SAnta fe','Argentina','','sinclave','2018-05-23','1'),(149,'Carolina','Sanz','carolina.sanz726@gmail. com','15-60515891','Tres Sargentos ','2440','-','-','1640','Martinez ','Buenos Aires ','Argentina','','sinclave','2018-05-24','1'),(150,'claudia','risso','claudiarisso464@hotmail.com','3460696769','ayacucho','361','','','2115','maximo paz','santa fe','Argentina','','sinclave','2018-05-24','1'),(151,'Noelia','Puchetta','noeliapuchetta@hotmail.com','1123011454','Jose Penna esq Olavarria','1302','','','1669','Del Viso','Buenos Aires','Argentina','Local violeta justo en la esquina','sinclave','2018-05-24','1'),(152,'María de los Ángeles','Manassero ','manasserokitti@live.com.ar','(0353)154229551','Gabriela Mistral ','130','','','5913','Pozo del Molle ','Córdoba ','Argentina','','sinclave','2018-05-29','1'),(153,'Stella Maris ','Passarino','stellapassarino@hotmail.com ','3482589789','Islas Malvinas','1351','','','3560','Reconquista','Santa Fe','Argentina','','sinclave','2018-06-08','1'),(154,'Dayanna','Zevallos','day150@hotmail.com','1167915447','Mompox','1654','','','1134','Capital Federal','Buenos aires','Argentina','','sinclave','2018-06-10','1'),(155,'Sonia','Plaza','Souvenirs.ilusiones@hotmail.com','1537751939','Corrales','6738','','2','1439','Capital Federal ','Buenos Aires','Argentina','','sinclave','2018-06-11','1'),(156,'Luján','Cottet ','Inspiraciondulcelc@gmail.com','3454140966','San Juan ','1062','','','3200','Concordia ','Entre riod','Argentina','','sinclave','2018-06-12','1'),(157,'Alina','Villanova ','villanovasol82@gmail.com','02974096584','156','2045','','46','9050','Puerto Deseado','Santa Cruz','Argentina','','sinclave','2018-06-12','1'),(158,'Carolina','Sanz','carolina.sanz726@gmail.com','011 60515891','Tres Sargentos','2440','-','-','1637','Mart�nez','Buenos Aires','Argentina','','sinclave','2018-06-12','1'),(159,'Carolina','Aguirre','AGUIRREC647@GMAIL.COM','0344215676962','Pablo lorentz ','1074','','','3260','Concepcion del uruguay','Entre Ríos','Argentina','','sinclave','2018-06-14','1'),(160,'Adela ','Barker','adelabarker@hotmail.com','2268535165','Ruta 2 kil?metro ','274','','','7160','Maipu ','Buenos Aires ','Argentina','','sinclave','2018-06-15','1'),(161,'Elba Nancy ','Diaz','fibrotecnia@hotmail.com','02994084701','Moquehue','1168','','','8300','Neuqu?n ','NEUQU?N ','Argentina','Deseo me env?en las revistas a detallar...de Florencia  Menescaldi','sinclave','2018-06-16','1'),(162,'claudia monica ','cavallo','monicacavallo@live.com.ar','3794529626','manzana C, sector11, casa 63, barrio guemes ','...','....','...','3400','Corrientes capital','Corrientes','Argentina',' mi nombre es Maria Alejandra Masseroni y el pedido lo realizo desde Buenos Aires para mandarselas de regalo a mi prima . La dirección es como puse en el primer casillero los números los puse allí por que no sabia como ubicarlos . gracias ','sinclave','2018-06-18','1'),(163,'Claudia Mónica','Cavallo','monicavallo@live.com.ar','3794529626','Manzana C, Sector 11, Casa 63, Barrio Güemes','-','-','-','3400','Corrientes','Corrientes','Argentina','','sinclave','2018-06-18','1'),(164,'maria alejandra ','masseroni','malejandramasseroni@gmail.com','1544908188','Navarro , entre Bermudez y Quevedo','4991','....','...','1419','capital federal','buenos aires','Argentina','','sinclave','2018-06-18','1'),(165,'Laura','Santi','galletas.sya@gmail.com','01166129708','La Pampa ','1548','5','A','1428','Capital','Capital Federal','Argentina','','sinclave','2018-06-19','1'),(166,'Gabriela','Otasu','gabyotasu@yahoo.com','3425226459','9 de Julio ','7450','','','3000','SANTA FE','Santa Fe','Argentina','','sinclave','2018-06-20','1'),(167,'MARIA EMILCE','MELINGER','emilcemelinger@hotmail.com','0291-155264586','Av. Alem','2712','','','8000','Bahía Blanca','BUENOS AIRES (BS.AS)','Argentina','','sinclave','2018-06-22','1'),(168,'VERONICA MARIA','ROGNA','veritorogna@yahoo.com.ar','1167696876','AV. CORRIENTES ','3169','12','121','1193','CAPITAL FEDERAL','buenos aires','Argentina','','sinclave','2018-06-27','1'),(169,'María Cristina','Kuba','makkichan@hotmail.com','1530195565','San José de Calasanz','138','','','1424','Capital Federal','Buenos Aires','Argentina','','sinclave','2018-07-03','1'),(170,' Veronica Andrea','Batista','verobatista@yahoo.com','2974132716','Rivadavia ','845','1','4','9000','Comodoro Rivadavia','Chubut','Argentina','','sinclave','2018-07-10','1'),(171,'Susana','Acu?a','darioraulferezin@hotmail.com','2235691443','Martin Rodr?guez','350','2','','7600','Mar del plata','Buenos aires','Argentina','Llamar cuando llegue el pedido llamar porque no anda el portero gracias ','sinclave','2018-07-10','1'),(172,'silvia','Trejo','silvi0221@yahoo.com ','0014086089518','union ave','2536','','','95008','campbell','califonia','Estados Unidos','mi direccion como se maneja en el lugar donde vivo es\r\n2536 union ave \r\ncampbell California 95008','sinclave','2018-07-11','1'),(173,'Mariana','Rocca','Tolumiab@hotmail.com.ar','3484508752','Durero','1860','','','1625','Belén de Escobar','Buenos aires','Argentina','','sinclave','2018-07-15','1'),(174,'GRACIELA ALEJANDRA','ALMIRON','almironalejandra@hotmail.com','02236838099','EL CANO ','3578','1','B','7600','Mar del Plata','Buenos Aires','Argentina','urgente necesito la digital de cookies a mi mail muchas gracias','sinclave','2018-07-18','1'),(175,'Bibiana','Bermejo','bibibermejo2@gmail.com','0341 4511212','Schweitzer','7836','1','C','S2006','Rosario','Santa Fe','Argentina','','sinclave','2018-07-30','1'),(176,'eliana','masco','ELIANAMASCO@GMAIL.COM','1126547741','guarani','66','','1','1437','caba','buenos aires','Argentina','','sinclave','2018-07-31','1'),(177,'silvia patricia','flores','patrytrelew_06@hotmail.com','2804858817','rivadavia ','2334','','','9100','trelew','chubut','Argentina','','sinclave','2018-08-02','1'),(178,'Sofía Macarena ','Cornejo ','@sofiacornejo7s@gmail.com ','2645231384','Rivadavia y 25 de mayo ','. ','. ','. ','5435','Media Agua ','San Juan ','Argentina','','sinclave','2018-08-06','1'),(179,'Juliana Berenice','Leiva','juli-leiva@live.com.ar','341 156920347','rodriguez','2990','','','2000','rosario','santa fe','Argentina','','sinclave','2018-08-10','1'),(180,'Sabrina ','Lemme','Yiyo_9496@hotmail.com ','2664641929','Barrio Ignacio Vidal mza 9 casa 30','9/ 30','-','-','5700','San Luis ','San luis','Argentina','Ninguna','sinclave','2018-08-16','1'),(181,'Mariana','Bonetti','marianapopo@hotmail.com','2994620028','Facundo quieroga','286','','','8300','Neuqu�n ','Neuqu�n ','Argentina','','sinclave','2018-08-17','1'),(182,'RAFAEL','HERNANDEZ','Rafaelhdzglz@outlook.com','8331170941','circuito litoral','254','','','89607','altamira','tamaulipas','México','','sinclave','2018-08-18','1'),(183,'hh','nn','nn','nn','nn','nn','nn','nn','1826','R. de Escalada','Buenos Aires','Argentina','','sinclave','2018-08-19','1'),(184,'Sergio','Iacono','Sergiopablo.iacono@telefonica.com','42021540','Quirno Costa','708','1','no','1826','Remedios de Escalada','Buenos Aires','Argentina','','sinclave','2018-08-19','1'),(185,'Maria Soledad','Martinez','silviab.martinez@hotmail.com','4-292-2029','castelli ','905','','','1826','Lanus','Buenos Aires','Argentina','','sinclave','2018-08-19','1'),(186,'Silvana Edith','Ponce','edithsilcoceres@gmail.com','1142813669','Cordoba','1421','','','1838','Luis Guillón, P.Esteban Echeverría.','Buenos Aires','Argentina','','sinclave','2018-08-26','1'),(187,'TERESA','GONZALEZ','ELDESERTOR01@YAHOO.ES','3518166078','ARBALLO DE BUSTAMANTE','2850','','','5000','CORDOBA','CORDOBA','Argentina','','sinclave','2018-08-26','1'),(188,'Sandrine','ZILLI','sandrinezilli39@free.fr','0651891818','Rue des Ruottes','53','','','39100','Sampans','Franche comté','Francia','','sinclave','2018-08-26','1'),(189,'sandra','gonzalez','sandrygonzalez1971@gmail.com','2324477258','30','355','','','6600','Mercedes','Buenos Aires','Argentina','','sinclave','2018-08-30','1'),(190,'ANALAURA','BOTTEGONI','albottegoni0@gmail.com','3624060093','barrio don santiago 3 manzana 32','6','','','3500','RESISTENCIA','CHACO','Argentina','','sinclave','2018-08-30','1'),(191,'Celeste ','Martínez ','luzcele@yahoo.com','787-248-9988','Reparto Universidad ','12','C','17','00683','San Germán ','PR','Puerto Rico','','sinclave','2018-08-31','1'),(192,'roberto','martinez','roberto@hms','2060-7993','castelli','905','','','1832','lomas de zamora','distrito federal','México','','sinclave','2018-09-03','1'),(193,'a','a','a','a','a','1','','','1832','lomas de zamora','buenos aires','Argentina','','sinclave','2018-09-03','1'),(194,'María Soledad ','Grassini ','maria_sole83@hotmail.com','3515318360','Baracaldo barrio villa Cabrera ','2782','','','5118','Cordoba ','Cordoba ','Argentina','','sinclave','2018-09-04','1'),(195,'Nadia','Gorban','nagorban@gmail.com','0341156092998','Montevideo','397','1','b','2000','Rosario','Santa Fe','Argentina','','sinclave','2018-09-07','1'),(196,'VANINA MARIA SOLEDAD','Romero Graña','Vmsrg24@gmail.com','0111522768405','LEONISMO ARGENTINO','423','','','1617','GENERAL PACHECO','BUENOS AIRES','Argentina','','sinclave','2018-09-07','1'),(197,'VIVIANA','GONZALEZ','latweety_08@hotmail.com','2901-631476','Ñandubay','4542','','','3300','POSADAS','MISIONES','Argentina','ENTRE CALLE 93 Y AV. Las Heras. B° 20 DE JUNIO. CH 91','sinclave','2018-09-09','1'),(198,'Silvia','Carballo','silvia.carballo@outlook.com','03489599627','Liniers','915','','','2804','Campana','Buenos Aires','Argentina','','sinclave','2018-09-12','1'),(199,'Julieta ','Kapp','Kappjulieta@hotmail.com ','3400497697','Peru','30','','','2918','Pav?n','Santa Fe','Argentina','','sinclave','2018-09-13','1'),(200,'Luciana ','Rodriguez ','Lucianarodriguezoliver@gmail.com ','02644867399 ','Cano este','531','','7','5425','Rawson','San Juan ','Argentina','','sinclave','2018-09-17','1'),(201,'Luciana','Rodriguez ','dulcementepasteleriaartesanal@gmail.com','0264154867399','Cano 531 este','531','','7','5425','Rawson','SAN JUAN','Argentina','','sinclave','2018-09-17','1'),(202,'jacqueline','singh','Jacqueline.singh@outlook.com.ar','222715616524c','calle 20','886','','','6605','navarro','buenos aires','Argentina','','sinclave','2018-09-18','1'),(203,'Laura','Moya','Jaj_ma@hotmail.com','3834241205','Calle américa barrio donde fancisco','7','00','00','4705','Valle viejo ','Catamarca','Argentina','','sinclave','2018-09-22','1'),(204,'María Soledad ','Grassini ','maria_sole83@hotmal.com','0351155318360','Capitán bustos ','1540','','','5152','Carlos paz ','Cordoba ','Argentina','','sinclave','2018-09-23','1'),(205,'carmen beatriz','ordoñez','carmen_ordonez14@hotmail.com','(381)4820294','sarmiento','211','','','4168','bella vista','tucuman','Argentina','','sinclave','2018-09-25','1'),(206,'Carmen Bestriz','Ordoñez','carmen_ordonez14@hotmaik.com','(0381) 4820294','Sarmiento','211','','','4168','Bella Vista','Tucuman','Argentina','','sinclave','2018-09-25','1'),(207,'Irene','Ceriani','ire_ceri@hotmail.com','42121-5745','Verbena','6510','','','1846','San Francisco Solano Almirante Brown','Buenos Aires','Argentina','Casa sobre vereda - Paredes cerámica grises - Carro de Comida en la vereda.','sinclave','2018-09-29','1'),(208,'sara ines','vasallo','tolitabonell58@yahoo.com.ar','44500355','tomas le breton','3860','','','1688','santos tesei','buenos aires','Argentina','','sinclave','2018-09-30','1'),(209,'soledad','rodriguez','Simonerod.rodriguez761@gmail.com','0344715647306','EMILIO FRANCOU  ','2032','','','3265','VILLA ELISA','Entre Ríos','Argentina','PARA SABER CON QUE EMPRESA LO ENVIAN? A TRAVÉS DEL CORREO?.SI NO HAY NADIE CUANDO LO REPARTEN DEJAN AVISADO QUE ESTUVIERON?','sinclave','2018-10-01','1'),(210,'sandra','chana','san_zel@hotmail.com','1562177460','Melincue 4197','-','-','-','1417','caba','buenos aires','Argentina','','sinclave','2018-10-05','1'),(211,'Susana','pugliese ','sgpfeo@gmail.com','2226686142','Mitre','1663','','','1814','cañuelas','buenos Aires','Argentina','','sinclave','2018-10-06','1'),(212,'Catalina','Martinez','catalina_martinez26@hotmail.com ','0387-154048205','Rodriguez ','509','','','4430','General Guemes','Salta','Argentina','','sinclave','2018-10-07','1'),(213,'María ','Zapata','Facu_papu18@hotmail.com ','2226687079','Lope de vega ','447','','','1814','Cañuelas ','Buenos Aires ','Argentina','','sinclave','2018-10-11','1'),(214,'Sandra','Rodriguez','San20630@yahoo.com.ar','1537043985','Liniers','334','','','1618','Talar','Buenos aires','Argentina','','sinclave','2018-10-11','1'),(215,'Rocio Soledad ','Ojeda ','Ro70354@gmail.com','3416171098','Polonia','67','','','2124','Villa Gobernador Galvez','Santa Fe ','Argentina','','sinclave','2018-10-14','1'),(216,'Jimena','Herrera ','jienakherrera@hotail.com','3834659464','Chacabuco','532','','','4700','Capital','Catamarca','Argentina','','sinclave','2018-10-16','1'),(217,'MARCELA','ROMERO','Vaalee-marce@hotmail.com','353 154216942','9 de Julio','969','','','5903','Villa Nueva','C�rdoba','Argentina','','sinclave','2018-10-17','1'),(218,'Silvia Susana','Pastrana','juany_la15@hotmail.com','(387) 445-4412','Mar Jónico','1338','','','4400','Salta','Salta','Argentina','','sinclave','2018-10-17','1'),(219,'viviana ','Pérez maldonado','vivianariocuarto@gmail.com','0358 4660026','Av Presidente Perón Este','812','','','5008','Río Cuarto','Córdoba','Argentina','','sinclave','2018-10-19','1'),(220,'Victoria','Lencina','Victorialencina0412@icloud.com','1144450830','Beiro ','3934','5','C','1615','Capital federal','Bs as','Argentina','Libro de tortas de flor menescaldi ','sinclave','2018-10-19','1'),(221,'Jorgelina','Parodi','jorgelinaandreaparodi@hotmail.com ','02342409299','Santa Rosa','79','','','6640','Bragado','Buenos Aires','Argentina','Por favor envien fotografía de comprobante asi puedo ir a reclamar el ejemplar al correo PORQUE EN MI CIUDAD EL SERVICIO BÁSICO NO LO REPARTEN. Gracias.\r\nMi celular es 02342-409299 por si quieren enviar foto por Whatsapp','sinclave','2018-10-19','1'),(222,'Conchita','Suárez soto','Conchitasuarez25@gmail.com','+34608823680','Calle real','9','','','24346','Vega de infanzones ','Leon','España','','sinclave','2018-10-21','1'),(223,'Maria Julieta','Ochoa','ochoajulieta@hotmail.com','21378007','Barragan','410','','2351','1408','Liniers','Buenos Aires','Argentina','','sinclave','2018-10-21','1'),(224,'María gabriela','Gonzalez','leona-h3@hotmail.com','3816306639','Juan José paso','2603','','','4000','San Miguel de Tucuman','Tucuman','Argentina','Encantada!!!!','sinclave','2018-10-24','1'),(225,'Mónica','Ramos','ramosmonicabeatriz@gmail.com','02615988116','La pampa 3495','3495','','','5539','Las Heras','Mendoza','Argentina','Barrio huasi3 mc casa25','sinclave','2018-10-25','1'),(226,'Rocío debora','Vargas','Recargas32@gmail.com','3524 497093','Rondeau ','825','','','5236','Villa del totoral','Cordoba','Argentina','','sinclave','2018-10-29','1'),(227,'Adriana','Andujar','Dubreuil8@hotmail.com','11 64455621','San Juan ','2525','','','1722','Merlo','Buenos sires','Argentina','','sinclave','2018-10-30','1'),(228,'gabriela','castillo','florenciac09@gmail.com','1138029047','republica argentina','434','','','1804','ezeiza','buenos aires','Argentina','calle:republica argentina 434 entre tucuman y caseros(EZEIZA)','sinclave','2018-10-31','1'),(229,'Paula ','Valdés','Paula_patricia69@hotmail.com','0341 56952692','Pasaje Asturias','1047','','','2000','Rosario','Santa fe','Argentina','','sinclave','2018-11-02','1'),(230,'Johanna','Ramos','johannavramos@hotmail.com','3816364784','Dean Funes','161','','','4000','San Miguel de Tucumán','Tucumán','Argentina','','sinclave','2018-11-05','1'),(231,'Paula','Andrada','Cele_lugano_22@hotmail.com','1522490852','Mariquita Thompson ','1036','Timbre pri','','1768','Villa madero','Buenos aires','Argentina','','sinclave','2018-11-05','1'),(232,'Vanina','Di Toro','vandt74@hotmail.com','1140438515','Mejico','5180','','','1603','Villa Martelli','Buenos Aires','Argentina','','sinclave','2018-11-05','1'),(233,'Romina Caligaris','Caligaris','gabrielraposo23@gmail.com','03465662641','pueyrredon','665','','','2630','Firmat','Santa fe','Argentina','','sinclave','2018-11-05','1'),(234,'Bibiana','Rodriguez','bastercom12@gmail.com','1562035918','Azara ','330','','18','1267','Caba','Buenos aires','Argentina','','sinclave','2018-11-06','1'),(235,'Cintia','Zotar','torrezgina1565@gmail.com','15587310','General lavalle ','539','1','1','4530','Orán','Salta','Argentina','Hola por favor agregar estas 2 unidades a mi primer pedido,gracias','sinclave','2018-11-08','1'),(236,'Adriana ','Bollero ','maguidimicoli@gmail.com','3402440530','Humberto primo ','533','','','2128','Arroyo seco ','Santa fe ','Argentina','','sinclave','2018-11-10','1'),(237,'Anabella','Di Leo','anabella-dileo@hotmail.com','1132196969','Biarritz','1969','','1','1416','Ciudad Autónoma de buenos aires','Buenos Aires','Argentina','Tocar el timbre. No dejar debajo de la puerta. Si no estoy dejar en timbre 4. ','sinclave','2018-11-13','1'),(238,'lidia Mabel','Abuel','mabelabuel6@gmail.com','3454203511','pedro Duarte y 53 Este ','1','','','3200','concordia','entre rios ','Argentina','','sinclave','2018-11-14','1'),(239,'Matilde ','Garcia','mati896remedi@hotmail.com ','3513863425','Francisco soler','120','','','5000','Cordoba','Cordoba','Argentina','','sinclave','2018-11-18','1'),(240,'Dafne Belen','Viegas Iglesias','Dueniadenada@gmail.com','1538249821','Vergara ','1830','','','1828','Banfield','Buenos aires','Argentina','','sinclave','2018-11-19','1'),(241,'Julieta','Serri','julieta_serri@yahoo.com.ar','1532716330','Gral Alvear','1097','','','1611','DON TORCUATO','Bs As','Argentina','Portón de madera, no es Ruta 202.','sinclave','2018-11-26','1'),(242,'Jesica Lorena','Lucero','jesilucero5@gmail.com','03415446793','Fernández Moreno','2643','Pb','E','2000','Rosarii','Santa Fe','Argentina','','sinclave','2018-11-30','1'),(243,'Evangelina ','Ritta','evangeritta@hotmail.com','0346715437164','Palma Bombino','482','','','2587','Inriville','Córdoba','Argentina','','sinclave','2018-12-01','1'),(244,'Gabriela ','Moyano','gabry712@gmail.com','1559652168','San Luis ','1140','','','1657','Loma Hermosa, Partido 3 de Febrero','Buenos Aires','Argentina','','sinclave','2018-12-01','1'),(245,'Gaston ','Burkett','gstnburkett@gmail.com','03562468002','Rivadavia 437','437','0','0','2347','San Guillermo','Santa Fe','Argentina','','sinclave','2018-12-02','1'),(246,'Jesica ','Sandoval ','jesilamasmillo83@gmail.com ','01169635494','Tupungato','279','','','1842','Monte grande','Buenos Aires ','Argentina','','sinclave','2018-12-03','1'),(247,'MARIA SILVIA ','SAN JUAN','silviasj@hotmail.com','02901643540','RIO GALLEGOS','565','','','9410','USHUAIA','TIERRA DEL FUEGO','Argentina','PARA LA ENTREGA AVISAR POR CELULAR 02901-15643540','sinclave','2018-12-04','1'),(248,'Haydee','Deza','Puestopolvareda51@gmail.com','1155980367','Camino General Belgrano y Centenario Uruguayo','03700','Puesto de ','','1825','Lanus este','Buenos Aires','Argentina','En esta zona no llegan esas revistas','sinclave','2018-12-06','1'),(249,'Maite','Belascoain','belascoain.maite@gmail.com','--','..','0','0','0','1846','Adrogu?','Buenos aires','Argentina','','sinclave','2018-12-06','1'),(250,'Carina ','Adimari','adicarucha@gmail.com','1157725194','Felipe Llavallol','3749','','','1667','Tortuguitas','Buenos Aires','Argentina','Entre Panamá y Venezuela','sinclave','2018-12-10','1'),(251,'Paola','VILCHEZ','paovil80@hotmail.com','2664563789','Moreno ','13','','','5750','La Toma','San Luis','Argentina','','sinclave','2018-12-30','1'),(252,'Virginia','De Michele','dmvirgi@yahoo.com.ar','3364522098','Roman Subiza','1960','','','2900','San Nicolas','Buenos Aires','Argentina','','sinclave','2019-01-08','1'),(253,'Fernanda Carolina','Carrera','juan','(387) 536-1493','Mar Jónico','1338','','','4400','Salta','Salta','Argentina','','sinclave','2019-01-15','1'),(254,'Gabriela','Cipriano','nefer463@yahoo.com.ar','0351 4201293','Colon','401','','','5000','Cordoba','Cordoba','Argentina','','sinclave','2019-01-30','1'),(255,'Ariel ','Ogian','aogian@gmail.com','011 5924 7792','Treinta y Tres','435','','','1718','San Antonio de Padua','Buenos Aires','Argentina','','sinclave','2019-02-06','1'),(256,'Vanesa','Graneros','evglka@hotmail.com','1138952630','Floresta','695','','','1761','Pontevedra','Buenos aires','Argentina','','sinclave','2019-02-06','1'),(257,'Roxana','Diaz','roxanadelvallediaz@gmail.com','1164758525','Colonia','1846','','','1765','Isidro Casanova','Buenos aires','Argentina','','sinclave','2019-02-06','1'),(258,'yamila','sosa','yamilasosa10@gmail.com','30091712','almirante Brown','775','0','0','1155','La Boca','Capital Federal','Argentina','Panaderia Las Chicas ','sinclave','2019-02-12','1'),(259,'Iliana','Botto','ili_vb@hotmail.com','2996002864','Av. Argentina ','551','','','8303','Cinco Saltos','Rio Negro','Argentina','','sinclave','2019-02-12','1'),(260,'Jessica','Chávez felix','Jessicachavez19@hotmail.com','6671180016','Gránate ','3144','','','80025','Culiacan','Sinaloa','México','','sinclave','2019-02-20','1'),(261,'Silvina','Mateo','silvinamateo@gmail.com','3516566077','Mm','4357','-','-','5000','Córdoba','Córdoba ','Argentina','','sinclave','2019-02-20','1'),(262,'María Andrea ','Seco Maza','asecomaza@gmail.com ','3834665436','Padre Gregorio Peralta ','0','0','0','4700','San Fernando del Valle ','Catamarca','Argentina','','sinclave','2019-02-21','1'),(263,'claudia','ceccardi','claudiaceccardi@gmail.com','1121557504','gral. lamadrid ','3036','','','1678buen','caseros','buenos Aires ','Argentina','','sinclave','2019-03-04','1'),(264,'Susana M.','Mendez','su_men26@yahoo.com.ar','42505183','Ayolas','2835','','','1879','Quilmes Oeste','Buenos Aires','Argentina','','sinclave','2019-03-06','1'),(265,'Julia ','Gnarra','moni_7_26@hotmail.com','011 15 44382872','Còrdoba','195','','','4400','Salta','Salta','Argentina','Hotel Posada del Marquès.Dejar en receptorìa.','sinclave','2019-03-08','1'),(266,'Sofia','Sujodolski','soydalkila@gmail.com','2281596584','Tapalque','276','','','7300','Azul','Buenos Aires','Argentina','','sinclave','2019-03-12','1'),(267,'silvia ','rovea','srovea@hotmail.com','3415987122','montevideo','2630','2','','2000','rosario','santa fe','Argentina','','sinclave','2019-03-14','1'),(268,'Adriana','Navarro','Ean_nvarro@yahoo.com.ar','1544344325','Misiones','24','','','1642','San Isidro','Bs as','Argentina','','sinclave','2019-03-28','1'),(269,'CAROL BALIERO','BALIERO','carol-eleas@hotmail.com','605407575','Simón García','5','3','A','30003','MURCIA','Murcia','España','','sinclave','2019-03-31','1'),(270,'Silva Susana','Pastrana','juany_herrerac@hotmail.com','4270124','Mar J�nico','1338','','','4400','Salta','Salta','Argentina','','sinclave','2019-04-12','1'),(271,'Carla','Bordon','carlitabor@hotmail.com','3876846380','Los ombues','149','','','4400','Salta','Salta','Argentina','','sinclave','2019-04-13','1'),(272,'Iara Agustina','Solís ','iarusolis16@gmail.com ','1138770977','INDEPENDENCIA ','8052','','','1669','PILAR ','Buenos Aires','Argentina','','sinclave','2019-04-19','1'),(273,'Carina','Arzán','lomitoargentino@yahoo.com.ar','280_4863701','Beltrán y Belgrano','220','2','O','9100','Trelew','Chubut','Argentina','Hola: son seis revistas. ','sinclave','2019-04-24','1'),(274,'Alejandra','Caimi','Alejandracaimi@gmail.com ','297154922128','Punta tombo','2343','','','9001','Rada tilly','Chubut','Argentina','','sinclave','2019-04-25','1'),(275,'Sandra','Zelona','nomizel@gmail.com','1145815046','Avenida San Martín','1216','','','1516','Capital federal','Buenos Aires','Argentina','Entregar en la Farmacia diez esquinas','sinclave','2019-04-26','1'),(276,'Jessica','Allemand','Jessiallemand@hotmail.com.ar','1156519000','Lucero','776','','','1716','Libertad','Buenos aires','Argentina','','sinclave','2019-05-01','1'),(277,'Gonzalo nahuel ','Gorosito','Goro7_23@hotmail.com','2983511918','Tacuari ','965','','','7500','Tres arroyos ','Buenos aires','Argentina','','sinclave','2019-05-08','1'),(278,'Carina','Lobos','carinalobos46@yahoo.es','2954333931','Tamborini ','110','','','6303','Toay','La Pampa','Argentina','','sinclave','2019-05-10','1'),(279,'Paula','Prieto ','Pauvalprieto@hotmail.com','3777309977','Cazadores correntinos ','661','','','3450','Goya','Corrientes','Argentina','','sinclave','2019-05-13','1'),(280,'Elvia','Guzman','elvia_magdalena@yahoo.com','3878438744','Chubut','00','','','4534','Pichanal','salta','Antillas Neerlandesas','Email alternativo:\r\nmaguiguzz@gmail.com','sinclave','2019-05-18','1'),(281,'Emilio Javier','PASQUALE','pasquti@hotmail.com','1550034685','Italia ','6358','','','1653','Villa Ballester','BUENOS AIRES','Argentina','Donde se debe entregar en una empresa de L a S hay gente de 7 a 18.','sinclave','2019-05-27','1'),(282,'Eliana L','Becerra','elianabecerra@hotmail.com','2664344275','Raúl B Diaz','2380','0','0','5700','San Luis','San Luis','Argentina','','sinclave','2019-06-06','1'),(283,'Noelia','di fulvio','difulvionoelia@gmail.com','0346515442283','Zona rural','0','','','2728','Melincue','santa fe','Argentina','','sinclave','2019-06-06','1'),(284,'Ana','Golliard','biscuiteira@gmail.com','+41767489230','Etrabloz','29','','','1551','Vers-chez-Perrin','Vaud','Suiza','Hola,\r\n\r\nMe gustaria encargar estas revistas de porcelana fria en formato digital y me gustaria saber si van a salir otras mas.\r\nGracias :)','sinclave','2019-06-12','1'),(285,'Anabel','Del barco','luissartorio1980','0340615400146','Corrientes','249','','','2452','San jorge','Santa fe','Argentina','','sinclave','2019-06-12','1'),(286,'Debora','Zapata','zapatadebora.83@gmail.com','2216908656','Chacabuco','62','','','7130','Chascomús ','Buenos Aires','Argentina','','sinclave','2019-06-15','1'),(287,'Andrea','Eckerdt','andrequee83@hotmail.com','3454956061','Chile ','1381','','','3200','Concordia','Entre Ríos','Argentina','','sinclave','2019-06-20','1'),(288,'Paola','Do Santos ','gise_santos_90@hotmail.com.ar','1144024785','Spiro ','4296','','','1757','Laferrere ','Buenos Aires','Argentina','','sinclave','2019-06-21','1'),(289,'Ana María','Domínguez','Alexisjd22@gmail.com','3887401405','Huacalera','853','','','4612','Palpalá','Jujuy','Argentina','','sinclave','2019-06-24','1'),(290,'Mariel','Sabbioni','marielsabbioni@outlook.com.ar','3329528674','Rivadavia','1115','2','A','2930','San Pedro','Bueno aires','Argentina','','sinclave','2019-07-10','1'),(291,'Graciela','Mosquera','gracielamosquera68@gmail.com','356415502535','Alberdi','111','','','2413','Freyre','Cordoba','Argentina','','sinclave','2019-07-12','1'),(292,'Diana','Roncero','diana_roncero@yahoo.com.ar','1551654810','Reconquista','266','','','1003','Capital Federal','Buenos Aires','Argentina','','sinclave','2019-07-15','1'),(293,'Rosa Nelida','Zurdo','rosanelidazurdo@yahoo.com.ar','1136790947','Cerro Aconcagua ','2173','','','1888','Florencio Varela','BUENOS AIRES','Argentina','','sinclave','2019-07-18','1'),(294,'Ursula','Carrascosa','mucarrascosa@hotmail.com','2622463987','San Martín','66','','','5565','Vista Flores','Mendoza','Argentina','Al lado iglesia católica. Entregar en horario de mañana. Tratar de enviar por correo argentino. Muchas gracias','sinclave','2019-07-24','1'),(295,'roberto martinez','m','r','dd','d','d','','','1832','d','buenos aires','Argentina','','sinclave','2019-07-29','1'),(296,'Maria Susana','Brest','susy_manzanita@hotmail.com.ar','03644681414','Paraguari','S/n','000','000','3530','Quitilipi','Chaco','Argentina','Domicilio: MZ 22 PC 18 barrio 220 viviendas','sinclave','2019-08-13','1'),(297,'Ana Mar?a Victoria','Navarro Mendoza','nvickm@hotmail.com','542215925088','Calle 46 entre calle 158 y calle 159','3174','','','1900','La plata','Buenos aires','Argentina','Casa rejas negras ladrillo a la vista','sinclave','2019-08-13','1'),(298,'MARCELA LAURA','DEL BOSQUE','mdelbosque@hotmail.com','0351152669800','Pasaje España','1318','0','0','5000','CORDOBA','CORDOBA','Argentina','','sinclave','2019-08-15','1'),(299,'Romina Gisele','Avila','rominagiseleavila@gmail.com','3584341982','Tablada','552','PB','5','5800','Rio Cuarto','Cordoba','Argentina','','sinclave','2019-08-19','1'),(300,'silvia azucena','santo','silviasanto08@gmail.com','1151555050','Av constituyentes3400','3447','','','1427','Caba','Buenos aires','Argentina','','sinclave','2019-09-01','1'),(301,'Daiana','Rodriguez','betzydair47@outlook.com','0344615660839','Santiago Diaz','274','2','a','2820','Gualeguaychu','Entre Rios','Argentina','','sinclave','2019-09-16','1'),(302,'Macarena','Medrano','Macarenamedrano@hotmail.com','1156019549','Vicente lopez','3434','','','1842','monte grande','Buenos Aires','Argentina','','sinclave','2019-09-19','1'),(303,'Romina ','Retamal','romimigueeleo@outlook.com.ar','1140249127','23','4052','','','1884','Berazategui','Buenos Aires','Argentina','','sinclave','2019-09-22','1'),(304,'cinthia lorena','capli','cinthi_capli@hotmail.com','3624925926','colon','632','3','C','3500','RESISTENCIA','CHACO','Argentina','','sinclave','2019-10-04','1'),(305,'Gabriela','Fonseca','gff73@hotmail.com','1533991681','Beazley','635','-','-','1764','Sáenz Peña','Buenoa Aires','Argentina','','sinclave','2019-10-05','1'),(306,'Marisa','Torraca','torraca_m@hotmail.com','02901458897','sarmiento','108','8','b','8000','Bahía Blanca','Buenos Aires','Argentina','','sinclave','2019-10-06','1'),(307,'Daniela','Manzoni','dany22art@yahoo.com.ar','155514459','corrientes','2777','--','-','7600','Mar del Plata','Buenos Aires','Argentina','','sinclave','2019-10-16','1'),(308,'Vanesa','Urdaniz','Leandrocordoba937@gmail.com ','02214218134','523esq20 ','2498','','','1900','La plata','Buenos aires','Argentina','','sinclave','2019-10-16','1'),(309,'Lorena Paola','Bulfoni','lorenabulfoni@yahoo.com','0346415511842','Dante Alighieri','1604','','','2170','Casilda','Santa Fe','Argentina','','sinclave','2019-10-30','1'),(310,'Giselle ','LAMMARDO ','giss2239@live.com.ar','1560313022','Av. Mosconi ','3644','PB','B','1419','Capital Federal ','Capital Federal','Argentina','','sinclave','2019-10-31','1'),(311,'Maria','Castan','Marialatanaferro@Hotmail.com','+542355401192','San martin','757','','','6050','General pinto','Buenos aires','Argentina','\r\n','sinclave','2019-11-19','1'),(312,'Jessica','Miranda Paillalef','jmmiran35@gmail.com','2664838900','M�dulo 5 manzana 30','4','','','5710','La Punta','San Luis','Argentina','','sinclave','2019-12-04','1'),(313,'patricia','salazar','pato6334@yahoo.com.ar','1558065857','renque cura','1609','','','1407','caba','buenos aires','Argentina','','sinclave','2019-12-09','1'),(314,'Valeria ','Montenegro ','valeriabio@hotmail.com ','2920521588','Juan B Justo ','556','','','8138','Río Colorado ','Río Negro ','Argentina','','sinclave','2019-12-15','1'),(315,'Javiera','Gallardo','javitagallardo@hotmail.com','1165189853','Peru ','1185','','','1617','El talar','Buenos aires','Argentina','','sinclave','2019-12-24','1'),(316,'Celeste','Russo','Celeste_russo32@hotmail.com','3364279608','Falucho bis ','71','','','2919','Villa constitución','Santa fe','Argentina','','sinclave','2019-12-24','1'),(317,'Brenda','Sasso','bps_82@yahoo.com.ar','1158123016','Vélez Sarsfield','1388','','','1878','Quilmes','Buenos Aires','Argentina','','sinclave','2020-01-18','1'),(318,'Veronica','Suarez Perez','bardemsanz@yahoo.com.ar','42504459','387','4422','','','1879','Quilmes Oeste','Buenos Aires','Argentina','La calle 387 queda entre calles 344 y 345 y entre Av. Mosconi y Camino General Belgrano','sinclave','2020-01-20','1'),(319,'Natalia','Palacio','natalialpalacio@hotmail.com','291154365433','Huala ','12583','','','8400','SAN CARLOS DE BARILOCHE','Rio Negro','Argentina','','sinclave','2020-02-16','1'),(320,'Patricia Maria','ASLAN','pmaslan@hotmail.com','1135870478','Villegas','712','','','1870','Avellaneda','Buenos Aires','Argentina','','sinclave','2020-02-17','1'),(321,'Mariela Cristina ','CASCON','marielacristina@fibertel.com.ar','15 5344 2981','Av Garibaldi ','754','----','----','1834','Temperley','Buenos Aires','Argentina','','sinclave','2020-02-26','1'),(322,'Nancy','Kreidl','lsk.nbk@gmail.com ','3764533593','Barrio yohaza chacra 112 mz 011','Casa 29','','','3300','Posadas','Misiones','Argentina','Hola espero el envi�. Saludos y cualquier inquietud me escriben o me llaman','sinclave','2020-03-02','1'),(323,'Valeria','Coronel','valstylis@gmail.com','2616345530','Rep del Per?','2145','','4','5539','Las Heras','Mendoza','Argentina','','sinclave','2020-03-03','1'),(324,'Luz','Guanziroli ','Luzg73@hotmail.com','2284664558','Azcu?naga entre moreno y Rodr?guez pe?a','711','','','7406','Gral La Madrid','Buenos Aires','Argentina','','sinclave','2020-03-16','1'),(325,'Laura','Abad quiros','laura.abad.9@gmail.com','664648655','Fraile','11','','','06900','Llerena','Badajoz','España','','sinclave','2020-03-25','1'),(326,'andrea','saletta','andreatutifruti@hotmail.com','3541605576','garay','51','','','5152','villa carlos paz','cordoba','Argentina','','sinclave','2020-05-02','1'),(327,'Martín','Fernández','turcofer@gmail.com','01132793953','Tres Arroyos','3841','','','1407','CABA','Capital Federal','Argentina','','sinclave','2020-05-07','1'),(328,'MARTIN MARCANTONIO','MARCANTONIO','martnic@hotmail.com','03544425507 / 035441','belgrano ','283','','','5870','VILLA DOLORES','cordoba','Argentina','pedido de revistas','sinclave','2020-05-20','1'),(329,'Mariana','Maldonado','marumarimaldonado@gmail.com','114754-0343','Progreso (28)','4572','','','1650','General San Martin','Buenos  Aires','Argentina','','sinclave','2020-05-27','1'),(330,'virginia','brandalessi','Vickybranda2013@Gmail.com','03364','leopoldo lugones','162','','','2903','erezcano','buenos aires','Argentina','','sinclave','2020-06-07','1'),(331,'vcxv','qsdsq','xcvxcvc@gmail.com','qsdsqdsqd','qsdsqdsqdqs','qsd','sd','qsd','qsdqsd','qsdqsd','sdqsd','Akrotiri','sdqsd','sinclave','2020-06-19','1'),(332,'Elisabeth','Schmidt','Schmidt.lenox@gmail.com','1127756397','Matheu ','1393','','','1828','Banfield','Buenos Aires','Argentina','Confirmar por favor.\r\nCompre una revista de ni�os desde 2 a�os seg�n la tapa y result� ser de 3/4 en adelante','sinclave','2020-06-21','1'),(333,' martin','marcantonio','martnichotmail.com','3544438955','belgrano','283','','','5870','villa dolores','cordoba','Argentina','','sinclave','2020-06-25','1'),(334,'Natalia','Mandis','natymandis@gmail.com','3513271141','Miguel ardiles ','486','','','5008','Córdoba','Córdoba','Argentina','','sinclave','2020-07-03','1'),(335,'Brenda','Sasso','brenda.sasso82@gmail.com','1158123016','Vélez Sarsfield ','1388','','','1879','Quilmes','Buenos Aires','Argentina','','sinclave','2020-07-12','1'),(336,'Noemi','Liaño','grecosmimi@hotmail.com','2236883633','San Salvador','3631','P','A','7600','Mar del Plata','Buenos Aires','Argentina','','sinclave','2020-07-28','1'),(337,'GABRIELA NOEMÍ           ','CONTARINO                ','gabrielacontarino@gmail.com','1528453466','DR. LUIS AGOTE','2620','','','1879','Quilmes oeste','Buenos Aires','Argentina','','sinclave','2020-08-05','1'),(338,'assad','asdas','asdasd@hotmail.com','asdasd','asdasd','1','1','1','2222','asd','asdasd','Argentina','','sinclave','2020-08-26','1'),(339,'RUTH NIRVANA JULIANA','MAGALLAN','Magallan_ruth@live.com','1535589508','el ceibo ','2885','','','1755','Rafael Castillo','BUENOS AIRES','Argentina','','sinclave','2020-08-30','1'),(340,'ASDASDASD','FDSFSF','klonku@protonmail.com','234234234','asdasdasd','23','2','23','234233','Andhra Pradesh','Andhra Pradesh','Albania','','sinclave','2020-09-04','1'),(341,'Aldo','Valdivia Rios','aldoval77@gmail.com','982367565','Av. José Olaya','127','','Lima','15054','Lima','Lima','Perú','','sinclave','2020-09-09','1'),(342,'Florencia','Sibio','renataquedoencasa@hotmail.com','1130991772','Carlos tejedor','880','','','1665','José.C.paz','Buenos Aires','Argentina','Timbre en la pared casa al fondo','sinclave','2020-09-22','1'),(343,'Gaston','Ruiz','info@deimon.com.ar','0111558056844','saenz','110','5','d','1832','Buenos Aires','Buenos Aires','Argentina','xxxxxxxx','sinclave','2020-11-04','1'),(344,'Nazarena','Felicioli','Nazarenafelicioli@gmail.com','1165166119','Hipólito Yrigoyen','3737','8','H','1208','Caba','Caba','Argentina','','sinclave','2020-11-12','1'),(345,'Ana','Ciares','anaciares81@gmail.com','0266154006191','San Juan','806','1','A','5700','San Luis','San Luis','Argentina','','sinclave','2020-11-21','1'),(346,'','','','','','','','','','','','error','','sinclave','2020-11-21','1'),(347,'Maria Ines','Romero','miss.ines.romero@gmail.com','3513298257','Argensola ','940','','','5001','Cordoba','Cordoba','Argentina','','sinclave','2021-01-22','1'),(348,'Cc','Vv','Nm@jjj.com.ar','1568899989','Ddd','12','1','W','1234','Cap fed','Cap fed','Argentina','Sdfd','sinclave','2021-03-24','1'),(349,'Gg','Jjj','Nnnn@gmail.com.ar','1511111111','Dfff','223','1','A','1234','Cap fed','Cap fed','Argentina','','sinclave','2021-03-25','1'),(350,'Patricia alejandra','Flores','patriciaflorescont@gmail.com','+543875851174','Barrio Santa Ana 1 Sub oficial Lotuffo','1077','','','4406','Salta Capital','Salta','Argentina','','sinclave','2021-04-01','1'),(351,'Ana','Cruz','kariinacruz_23@hotmail.com','03816511041','25','133','','','4101','Las talitas','Tucumán','Argentina','','sinclave','2021-04-13','1'),(352,'Paola','Inglese','carpediembyt@gmail.com','2966507984','Rio negro','540','','','9408','Veintiocho de Noviembre','Santa Cruz','Argentina','','sinclave','2021-04-15','1'),(353,'Cristina','Dalquie','crisdalquie@hotmail.com','2235353950','Aristobulo del Valle','3470','4','A','7600','GENERAL PUEYRREDON - MAR DEL PLATA','BUENOS AIRES','Argentina','','sinclave','2021-04-21','1'),(354,'Noelia','Guerra','noelia905@hotmail.com','1134151574','Fitz Roy','5685','','','1765','Isidro Casanova','Buenos Aires','Argentina','','sinclave','2021-04-29','1'),(355,'Maribel','Sanchez','mary.puli93@gmail.com','1161021857','Independencia','1010','','','1608','Tigre','Gran Buenos Aires','Argentina','','sinclave','2021-05-05','1'),(356,'Maribel','Sanchez','mary_puli93@hotmail.com','1161021857','independencia','1010','','','1608','Tigre','Gran Buenos Aires','Argentina','digital','sinclave','2021-05-05','1'),(357,'Nadia','Cigalino','nadiaaldana09@gmail.com','1551167864','Calle 2','3334','','','1884','Berazategui','Buenos Aires','Argentina','','sinclave','2021-05-15','1'),(358,'Maria Cecilia','Viejo','mcviejo@gmail.com','2613336078','Vespucio ','186','','','5505','Carrodilla','Mendoza','Argentina','','sinclave','2021-05-17','1'),(359,'SILVINA ','Simbeni','silsimbeni@gmail.com','2920309775','Alvear','670','00','00','8500','Viedma','Rio Negro','Argentina','ninguna','sinclave','2021-06-04','1'),(360,'Leandro','Verbeke','leandroverbeke1986@gmail.com','2920257366','Alvear ','670','0','0','8500','Viedma ','Río Negro','Argentina','Hola, quiero conprar la revista. Saludos!','sinclave','2021-06-06','1'),(361,'Sandra','Alvira','Barbozamartinjose@hotmail.com','03774406567','Chiclana ','1581','','','3460','Curuzu Cuatiá','Corrientes','Argentina','','sinclave','2021-07-08','1'),(362,'Maria Julieta','Ochoa','agosmateo2020@gmail.com','1551613436','Barragan ','410','','','1408','Liniers','Buenos Aires','Argentina','','sinclave','2021-08-26','1'),(363,'Lorena','Sanabria','lor.san@hotmail.com','1134656017','Ceballos','3031','','','1611','Don Torcuato','Buenos Aires','Argentina','','sinclave','2021-08-27','1'),(364,'Lucia','Ibarra ','luibarra68@gmail.com','2392557558','Maipu','926','1','b','1006','CABA','CABA','Argentina','','sinclave','2021-10-20','1'),(365,'Natalia','Castro','natalia.castro81@hotmail.com.ar','1530617564','Fray Cayetano Rodríguez','45','','','1609','San Isidro Boulogne','Buenos Aires ','Argentina','Ninguna','sinclave','2021-12-05','1'),(366,'Lesly','Arteaga','Lesjoarte@gmail.com','19088382273','1070 north ave','1','','','07201','Elizabeth','NJ','Estados Unidos','','sinclave','2022-02-26','1'),(367,'milagros','teran','milijazminteran@gmail.com','2323315206','san martin ','309','','','6700','lujan','buenos aires','Argentina','','sinclave','2022-04-05','1'),(368,'Isabel','Ubierna','isaubierna@gmail.com','1141949459','Peña','2418','5','','1125','capital federal','Capital','Argentina','','sinclave','2022-04-20','1'),(369,'Melisa ','Franco ','Melko_8712@hotmail.com ','2281522435','Tsndil','18','','','7300','Azul ','BUENOS AIRES','Argentina','','sinclave','2022-05-15','1'),(370,'Mariana','Genovese','marianagenovese@hotmail.com','+541143992164','Carlos Antonio Lopez','3466','3 ','A','1419','Villa Devoto','Ciudad Autónoma de Buenos Aires','Argentina','','sinclave','2022-05-18','1'),(371,'Daiana','Pelocrusi','daiana.pelocrusi@gmail.com','1130473589','Rio Salado ','9381','','','1657','Loma Hermosa ','Buenos Aires ','Argentina','','sinclave','2022-06-05','1'),(372,'Eliana Gabriela','Sayago Peralta','elianagabrielasayago@gmail.com','3855060208','Gobernador Lami al 1400 B Los Flores','1400','','','4200','Santiago del Estero Capital','Santiago del Estero','Argentina','','sinclave','2022-06-15','1'),(373,'Adriana Noelia','Almada','noeliaalmada01@gmail.com','3704541401','Barrió Eva Perón Mz 6 casa','33','','','3600','Formosa','Formosa','Argentina','','sinclave','2022-07-16','1'),(374,'e','e','e','e','e','e','e','e','e','e','e','Antártida','','sinclave','2022-08-16','1'),(375,'Alejandra ','Gordillo ','gma_alejandra@hotmail.com ','2966552069','cañadon león ','120','','','9400','Río Gallegos ','Santa Cruz ','Argentina','','sinclave','2022-12-21','1'),(376,'Natalia','Aragon','silvi456@hotmail.com','1100000000','privado','100','0','0','1714','ituzaingo','Buenos Aires','Argentina','','sinclave','2022-12-22','1'),(377,'florencia','casco','florenciamicaelacasco18@gmail.com','03492682111','jujuy','231','','','2300','bella italia','Santa Fe','Argentina','','sinclave','2023-01-05','1');


